{"id":10000235,"date":"2023-04-26T12:17:29","date_gmt":"2023-04-26T10:17:29","guid":{"rendered":"https:\/\/www.fh-joanneum.at\/angewandte-ernaehrungsmedizin\/postgraduate\/?page_id=235"},"modified":"2023-04-26T13:06:33","modified_gmt":"2023-04-26T11:06:33","slug":"rebecca-eiter","status":"publish","type":"page","link":"https:\/\/www.fh-joanneum.at\/angewandte-ernaehrungsmedizin\/postgraduate\/nach-dem-studium\/absolventinnen\/rebecca-eiter\/","title":{"rendered":"Rebecca Eiter"},"content":{"rendered":"<div\n    id=\"\"\n    class=\"wp-block-blockquote margin-bottom-normal\"\n>\n    <div class=\"container-lg\">\n        <div class=\"row\">\n            <div class=\"col\">\n                <div class=\"d-block mb-2 fs-5 major-text-color\">Das besondere und lehrreiche am Masterlehrgang \u201eAngewandte Ern\u00e4hrungsmedizin\u201c liegt in der Interdisziplinarit\u00e4t der Teilnehmer:innen und Vortragenden. Durch die Mischung aus \u00c4rzt:innen und Di\u00e4tolog:innen kommt es zu interessanten Diskussionen, welche den Horizont und das Verst\u00e4ndnis f\u00fcr die jeweils andere Berufsgruppe erweitern. Zus\u00e4tzlich bietet der Lehrgang eine breite Palette an Themen rund um Ern\u00e4hrung, Wissenschaft, Kommunikation, Nachhaltigkeit und Medizin an, so dass f\u00fcr jede Berufsgruppe etwas dabei ist. <\/div>\n                <span class=\"d-flex justify-content-end\">Dr. Rebecca Eiter, MSc<\/span>\n            <\/div>\n        <\/div>\n    <\/div>\n<\/div>\n\n","protected":false},"excerpt":{"rendered":"<p>Am Masterlehrgang sch\u00e4tzt Rebecca Eiter vor allem den interdisziplin\u00e4ren Wissens- und Erfahrungsaustausch.<\/p>\n","protected":false},"author":11,"featured_media":10000236,"parent":10000237,"menu_order":7,"comment_status":"closed","ping_status":"closed","template":"template-absolvent.blade.php","meta":{"_acf_changed":false,"footnotes":""},"acf":[],"aioseo_notices":[],"_links":{"self":[{"href":"https:\/\/www.fh-joanneum.at\/angewandte-ernaehrungsmedizin\/postgraduate\/wp-json\/wp\/v2\/pages\/10000235"}],"collection":[{"href":"https:\/\/www.fh-joanneum.at\/angewandte-ernaehrungsmedizin\/postgraduate\/wp-json\/wp\/v2\/pages"}],"about":[{"href":"https:\/\/www.fh-joanneum.at\/angewandte-ernaehrungsmedizin\/postgraduate\/wp-json\/wp\/v2\/types\/page"}],"author":[{"embeddable":true,"href":"https:\/\/www.fh-joanneum.at\/angewandte-ernaehrungsmedizin\/postgraduate\/wp-json\/wp\/v2\/users\/11"}],"replies":[{"embeddable":true,"href":"https:\/\/www.fh-joanneum.at\/angewandte-ernaehrungsmedizin\/postgraduate\/wp-json\/wp\/v2\/comments?post=10000235"}],"version-history":[{"count":0,"href":"https:\/\/www.fh-joanneum.at\/angewandte-ernaehrungsmedizin\/postgraduate\/wp-json\/wp\/v2\/pages\/10000235\/revisions"}],"up":[{"embeddable":true,"href":"https:\/\/www.fh-joanneum.at\/angewandte-ernaehrungsmedizin\/postgraduate\/wp-json\/wp\/v2\/pages\/10000237"}],"wp:featuredmedia":[{"embeddable":true,"href":"https:\/\/www.fh-joanneum.at\/angewandte-ernaehrungsmedizin\/postgraduate\/wp-json\/wp\/v2\/media\/10000236"}],"wp:attachment":[{"href":"https:\/\/www.fh-joanneum.at\/angewandte-ernaehrungsmedizin\/postgraduate\/wp-json\/wp\/v2\/media?parent=10000235"}],"curies":[{"name":"wp","href":"https:\/\/api.w.org\/{rel}","templated":true}]}}