{"id":10000260,"date":"2015-08-11T11:02:53","date_gmt":"2015-08-11T09:02:53","guid":{"rendered":"https:\/\/www.fh-joanneum.at\/architektur\/master\/?page_id=260"},"modified":"2018-12-04T15:47:12","modified_gmt":"2018-12-04T13:47:12","slug":"voraussetzungen","status":"publish","type":"page","link":"https:\/\/www.fh-joanneum.at\/architektur\/master\/vor-dem-studium\/voraussetzungen\/","title":{"rendered":"Voraussetzungen"},"content":{"rendered":"<div id=\"\" class=\"wp-block-text-content margin-bottom-none\">\n    <div class=\"container-lg\">\n        <div class=\"row\">\n            <div class=\"col\">\n                <div class=\"module-migration-headline\">\n<h3>Voraussetzungen f&uuml;r das Studium<\/h3>\n<\/div>\n\n            <\/div>\n        <\/div>\n            <\/div>\n<\/div>\n\n<div id=\"\" class=\"wp-block-text-content margin-bottom-normal\">\n    <div class=\"container-lg\">\n        <div class=\"row\">\n            <div class=\"col\">\n                <p>Als fachliche Zugangsvoraussetzung f&uuml;r das Masterstudium m&uuml;ssen Sie einen qualifizierten Studienabschluss<\/p>\n<ul>\n<li>eines facheinschl&auml;gigen Bachelorstudiums der Architektur oder<\/li>\n<li>eines vergleichbaren und gleichwertigen Studiums<\/li>\n<\/ul>\n<p>nachweisen.<\/p>\n<p>Als sprachliche Voraussetzungen m&uuml;ssen die Bewerberinnen und Bewerber Deutsch auf der Stufe B2 gem&auml;&szlig; den Kriterien des gemeinsamen europ&auml;ischen Referenzrahmens beherrschen.<\/p>\n\n            <\/div>\n        <\/div>\n            <\/div>\n<\/div>\n\n<div id=\"\" class=\"wp-block-text-content margin-bottom-none\">\n    <div class=\"container-lg\">\n        <div class=\"row\">\n            <div class=\"col\">\n                <div class=\"module-migration-headline\">\n<h3>Details zu den Zugangsvoraussetzungen<\/h3>\n<\/div>\n\n            <\/div>\n        <\/div>\n            <\/div>\n<\/div>\n\n<div id=\"\" class=\"wp-block-text-content margin-bottom-normal\">\n    <div class=\"container-lg\">\n        <div class=\"row\">\n            <div class=\"col\">\n                <p>Die Erf&uuml;llung der Zugangsvoraussetzungen wird durch das studienrechtliche Organ der FH JOANNEUM gepr&uuml;ft. <\/p>\n<p>Grundlage f&uuml;r diese Pr&uuml;fung ist der Nachweis, dass Kenntnisse, F&auml;higkeiten und Kompetenzen in den elf Kriterien des Artikels 46, Absatz 2, der Richtlinie 2005\/36\/EG des europ&auml;ischen Parlaments und des Rates vom 7. September 2005 in der Fassung der <a href=\"http:\/\/eur-lex.europa.eu\/legal-content\/DE\/TXT\/?uri=CELEX%3A02005L0036-20140117\" target=\"_blank\" rel=\"noopener noreferrer\">Richtlinie 2013\/55\/EU vom 20.11.2013<\/a> im vorangegangenen Bachelorstudium der Architektur erworben wurden. <\/p>\n<p>Gemeinsam mit den Inhalten des erfolgreich absolvierten Bachelorstudiums &bdquo;Bauplanung und Bauwirtschaft &ndash; Studienzweig Architektur&ldquo; oder einem anderen erfolgreich abgeschlossenen Bachelorstudium der Architektur und des Masterstudiums &bdquo;Architektur&ldquo; der FH JOANNEUM m&uuml;ssen die Anforderungen an eine Ausbildung als Architektin beziehungsweise als Architekt der oben genannten Richtlinie jedenfalls vollinhaltlich erf&uuml;llt werden. <\/p>\n\n            <\/div>\n        <\/div>\n            <\/div>\n<\/div>\n\n<div\n    id=\"\"\n    class=\"wp-block-tipp-box margin-bottom-normal\"\n>\n    <div class=\"container-lg\">\n        <div class=\"row\">\n            <div class=\"col\">\n                <div class=\"tipp-box border border-warning\">\n                    <div class=\"tipp-box-inner p-2 p-md-3\">\n                        <h4 class=\"\">Tipp<\/h4>\n                        <p>Bitte \u00fcbermitteln Sie uns gemeinsam mit Ihrer Bewerbung zur \u00dcberpr\u00fcfung der Vergleichbarkeit und Gleichwertigkeit Ihres Studienabschlusses anhand der oben genannten elf Kriterien m\u00f6glichst genaue Unterlagen \u00fcber die entsprechenden von Ihnen abgelegten Lehrveranstaltungen (Lehrveranstaltungsbeschreibungen, Studienpl\u00e4ne, Modulbeschreibungen etc.).<\/p>\n\n                    <\/div>\n                <\/div>\n            <\/div>\n        <\/div>\n    <\/div>\n<\/div>\n\n<div id=\"\" class=\"wp-block-text-content margin-bottom-normal\">\n    <div class=\"container-lg\">\n        <div class=\"row\">\n            <div class=\"col\">\n                <p>Sollten die Vorleistungen der Bewerberin beziehungsweise des Bewerbers zusammen mit den Inhalten des Masterstudiums die Kriterien der erw&auml;hnten Richtlinie nicht hinreichend abdecken, sind bis zum Semesterbeginn des zweiten Studienjahres entsprechende Erg&auml;nzungspr&uuml;fungen abzulegen. <\/p>\n<p>Alle Ausbildungen m&uuml;ssen an einer anerkannten inl&auml;ndischen oder ausl&auml;ndischen postsekund&auml;ren Bildungseinrichtung abgelegt worden sein. <\/p>\n\n            <\/div>\n        <\/div>\n            <\/div>\n<\/div>\n\n<div id=\"\" class=\"wp-block-text-content margin-bottom-normal\">\n    <div class=\"container-lg\">\n        <div class=\"row\">\n            <div class=\"col\">\n                <h4>Sie sind keine &ouml;sterreichische Staatsb&uuml;rgerin oder kein &ouml;sterreichischer Staatsb&uuml;rger?<\/h4>\n<p>F&uuml;r Sie gibt es einige Besonderheiten zu beachten. Mehr Informationen dazu finden Sie in unter dem Men&uuml;punkt <a href=\"https:\/\/fh-joanneum.at\/architektur\/master\/vor-dem-studium\/internationale-bewerberinnen\/\"><strong>Internationale BewerberInnen<\/strong>.<\/a><\/p>\n\n            <\/div>\n        <\/div>\n            <\/div>\n<\/div>\n\n","protected":false},"excerpt":{"rendered":"<p>Diese Voraussetzungen m\u00fcssen Sie f\u00fcr das Studium erf\u00fcllen.<\/p>\n","protected":false},"author":10,"featured_media":0,"parent":10000256,"menu_order":39,"comment_status":"closed","ping_status":"closed","template":"","meta":{"_acf_changed":false,"footnotes":""},"acf":[],"aioseo_notices":[],"_links":{"self":[{"href":"https:\/\/www.fh-joanneum.at\/architektur\/master\/wp-json\/wp\/v2\/pages\/10000260"}],"collection":[{"href":"https:\/\/www.fh-joanneum.at\/architektur\/master\/wp-json\/wp\/v2\/pages"}],"about":[{"href":"https:\/\/www.fh-joanneum.at\/architektur\/master\/wp-json\/wp\/v2\/types\/page"}],"author":[{"embeddable":true,"href":"https:\/\/www.fh-joanneum.at\/architektur\/master\/wp-json\/wp\/v2\/users\/10"}],"replies":[{"embeddable":true,"href":"https:\/\/www.fh-joanneum.at\/architektur\/master\/wp-json\/wp\/v2\/comments?post=10000260"}],"version-history":[{"count":0,"href":"https:\/\/www.fh-joanneum.at\/architektur\/master\/wp-json\/wp\/v2\/pages\/10000260\/revisions"}],"up":[{"embeddable":true,"href":"https:\/\/www.fh-joanneum.at\/architektur\/master\/wp-json\/wp\/v2\/pages\/10000256"}],"wp:attachment":[{"href":"https:\/\/www.fh-joanneum.at\/architektur\/master\/wp-json\/wp\/v2\/media?parent=10000260"}],"curies":[{"name":"wp","href":"https:\/\/api.w.org\/{rel}","templated":true}]}}