{"id":10000546,"date":"2016-12-15T17:17:04","date_gmt":"2016-12-15T15:17:04","guid":{"rendered":"https:\/\/www.fh-joanneum.at\/architektur\/master\/?page_id=546"},"modified":"2022-11-28T10:37:20","modified_gmt":"2022-11-28T08:37:20","slug":"verena-poschner","status":"publish","type":"page","link":"https:\/\/www.fh-joanneum.at\/architektur\/master\/nach-dem-studium\/absolventinnen-absolventen\/verena-poschner\/","title":{"rendered":"DI Verena Poschner, BSc, MA"},"content":{"rendered":"<div id=\"\" class=\"wp-block-text-content margin-bottom-normal\">\n    <div class=\"container-lg\">\n        <div class=\"row\">\n            <div class=\"col\">\n                <h4>Eckdaten<\/h4>\n<p><strong>Jobbezeichnung:<\/strong> Innenarchitektin   <br>\n<strong>Unternehmen:<\/strong> <a href=\"http:\/\/breitenthaler.at\/\" target=\"_blank\" rel=\"noopener noreferrer\">M&ouml;belbau Breitenthaler GmbH<\/a>  <br>\n<strong>Ich arbeite in:<\/strong> Leibnitz   <br>\n<strong>Ich arbeite hier seit:<\/strong> 2016<br>\n<a href=\"mailto:hello@enalaviii.com\"><strong>Mein Kontakt<\/strong><\/a>   <br>\n<strong>Ich im Web:<\/strong> <a href=\"http:\/\/www.enalaviii.com\" target=\"_blank\" rel=\"noopener noreferrer\">www.enalaviii.com<\/a>, <a href=\"https:\/\/www.instagram.com\/enalaviii\/\" target=\"_blank\" rel=\"noopener noreferrer\">www.instagram.com\/enalaviii\/<\/a><\/p>\n<h4>Was ich mache:<\/h4>\n<p>M&ouml;beldesign und Entwurf von ganzheitlichen Innenarchitekturkonzepten im Bereich Wohnen, Objekt und Gastronomie. Neben meinem Job als Innenarchitektin arbeite ich auch selbst&auml;ndig als Grafikdesignerin mit meinem Label <strong>enalaviii<\/strong>.  <\/p>\n<h4>Warum ich meinen Beruf liebe:<\/h4>\n<ul>\n<li>\n<p>Das Strahlen in den Augen der Kunden, wenn sie von den Entw&uuml;rfen begeistert sind.  <\/p>\n<\/li>\n<li>\n<p>Das Gef&uuml;hl der Zufriedenheit, das sich einstellt, wenn man lange an einem Entwurf t&uuml;ftelt und man dann pl&ouml;tzlich merkt: &bdquo;Das ist es!&ldquo;.  <\/p>\n<\/li>\n<li>\n<p>Die emotionale Bindung, die ich zu meinen Projekten aufbaue. In jedem Projekt stecken Herz und Leidenschaft drinnen. <\/p>\n<\/li>\n<\/ul>\n<h4>Wichtige F&auml;higkeiten in meinem Job:<\/h4>\n<p>Ich denke, dass es besonders wichtig ist, Strategien zu finden, um trotz des Zeitdrucks, kreativ arbeiten zu k&ouml;nnen. <\/p>\n<h4>Mein bisher gr&ouml;&szlig;ter Erfolg in meiner Karriere:<\/h4>\n<p>F&uuml;r mich ist es immer wieder ein Highlight, wenn ein Projekt nach monatelanger Planung endlich umgesetzt wird. Wenn ich sehe, wie Schritt f&uuml;r Schritt genau diese Welt entsteht, die ich so lange im Kopf hatte, ist das jedes Mal ein unglaubliches Gl&uuml;cksgef&uuml;hl. <\/p>\n<h4>So bin ich zu meinem Job gekommen:<\/h4>\n<p>Ich habe mich initiativ beworben. Ich denke, dass ich besonders durch mein analoges Portfolio &uuml;berzeugen konnte. In der digitalen Welt von heute sticht man damit sofort heraus und bekommt so die n&ouml;tige Aufmerksamkeit, die bei einer Initiativbewerbung unbedingt notwendig ist. <\/p>\n\n            <\/div>\n        <\/div>\n            <\/div>\n<\/div>\n\n<div\n    id=\"\"\n    class=\"wp-block-image-slider margin-bottom-normal\"\n>\n    <div class=\"container-lg\">\n        <div class=\"row\">\n            <div class=\"col-12\">\n                <div class=\"swiper-outer-wrapper\">\n                    <div class=\"image-header\">\n                        <div class=\"swiper-navigation\">\n                            <div class=\"swiper-button-prev-custom\">\n                                <svg xmlns=\"http:\/\/www.w3.org\/2000\/svg\" width=\"9\" height=\"14\" viewBox=\"0 0 9 14\" fill=\"none\">\n  <path d=\"M8 13L2 7L8 1\" stroke=\"\" stroke-width=\"1.5\" stroke-linecap=\"round\"\/>\n<\/svg>                            <\/div>\n                            <div class=\"swiper-button-next-custom\">\n                                <svg xmlns=\"http:\/\/www.w3.org\/2000\/svg\" width=\"9\" height=\"14\" viewBox=\"0 0 9 14\" fill=\"none\">\n  <path d=\"M1 1L7 7L1 13\" stroke=\"\" stroke-width=\"1.5\" stroke-linecap=\"round\"\/>\n<\/svg>                            <\/div>\n                        <\/div>\n                    <\/div>\n                    <div class=\"swiper image-slider-swiper\">\n                        <div class=\"swiper-wrapper\">\n                                                                                                <div class=\"swiper-slide item\">\n                                        <picture>\n                        <source\n                media=\"(max-width: 576px)\"\n                srcset=\"https:\/\/cdn3.fh-joanneum.at\/media\/sites\/32\/2016\/12\/verena-poschner-6.jpg, https:\/\/cdn3.fh-joanneum.at\/media\/sites\/32\/2016\/12\/verena-poschner-6-768x255.jpg 2x\"\n            \/>\n                    <source\n                media=\"(max-width: 768px)\"\n                srcset=\"https:\/\/cdn3.fh-joanneum.at\/media\/sites\/32\/2016\/12\/verena-poschner-6-768x255.jpg, https:\/\/cdn3.fh-joanneum.at\/media\/sites\/32\/2016\/12\/verena-poschner-6-1024x340.jpg 2x\"\n            \/>\n                    <source\n                media=\"(max-width: 1024px)\"\n                srcset=\"https:\/\/cdn3.fh-joanneum.at\/media\/sites\/32\/2016\/12\/verena-poschner-6-1024x340.jpg, https:\/\/cdn3.fh-joanneum.at\/media\/sites\/32\/2016\/12\/verena-poschner-6.jpg 2x\"\n            \/>\n                    <source\n                media=\"(max-width: 1536px)\"\n                srcset=\"https:\/\/cdn3.fh-joanneum.at\/media\/sites\/32\/2016\/12\/verena-poschner-6.jpg, https:\/\/cdn3.fh-joanneum.at\/media\/sites\/32\/2016\/12\/verena-poschner-6.jpg 2x\"\n            \/>\n                    <source\n                media=\"(max-width: 2048px)\"\n                srcset=\"https:\/\/cdn3.fh-joanneum.at\/media\/sites\/32\/2016\/12\/verena-poschner-6.jpg, https:\/\/cdn3.fh-joanneum.at\/media\/sites\/32\/2016\/12\/verena-poschner-6.jpg 2x\"\n            \/>\n                <img decoding=\"async\"\n        class=\"img-fluid\"\n        src=\"https:\/\/cdn3.fh-joanneum.at\/media\/sites\/32\/2016\/12\/verena-poschner-6.jpg\"\n        alt=\"Verena Poschner 5\"\n        title=\"\"\n         loading=\"lazy\"             >\n<\/picture>\n\n                                                                                    <p class=\"text-muted mt-2\">Portfolio Verena Poschner<\/p>\n                                                                            <\/div>\n                                                                    <div class=\"swiper-slide item\">\n                                        <picture>\n                        <source\n                media=\"(max-width: 576px)\"\n                srcset=\"https:\/\/cdn3.fh-joanneum.at\/media\/sites\/32\/2016\/12\/verena-poschner-4.jpg, https:\/\/cdn3.fh-joanneum.at\/media\/sites\/32\/2016\/12\/verena-poschner-4-768x512.jpg 2x\"\n            \/>\n                    <source\n                media=\"(max-width: 768px)\"\n                srcset=\"https:\/\/cdn3.fh-joanneum.at\/media\/sites\/32\/2016\/12\/verena-poschner-4-768x512.jpg, https:\/\/cdn3.fh-joanneum.at\/media\/sites\/32\/2016\/12\/verena-poschner-4-1024x683.jpg 2x\"\n            \/>\n                    <source\n                media=\"(max-width: 1024px)\"\n                srcset=\"https:\/\/cdn3.fh-joanneum.at\/media\/sites\/32\/2016\/12\/verena-poschner-4-1024x683.jpg, https:\/\/cdn3.fh-joanneum.at\/media\/sites\/32\/2016\/12\/verena-poschner-4.jpg 2x\"\n            \/>\n                    <source\n                media=\"(max-width: 1536px)\"\n                srcset=\"https:\/\/cdn3.fh-joanneum.at\/media\/sites\/32\/2016\/12\/verena-poschner-4.jpg, https:\/\/cdn3.fh-joanneum.at\/media\/sites\/32\/2016\/12\/verena-poschner-4.jpg 2x\"\n            \/>\n                    <source\n                media=\"(max-width: 2048px)\"\n                srcset=\"https:\/\/cdn3.fh-joanneum.at\/media\/sites\/32\/2016\/12\/verena-poschner-4.jpg, https:\/\/cdn3.fh-joanneum.at\/media\/sites\/32\/2016\/12\/verena-poschner-4.jpg 2x\"\n            \/>\n                <img decoding=\"async\"\n        class=\"img-fluid\"\n        src=\"https:\/\/cdn3.fh-joanneum.at\/media\/sites\/32\/2016\/12\/verena-poschner-4.jpg\"\n        alt=\"Verena Poschner 3\"\n        title=\"\"\n         loading=\"lazy\"             >\n<\/picture>\n\n                                                                                    <p class=\"text-muted mt-2\">Portfolio Verena Poschner<\/p>\n                                                                            <\/div>\n                                                                                    <\/div>\n                    <\/div>\n\n                    <div class=\"swiper-navigation-pagination\">\n                        <div class=\"swiper-button-prev-custom\">\n                            <svg xmlns=\"http:\/\/www.w3.org\/2000\/svg\" width=\"9\" height=\"14\" viewBox=\"0 0 9 14\" fill=\"none\">\n  <path d=\"M8 13L2 7L8 1\" stroke=\"\" stroke-width=\"1.5\" stroke-linecap=\"round\"\/>\n<\/svg>                        <\/div>\n                        <div class=\"swiper-pagination\"><\/div>\n                        <div class=\"swiper-button-next-custom\">\n                            <svg xmlns=\"http:\/\/www.w3.org\/2000\/svg\" width=\"9\" height=\"14\" viewBox=\"0 0 9 14\" fill=\"none\">\n  <path d=\"M1 1L7 7L1 13\" stroke=\"\" stroke-width=\"1.5\" stroke-linecap=\"round\"\/>\n<\/svg>                        <\/div>\n                    <\/div>\n                <\/div>\n            <\/div>\n        <\/div>\n    <\/div>\n<\/div>\n\n<div id=\"\" class=\"wp-block-text-content margin-bottom-normal\">\n    <div class=\"container-lg\">\n        <div class=\"row\">\n            <div class=\"col\">\n                <h4>Das habe ich im Studium f&uuml;rs Berufsleben gelernt:<\/h4>\n<p>Durch die breitgef&auml;cherten Studieninhalte konnte ich mir einen guten Grundstock an Fachwissen aneignen, der mir nun hilft, die Alltagssituationen im Job zu meistern. Neben den fachlichen Kompetenzen konnte ich vor allem auch meine F&auml;higkeit sch&auml;rfen, mich auf neue Situationen schnell einzustellen und Kritik anzunehmen. <\/p>\n<h4>Die Jobchancen in meinem Bereich:<\/h4>\n<p>Ich habe die Erfahrung gemacht, dass die Jobsuche im Innenarchitekturbereich in Graz etwas schwierig ist, da es zwar viele B&uuml;ros in diesem Bereich gibt, diese aber eher kleiner sind und daher wenige Mitarbeiter aufnehmen. &Ouml;sterreichweit denke ich aber, dass es viele M&ouml;glichkeiten gibt, in diesem Bereich Fu&szlig; zu fassen. <\/p>\n<h4>Ich bin:<\/h4>\n<ul>\n<li>detailverliebt<\/li>\n<li>aufmerksam<\/li>\n<li>neugierig<\/li>\n<\/ul>\n\n            <\/div>\n        <\/div>\n            <\/div>\n<\/div>\n\n<div\n    id=\"\"\n    class=\"wp-block-content-image margin-bottom-normal\"\n>\n    <div class=\"container-lg\">\n        <div class=\"row\">\n            <div class=\"col-12\">\n                <div >\n\n                    <div class=\"image-wrapper\">\n                        <picture>\n                        <source\n                media=\"(max-width: 576px)\"\n                srcset=\"https:\/\/cdn3.fh-joanneum.at\/media\/sites\/32\/2016\/12\/verena-poschner-5.jpg, https:\/\/cdn3.fh-joanneum.at\/media\/sites\/32\/2016\/12\/verena-poschner-5-768x316.jpg 2x\"\n            \/>\n                    <source\n                media=\"(max-width: 768px)\"\n                srcset=\"https:\/\/cdn3.fh-joanneum.at\/media\/sites\/32\/2016\/12\/verena-poschner-5-768x316.jpg, https:\/\/cdn3.fh-joanneum.at\/media\/sites\/32\/2016\/12\/verena-poschner-5-1024x422.jpg 2x\"\n            \/>\n                    <source\n                media=\"(max-width: 1024px)\"\n                srcset=\"https:\/\/cdn3.fh-joanneum.at\/media\/sites\/32\/2016\/12\/verena-poschner-5-1024x422.jpg, https:\/\/cdn3.fh-joanneum.at\/media\/sites\/32\/2016\/12\/verena-poschner-5.jpg 2x\"\n            \/>\n                    <source\n                media=\"(max-width: 1536px)\"\n                srcset=\"https:\/\/cdn3.fh-joanneum.at\/media\/sites\/32\/2016\/12\/verena-poschner-5.jpg, https:\/\/cdn3.fh-joanneum.at\/media\/sites\/32\/2016\/12\/verena-poschner-5.jpg 2x\"\n            \/>\n                    <source\n                media=\"(max-width: 2048px)\"\n                srcset=\"https:\/\/cdn3.fh-joanneum.at\/media\/sites\/32\/2016\/12\/verena-poschner-5.jpg, https:\/\/cdn3.fh-joanneum.at\/media\/sites\/32\/2016\/12\/verena-poschner-5.jpg 2x\"\n            \/>\n                <img decoding=\"async\"\n        class=\"img-fluid @if ($image_credit || $media_subtitle) mb-2 @endif @if ($lightbox) modal-trigger @endif\" @click=\"modal = !modal\" aria-expanded=\"false\"\n        src=\"https:\/\/cdn3.fh-joanneum.at\/media\/sites\/32\/2016\/12\/verena-poschner-5.jpg\"\n        alt=\"Verena Poschner 4\"\n        title=\"\"\n         loading=\"lazy\"             >\n<\/picture>\n\n                                                    <p class=\"text-muted fst-italic\">Photo: Verena Poschner<\/p>\n                                                                            <p class=\"text-muted\"> Bridge across the Nature \\&#8217;Nature Interpretation Centre\\&#8217; am Gr\u00fcnen See<\/p>\n                                            <\/div>\n\n                                    <\/div>\n\n            <\/div>\n        <\/div>\n    <\/div>\n<\/div>\n\n<div\n    id=\"\"\n    class=\"wp-block-tipp-box margin-bottom-normal\"\n>\n    <div class=\"container-lg\">\n        <div class=\"row\">\n            <div class=\"col\">\n                <div class=\"tipp-box border border-warning\">\n                    <div class=\"tipp-box-inner p-2 p-md-3\">\n                        <h4 class=\"\">Tipp<\/h4>\n                        <p><a href=\"http:\/\/www.gat.st\/news\/bridge-across-nature\">Hier<\/a> gibt es eine ausf\u00fchrliche Beschreibung der Diplomarbeit &#8220;Bridge across the Nature &#8216;Nature Interpretation Centre&#8217; am Gr\u00fcnen See&#8221; inklusive Pl\u00e4ne und weiteren Bildern.<\/p>\n\n                    <\/div>\n                <\/div>\n            <\/div>\n        <\/div>\n    <\/div>\n<\/div>\n\n<div id=\"\" class=\"wp-block-text-content margin-bottom-normal\">\n    <div class=\"container-lg\">\n        <div class=\"row\">\n            <div class=\"col\">\n                <h4>Ich &uuml;ber meinen Job:<\/h4>\n<p>Schon w&auml;hrend des Studiums besch&auml;ftigte ich mich immer am liebsten mit den Details wie Material, Farbe und M&ouml;blierung. Deshalb war f&uuml;r mich schon recht fr&uuml;h klar, dass ich als Innenarchitektin arbeiten m&ouml;chte. Die Liebe zum Detail war auch der Grund, warum ich mich f&uuml;r einen weiteren Master im Bereich Grafikdesign entschieden habe. Dadurch konnte ich meine Designf&auml;higkeiten noch gezielter schulen und meinen Entwurfsprozess weiter verfeinern. An meinem aktuellen Job finde ich besonders toll, dass ich eigenverantwortlich entwerfen und an innovativen Projekten arbeiten darf sowie meine Projekte vom ersten Strich bis zur Fertigstellung begleiten kann. <\/p>\n\n            <\/div>\n        <\/div>\n            <\/div>\n<\/div>\n\n<div\n    id=\"\"\n    class=\"wp-block-content-image margin-bottom-normal\"\n>\n    <div class=\"container-lg\">\n        <div class=\"row\">\n            <div class=\"col-12\">\n                <div >\n\n                    <div class=\"image-wrapper\">\n                        <picture>\n                        <source\n                media=\"(max-width: 576px)\"\n                srcset=\"https:\/\/cdn3.fh-joanneum.at\/media\/sites\/32\/2016\/12\/verena-poschner.jpg, https:\/\/cdn3.fh-joanneum.at\/media\/sites\/32\/2016\/12\/verena-poschner-768x512.jpg 2x\"\n            \/>\n                    <source\n                media=\"(max-width: 768px)\"\n                srcset=\"https:\/\/cdn3.fh-joanneum.at\/media\/sites\/32\/2016\/12\/verena-poschner-768x512.jpg, https:\/\/cdn3.fh-joanneum.at\/media\/sites\/32\/2016\/12\/verena-poschner-1024x683.jpg 2x\"\n            \/>\n                    <source\n                media=\"(max-width: 1024px)\"\n                srcset=\"https:\/\/cdn3.fh-joanneum.at\/media\/sites\/32\/2016\/12\/verena-poschner-1024x683.jpg, https:\/\/cdn3.fh-joanneum.at\/media\/sites\/32\/2016\/12\/verena-poschner.jpg 2x\"\n            \/>\n                    <source\n                media=\"(max-width: 1536px)\"\n                srcset=\"https:\/\/cdn3.fh-joanneum.at\/media\/sites\/32\/2016\/12\/verena-poschner.jpg, https:\/\/cdn3.fh-joanneum.at\/media\/sites\/32\/2016\/12\/verena-poschner.jpg 2x\"\n            \/>\n                    <source\n                media=\"(max-width: 2048px)\"\n                srcset=\"https:\/\/cdn3.fh-joanneum.at\/media\/sites\/32\/2016\/12\/verena-poschner.jpg, https:\/\/cdn3.fh-joanneum.at\/media\/sites\/32\/2016\/12\/verena-poschner.jpg 2x\"\n            \/>\n                <img decoding=\"async\"\n        class=\"img-fluid @if ($image_credit || $media_subtitle) mb-2 @endif @if ($lightbox) modal-trigger @endif\" @click=\"modal = !modal\" aria-expanded=\"false\"\n        src=\"https:\/\/cdn3.fh-joanneum.at\/media\/sites\/32\/2016\/12\/verena-poschner.jpg\"\n        alt=\"Verena Poschner\"\n        title=\"\"\n         loading=\"lazy\"             >\n<\/picture>\n\n                                                    <p class=\"text-muted fst-italic\">Photo: Oliver Steinbauer<\/p>\n                                                                    <\/div>\n\n                                    <\/div>\n\n            <\/div>\n        <\/div>\n    <\/div>\n<\/div>\n\n<div\n    id=\"\"\n    class=\"wp-block-blockquote margin-bottom-normal\"\n>\n    <div class=\"container-lg\">\n        <div class=\"row\">\n            <div class=\"col\">\n                <div class=\"d-block mb-2 fs-5 major-text-color\">Kreatives Arbeiten ist nichts, das man von heute auf morgen lernen kann. Es ist ein Entwicklungsprozess \u2013 auch pers\u00f6nlich, um seinen eigenen Entwurfsstil zu finden \u2013 und das braucht Zeit.<\/div>\n                <span class=\"d-flex justify-content-end\">Verena Poschner<\/span>\n            <\/div>\n        <\/div>\n    <\/div>\n<\/div>\n\n","protected":false},"excerpt":{"rendered":"<p>In ihrer Arbeit kombiniert Verena Poschner Innenarchitektur und Grafikdesign. Sie arbeitet als Innenarchitektin bei M\u00f6belbau Breitenthaler GmbH und selbstst\u00e4ndig mit ihrem Label enalaviii.<\/p>\n","protected":false},"author":73,"featured_media":10000811,"parent":10000296,"menu_order":54,"comment_status":"closed","ping_status":"closed","template":"template-absolvent.blade.php","meta":{"_acf_changed":false,"footnotes":""},"acf":[],"aioseo_notices":[],"_links":{"self":[{"href":"https:\/\/www.fh-joanneum.at\/architektur\/master\/wp-json\/wp\/v2\/pages\/10000546"}],"collection":[{"href":"https:\/\/www.fh-joanneum.at\/architektur\/master\/wp-json\/wp\/v2\/pages"}],"about":[{"href":"https:\/\/www.fh-joanneum.at\/architektur\/master\/wp-json\/wp\/v2\/types\/page"}],"author":[{"embeddable":true,"href":"https:\/\/www.fh-joanneum.at\/architektur\/master\/wp-json\/wp\/v2\/users\/73"}],"replies":[{"embeddable":true,"href":"https:\/\/www.fh-joanneum.at\/architektur\/master\/wp-json\/wp\/v2\/comments?post=10000546"}],"version-history":[{"count":0,"href":"https:\/\/www.fh-joanneum.at\/architektur\/master\/wp-json\/wp\/v2\/pages\/10000546\/revisions"}],"up":[{"embeddable":true,"href":"https:\/\/www.fh-joanneum.at\/architektur\/master\/wp-json\/wp\/v2\/pages\/10000296"}],"wp:featuredmedia":[{"embeddable":true,"href":"https:\/\/www.fh-joanneum.at\/architektur\/master\/wp-json\/wp\/v2\/media\/10000811"}],"wp:attachment":[{"href":"https:\/\/www.fh-joanneum.at\/architektur\/master\/wp-json\/wp\/v2\/media?parent=10000546"}],"curies":[{"name":"wp","href":"https:\/\/api.w.org\/{rel}","templated":true}]}}