{"id":10000091,"date":"2015-08-11T10:54:10","date_gmt":"2015-08-11T10:54:10","guid":{"rendered":"https:\/\/www.fh-joanneum.at\/ausstellungsdesign\/master\/?page_id=91"},"modified":"2026-03-23T08:51:37","modified_gmt":"2026-03-23T07:51:37","slug":"voraussetzungen","status":"publish","type":"page","link":"https:\/\/www.fh-joanneum.at\/ausstellungsdesign\/master\/vor-dem-studium\/voraussetzungen\/","title":{"rendered":"Voraussetzungen"},"content":{"rendered":"<div id=\"\" class=\"wp-block-text-content margin-bottom-none\">\n    <div class=\"container-lg\">\n        <div class=\"row\">\n            <div class=\"col\">\n                <div class=\"module-migration-headline\">\n<h3>Voraussetzungen f&uuml;r das Studium<\/h3>\n<\/div>\n\n            <\/div>\n        <\/div>\n            <\/div>\n<\/div>\n\n\n<div id=\"\" class=\"wp-block-text-content margin-bottom-normal\">\n    <div class=\"container-lg\">\n        <div class=\"row\">\n            <div class=\"col\">\n                <p>Als fachliche Zugangsvoraussetzung f&uuml;r das Master-Studium m&uuml;ssen Sie einen qualifizierten Studienabschluss<\/p>\n<ul>\n<li>eines facheinschl&auml;gigen Bachelorstudiums oder<\/li>\n<li>einer gleichwertigen Ausbildung<\/li>\n<\/ul>\n<p>nachweisen.<\/p>\n<p>Deutsch und Englisch sind Unterrichtssprachen und deren Kenntnis auf mindestens dem Level B2 wird als erforderlich vorausgesetzt.<\/p>\n\n            <\/div>\n        <\/div>\n            <\/div>\n<\/div>\n\n\n<div id=\"\" class=\"wp-block-text-content margin-bottom-normal\">\n    <div class=\"container-lg\">\n        <div class=\"row\">\n            <div class=\"col\">\n                <h3>Details zu den Zugangsvoraussetzungen<\/h3>\n<p>Als facheinschl&auml;giger Bachelorstudiengang gilt derzeit zum Beispiel das von der FH JOANNEUM angebotene Bachelorstudium <strong>Informationsdesign<\/strong>.<\/p>\n<p>Absolvent:innen von<\/p>\n<ul>\n<li>technischen,<\/li>\n<li>k&uuml;nstlerischen,<\/li>\n<li>geisteswissenschaftlichen,<\/li>\n<li>sozialwissenschaftlichen,<\/li>\n<li>wirtschaftswissenschaftlichen,<\/li>\n<li>naturwissenschaftlichen und<\/li>\n<li>interdisziplin&auml;ren Studien<\/li>\n<\/ul>\n<p>an Universit&auml;ten, Technischen Universit&auml;ten oder Kunstuniversit&auml;ten mit einem Bachelor-, Master- oder Diplom-Abschluss werden zugelassen, wenn:<\/p>\n<ul>\n<li>80 ECTS des Vorstudiums den Kernfachbereichen des Bachelorstudiums <strong>Informationsdesign<\/strong> der FH JOANNEUM oder einem vergleichbaren facheinschl&auml;gigen Studium weitgehend entsprechen und<\/li>\n<li>mindestens einer der folgenden Qualifikationsfaktoren zutrifft:\n<ul>\n<li>Facheinschl&auml;gige Berufserfahrung u&#776;ber einen Zeitraum von mind. zwei Jahren<\/li>\n<li>Feststellung der fachlichen Eignung anhand des eingereichten Portfolios<\/li>\n<li>Facheinschl&auml;gige Weiterbildungen bzw. Studien(teile) mit einem Workload&auml;quivalentvon mind. 30 ECTS<\/li>\n<\/ul>\n<\/li>\n<\/ul>\n<p>Alle Ausbildungen m&uuml;ssen an einer anerkannten in- oder ausl&auml;ndischen postsekund&auml;ren Bildungseinrichtung abgelegt worden sein.<\/p>\n<p>In nicht eindeutigen F&auml;llen obliegt es der Studiengangsleitung zu entscheiden, ob die Zugangsvoraussetzungen erf&uuml;llt sind. Eine verbindliche Auskunft dar&uuml;ber erhalten Sie nach Einlangen Ihrer vollst&auml;ndigen Bewerbungsunterlagen.<\/p>\n\n            <\/div>\n        <\/div>\n            <\/div>\n<\/div>\n\n\n\n\n<div id=\"\" class=\"wp-block-text-content margin-bottom-normal\">\n    <div class=\"container-lg\">\n        <div class=\"row\">\n            <div class=\"col\">\n                <h4>Sie sind keine &ouml;sterreichische Staatsb&uuml;rgerin oder kein &ouml;sterreichischer Staatsb&uuml;rger?<\/h4>\n<p>F&uuml;r Sie gibt es einige Besonderheiten zu beachten. Mehr Informationen dazu finden Sie in unter dem Men&uuml;punkt <a href=\"https:\/\/fh-joanneum.at\/ausstellungsdesign\/master\/vor-dem-studium\/internationale-bewerberinnen\/\"><strong>Internationale BewerberInnen<\/strong>.<\/a><\/p>\n\n            <\/div>\n        <\/div>\n            <\/div>\n<\/div>\n","protected":false},"excerpt":{"rendered":"<p>Diese Voraussetzungen m\u00fcssen Sie f\u00fcr das Studium erf\u00fcllen.<\/p>\n","protected":false},"author":10,"featured_media":0,"parent":10000087,"menu_order":12,"comment_status":"closed","ping_status":"closed","template":"","meta":{"_acf_changed":false,"footnotes":""},"acf":[],"aioseo_notices":[],"_links":{"self":[{"href":"https:\/\/www.fh-joanneum.at\/ausstellungsdesign\/master\/wp-json\/wp\/v2\/pages\/10000091"}],"collection":[{"href":"https:\/\/www.fh-joanneum.at\/ausstellungsdesign\/master\/wp-json\/wp\/v2\/pages"}],"about":[{"href":"https:\/\/www.fh-joanneum.at\/ausstellungsdesign\/master\/wp-json\/wp\/v2\/types\/page"}],"author":[{"embeddable":true,"href":"https:\/\/www.fh-joanneum.at\/ausstellungsdesign\/master\/wp-json\/wp\/v2\/users\/10"}],"replies":[{"embeddable":true,"href":"https:\/\/www.fh-joanneum.at\/ausstellungsdesign\/master\/wp-json\/wp\/v2\/comments?post=10000091"}],"version-history":[{"count":8,"href":"https:\/\/www.fh-joanneum.at\/ausstellungsdesign\/master\/wp-json\/wp\/v2\/pages\/10000091\/revisions"}],"predecessor-version":[{"id":10000915,"href":"https:\/\/www.fh-joanneum.at\/ausstellungsdesign\/master\/wp-json\/wp\/v2\/pages\/10000091\/revisions\/10000915"}],"up":[{"embeddable":true,"href":"https:\/\/www.fh-joanneum.at\/ausstellungsdesign\/master\/wp-json\/wp\/v2\/pages\/10000087"}],"wp:attachment":[{"href":"https:\/\/www.fh-joanneum.at\/ausstellungsdesign\/master\/wp-json\/wp\/v2\/media?parent=10000091"}],"curies":[{"name":"wp","href":"https:\/\/api.w.org\/{rel}","templated":true}]}}