{"id":10000300,"date":"2015-08-11T11:22:40","date_gmt":"2015-08-11T09:22:40","guid":{"rendered":"https:\/\/www.fh-joanneum.at\/baumanagement-und-ingenieurbau\/master\/?page_id=300"},"modified":"2023-10-25T14:15:28","modified_gmt":"2023-10-25T12:15:28","slug":"absolventinnen-absolventen","status":"publish","type":"page","link":"https:\/\/www.fh-joanneum.at\/baumanagement-und-ingenieurbau\/master\/nach-dem-studium\/absolventinnen-absolventen\/","title":{"rendered":"Absolvent:innen"},"content":{"rendered":"<div id=\"\" class=\"wp-block-text-content margin-bottom-none\">\n    <div class=\"container-lg\">\n        <div class=\"row\">\n            <div class=\"col\">\n                <div class=\"module-migration-headline\">\n<h3>Das machen unsere Absolvent:innen.<\/h3>\n<\/div>\n\n            <\/div>\n        <\/div>\n            <\/div>\n<\/div>\n\n<div id=\"\" class=\"wp-block-list-of-graduates margin-bottom-normal\">\n  <div class=\"container-lg\">\n    <div class=\"row\">\n                        <div class=\"col-6 col-sm-4 col-md-6 col-lg-4 col-xl-4 mb-4\">\n            <a\n    href=\"https:\/\/www.fh-joanneum.at\/baumanagement-und-ingenieurbau\/master\/nach-dem-studium\/absolventinnen-absolventen\/di-juergen-egger-bsc\/\"\n    class=\"graduate-card bg-light\"\n>\n    <div class=\"border border-light h-100\">\n        <div class=\"image-wrapper\">\n            <picture>\n                        <source\n                media=\"(max-width: 505px)\"\n                srcset=\"https:\/\/cdn3.fh-joanneum.at\/media\/sites\/33\/2024\/01\/di-juergen-egger-bsc-6.jpg, https:\/\/cdn3.fh-joanneum.at\/media\/sites\/33\/2024\/01\/di-juergen-egger-bsc-6-768x876.jpg 2x\"\n            \/>\n                    <source\n                media=\"(max-width: 768px)\"\n                srcset=\"https:\/\/cdn3.fh-joanneum.at\/media\/sites\/33\/2024\/01\/di-juergen-egger-bsc-6-768x876.jpg, https:\/\/cdn3.fh-joanneum.at\/media\/sites\/33\/2024\/01\/di-juergen-egger-bsc-6-898x1024.jpg 2x\"\n            \/>\n                    <source\n                media=\"(max-width: 898px)\"\n                srcset=\"https:\/\/cdn3.fh-joanneum.at\/media\/sites\/33\/2024\/01\/di-juergen-egger-bsc-6-898x1024.jpg, https:\/\/cdn3.fh-joanneum.at\/media\/sites\/33\/2024\/01\/di-juergen-egger-bsc-6-1347x1536.jpg 2x\"\n            \/>\n                    <source\n                media=\"(max-width: 1347px)\"\n                srcset=\"https:\/\/cdn3.fh-joanneum.at\/media\/sites\/33\/2024\/01\/di-juergen-egger-bsc-6-1347x1536.jpg, https:\/\/cdn3.fh-joanneum.at\/media\/sites\/33\/2024\/01\/di-juergen-egger-bsc-6.jpg 2x\"\n            \/>\n                    <source\n                media=\"(max-width: 1772px)\"\n                srcset=\"https:\/\/cdn3.fh-joanneum.at\/media\/sites\/33\/2024\/01\/di-juergen-egger-bsc-6.jpg, https:\/\/cdn3.fh-joanneum.at\/media\/sites\/33\/2024\/01\/di-juergen-egger-bsc-6.jpg 2x\"\n            \/>\n                <img decoding=\"async\"\n        class=\"img-fluid\"\n        src=\"https:\/\/cdn3.fh-joanneum.at\/media\/sites\/33\/2024\/01\/di-juergen-egger-bsc-6.jpg\"\n        alt=\"DI J\u00fcrgen Egger, BSc 5\"\n        title=\"\"\n         loading=\"lazy\"             >\n<\/picture>\n\n        <\/div>\n        <div class=\"p-2 p-xl-3\">\n            <h6>DI J\u00fcrgen Egger, BSc<\/h6>\n            <p class=\"mb-0 hyphens\">\n                Aus dem Berufspraktikum bei der \u00d6BB-Infrastruktur AG, wurde Berufung. Bereits neben dem Masterstudium Baumanagement und Ingenieurbau war J\u00fcrgen Egger im Projektmanagement t\u00e4tig. Mit Faszination ist er dabei, um Bauwerke mit langer Nutzung f\u00fcr viele Generationen zu bauen bis heute an.\n            <\/p>\n        <\/div>\n    <\/div>\n<\/a>\n          <\/div>\n                  <div class=\"col-6 col-sm-4 col-md-6 col-lg-4 col-xl-4 mb-4\">\n            <a\n    href=\"https:\/\/www.fh-joanneum.at\/baumanagement-und-ingenieurbau\/master\/nach-dem-studium\/absolventinnen-absolventen\/bettina-haslhofer\/\"\n    class=\"graduate-card bg-light\"\n>\n    <div class=\"border border-light h-100\">\n        <div class=\"image-wrapper\">\n            <picture>\n                        <source\n                media=\"(max-width: 383px)\"\n                srcset=\"https:\/\/cdn3.fh-joanneum.at\/media\/sites\/33\/2016\/03\/bettina-haslhofer-2.jpg, https:\/\/cdn3.fh-joanneum.at\/media\/sites\/33\/2016\/03\/bettina-haslhofer-2-768x1156.jpg 2x\"\n            \/>\n                    <source\n                media=\"(max-width: 768px)\"\n                srcset=\"https:\/\/cdn3.fh-joanneum.at\/media\/sites\/33\/2016\/03\/bettina-haslhofer-2-768x1156.jpg, https:\/\/cdn3.fh-joanneum.at\/media\/sites\/33\/2016\/03\/bettina-haslhofer-2-680x1024.jpg 2x\"\n            \/>\n                    <source\n                media=\"(max-width: 680px)\"\n                srcset=\"https:\/\/cdn3.fh-joanneum.at\/media\/sites\/33\/2016\/03\/bettina-haslhofer-2-680x1024.jpg, https:\/\/cdn3.fh-joanneum.at\/media\/sites\/33\/2016\/03\/bettina-haslhofer-2.jpg 2x\"\n            \/>\n                    <source\n                media=\"(max-width: 1020px)\"\n                srcset=\"https:\/\/cdn3.fh-joanneum.at\/media\/sites\/33\/2016\/03\/bettina-haslhofer-2.jpg, https:\/\/cdn3.fh-joanneum.at\/media\/sites\/33\/2016\/03\/bettina-haslhofer-2.jpg 2x\"\n            \/>\n                    <source\n                media=\"(max-width: 1360px)\"\n                srcset=\"https:\/\/cdn3.fh-joanneum.at\/media\/sites\/33\/2016\/03\/bettina-haslhofer-2.jpg, https:\/\/cdn3.fh-joanneum.at\/media\/sites\/33\/2016\/03\/bettina-haslhofer-2.jpg 2x\"\n            \/>\n                <img decoding=\"async\"\n        class=\"img-fluid\"\n        src=\"https:\/\/cdn3.fh-joanneum.at\/media\/sites\/33\/2016\/03\/bettina-haslhofer-2.jpg\"\n        alt=\"Bettina Haslhofer\"\n        title=\"\"\n         loading=\"lazy\"             >\n<\/picture>\n\n        <\/div>\n        <div class=\"p-2 p-xl-3\">\n            <h6>DI Bettina Haslhofer, BSc<\/h6>\n            <p class=\"mb-0 hyphens\">\n                Ein Praktikum w\u00e4hrend des Studiums erm\u00f6glichte Bettina Haslhofer den langfristigen Einstieg in die HABAU Hoch- und Tiefbaugesellschaft m.b.H..\n            <\/p>\n        <\/div>\n    <\/div>\n<\/a>\n          <\/div>\n                  <div class=\"col-6 col-sm-4 col-md-6 col-lg-4 col-xl-4 mb-4\">\n            <a\n    href=\"https:\/\/www.fh-joanneum.at\/baumanagement-und-ingenieurbau\/master\/nach-dem-studium\/absolventinnen-absolventen\/di-viktor-paunovski-bsc\/\"\n    class=\"graduate-card bg-light\"\n>\n    <div class=\"border border-light h-100\">\n        <div class=\"image-wrapper\">\n            <picture>\n                        <source\n                media=\"(max-width: 527px)\"\n                srcset=\"https:\/\/cdn3.fh-joanneum.at\/media\/sites\/33\/2019\/12\/di-viktor-paunovski-bsc-2.jpg, https:\/\/cdn3.fh-joanneum.at\/media\/sites\/33\/2019\/12\/di-viktor-paunovski-bsc-2-768x840.jpg 2x\"\n            \/>\n                    <source\n                media=\"(max-width: 768px)\"\n                srcset=\"https:\/\/cdn3.fh-joanneum.at\/media\/sites\/33\/2019\/12\/di-viktor-paunovski-bsc-2-768x840.jpg, https:\/\/cdn3.fh-joanneum.at\/media\/sites\/33\/2019\/12\/di-viktor-paunovski-bsc-2-936x1024.jpg 2x\"\n            \/>\n                    <source\n                media=\"(max-width: 936px)\"\n                srcset=\"https:\/\/cdn3.fh-joanneum.at\/media\/sites\/33\/2019\/12\/di-viktor-paunovski-bsc-2-936x1024.jpg, https:\/\/cdn3.fh-joanneum.at\/media\/sites\/33\/2019\/12\/di-viktor-paunovski-bsc-2.jpg 2x\"\n            \/>\n                    <source\n                media=\"(max-width: 1404px)\"\n                srcset=\"https:\/\/cdn3.fh-joanneum.at\/media\/sites\/33\/2019\/12\/di-viktor-paunovski-bsc-2.jpg, https:\/\/cdn3.fh-joanneum.at\/media\/sites\/33\/2019\/12\/di-viktor-paunovski-bsc-2.jpg 2x\"\n            \/>\n                    <source\n                media=\"(max-width: 1440px)\"\n                srcset=\"https:\/\/cdn3.fh-joanneum.at\/media\/sites\/33\/2019\/12\/di-viktor-paunovski-bsc-2.jpg, https:\/\/cdn3.fh-joanneum.at\/media\/sites\/33\/2019\/12\/di-viktor-paunovski-bsc-2.jpg 2x\"\n            \/>\n                <img decoding=\"async\"\n        class=\"img-fluid\"\n        src=\"https:\/\/cdn3.fh-joanneum.at\/media\/sites\/33\/2019\/12\/di-viktor-paunovski-bsc-2.jpg\"\n        alt=\"DI Viktor Paunovski BSc 1\"\n        title=\"\"\n         loading=\"lazy\"             >\n<\/picture>\n\n        <\/div>\n        <div class=\"p-2 p-xl-3\">\n            <h6>DI Viktor Paunovski, BSc<\/h6>\n            <p class=\"mb-0 hyphens\">\n                Das Karriereziel von Viktor Paunovski, Bauleiter bei der PORR Bau GmbH in Wien, ist die Projektleitung von Gro\u00dfbaustellen. \n            <\/p>\n        <\/div>\n    <\/div>\n<\/a>\n          <\/div>\n                  <div class=\"col-6 col-sm-4 col-md-6 col-lg-4 col-xl-4 mb-4\">\n            <a\n    href=\"https:\/\/www.fh-joanneum.at\/baumanagement-und-ingenieurbau\/master\/nach-dem-studium\/absolventinnen-absolventen\/di-bianca-gollner-bsc\/\"\n    class=\"graduate-card bg-light\"\n>\n    <div class=\"border border-light h-100\">\n        <div class=\"image-wrapper\">\n            <picture>\n                        <source\n                media=\"(max-width: 386px)\"\n                srcset=\"https:\/\/cdn3.fh-joanneum.at\/media\/sites\/33\/2019\/12\/di-bianca-gollner-bsc-2.jpg, https:\/\/cdn3.fh-joanneum.at\/media\/sites\/33\/2019\/12\/di-bianca-gollner-bsc-2-768x1147.jpg 2x\"\n            \/>\n                    <source\n                media=\"(max-width: 768px)\"\n                srcset=\"https:\/\/cdn3.fh-joanneum.at\/media\/sites\/33\/2019\/12\/di-bianca-gollner-bsc-2-768x1147.jpg, https:\/\/cdn3.fh-joanneum.at\/media\/sites\/33\/2019\/12\/di-bianca-gollner-bsc-2-686x1024.jpg 2x\"\n            \/>\n                    <source\n                media=\"(max-width: 686px)\"\n                srcset=\"https:\/\/cdn3.fh-joanneum.at\/media\/sites\/33\/2019\/12\/di-bianca-gollner-bsc-2-686x1024.jpg, https:\/\/cdn3.fh-joanneum.at\/media\/sites\/33\/2019\/12\/di-bianca-gollner-bsc-2.jpg 2x\"\n            \/>\n                    <source\n                media=\"(max-width: 1028px)\"\n                srcset=\"https:\/\/cdn3.fh-joanneum.at\/media\/sites\/33\/2019\/12\/di-bianca-gollner-bsc-2.jpg, https:\/\/cdn3.fh-joanneum.at\/media\/sites\/33\/2019\/12\/di-bianca-gollner-bsc-2.jpg 2x\"\n            \/>\n                    <source\n                media=\"(max-width: 1371px)\"\n                srcset=\"https:\/\/cdn3.fh-joanneum.at\/media\/sites\/33\/2019\/12\/di-bianca-gollner-bsc-2.jpg, https:\/\/cdn3.fh-joanneum.at\/media\/sites\/33\/2019\/12\/di-bianca-gollner-bsc-2.jpg 2x\"\n            \/>\n                <img decoding=\"async\"\n        class=\"img-fluid\"\n        src=\"https:\/\/cdn3.fh-joanneum.at\/media\/sites\/33\/2019\/12\/di-bianca-gollner-bsc-2.jpg\"\n        alt=\"DI Bianca Gollner, BSc\"\n        title=\"\"\n         loading=\"lazy\"             >\n<\/picture>\n\n        <\/div>\n        <div class=\"p-2 p-xl-3\">\n            <h6>BM DI Bianca Gollner, BSc<\/h6>\n            <p class=\"mb-0 hyphens\">\n                Als Bautechnikerin bei der PORR Bau GmbH m\u00f6chte Bianca Gollner auch zuk\u00fcnftig bei der Errichtung von Bauprojekten im Hochbau erfolgreich mitwirken. \n            <\/p>\n        <\/div>\n    <\/div>\n<\/a>\n          <\/div>\n                  <div class=\"col-6 col-sm-4 col-md-6 col-lg-4 col-xl-4 mb-4\">\n            <a\n    href=\"https:\/\/www.fh-joanneum.at\/baumanagement-und-ingenieurbau\/master\/nach-dem-studium\/absolventinnen-absolventen\/di-anela-brkovic-bsc\/\"\n    class=\"graduate-card bg-light\"\n>\n    <div class=\"border border-light h-100\">\n        <div class=\"image-wrapper\">\n            <picture>\n                        <source\n                media=\"(max-width: 485px)\"\n                srcset=\"https:\/\/cdn3.fh-joanneum.at\/media\/sites\/33\/2019\/12\/di-anela-brkovic-bsc-2.jpg, https:\/\/cdn3.fh-joanneum.at\/media\/sites\/33\/2019\/12\/di-anela-brkovic-bsc-2-768x913.jpg 2x\"\n            \/>\n                    <source\n                media=\"(max-width: 768px)\"\n                srcset=\"https:\/\/cdn3.fh-joanneum.at\/media\/sites\/33\/2019\/12\/di-anela-brkovic-bsc-2-768x913.jpg, https:\/\/cdn3.fh-joanneum.at\/media\/sites\/33\/2019\/12\/di-anela-brkovic-bsc-2-862x1024.jpg 2x\"\n            \/>\n                    <source\n                media=\"(max-width: 862px)\"\n                srcset=\"https:\/\/cdn3.fh-joanneum.at\/media\/sites\/33\/2019\/12\/di-anela-brkovic-bsc-2-862x1024.jpg, https:\/\/cdn3.fh-joanneum.at\/media\/sites\/33\/2019\/12\/di-anela-brkovic-bsc-2.jpg 2x\"\n            \/>\n                    <source\n                media=\"(max-width: 1077px)\"\n                srcset=\"https:\/\/cdn3.fh-joanneum.at\/media\/sites\/33\/2019\/12\/di-anela-brkovic-bsc-2.jpg, https:\/\/cdn3.fh-joanneum.at\/media\/sites\/33\/2019\/12\/di-anela-brkovic-bsc-2.jpg 2x\"\n            \/>\n                    <source\n                media=\"(max-width: 1077px)\"\n                srcset=\"https:\/\/cdn3.fh-joanneum.at\/media\/sites\/33\/2019\/12\/di-anela-brkovic-bsc-2.jpg, https:\/\/cdn3.fh-joanneum.at\/media\/sites\/33\/2019\/12\/di-anela-brkovic-bsc-2.jpg 2x\"\n            \/>\n                <img decoding=\"async\"\n        class=\"img-fluid\"\n        src=\"https:\/\/cdn3.fh-joanneum.at\/media\/sites\/33\/2019\/12\/di-anela-brkovic-bsc-2.jpg\"\n        alt=\"DI Anela Brkovic, BSc\"\n        title=\"\"\n         loading=\"lazy\"             >\n<\/picture>\n\n        <\/div>\n        <div class=\"p-2 p-xl-3\">\n            <h6>DI Anela Brkovic, BSc<\/h6>\n            <p class=\"mb-0 hyphens\">\n                Anela Brkovic ist Technikerin f\u00fcr Qualit\u00e4tsmanagement bei der \u00f6rtlichen Bauaufsicht am Semmering Basistunnel. Das Praktikum im Studium war f\u00fcr sie das Sprungbrett in die Arbeitswelt.\n            <\/p>\n        <\/div>\n    <\/div>\n<\/a>\n          <\/div>\n                  <div class=\"col-6 col-sm-4 col-md-6 col-lg-4 col-xl-4 mb-4\">\n            <a\n    href=\"https:\/\/www.fh-joanneum.at\/baumanagement-und-ingenieurbau\/master\/nach-dem-studium\/absolventinnen-absolventen\/ing-di-thomas-russegger-bsc\/\"\n    class=\"graduate-card bg-light\"\n>\n    <div class=\"border border-light h-100\">\n        <div class=\"image-wrapper\">\n            <picture>\n                        <source\n                media=\"(max-width: 406px)\"\n                srcset=\"https:\/\/cdn3.fh-joanneum.at\/media\/sites\/33\/2020\/05\/ing-di-thomas-russegger-bsc.jpg, https:\/\/cdn3.fh-joanneum.at\/media\/sites\/33\/2020\/05\/ing-di-thomas-russegger-bsc.jpg 2x\"\n            \/>\n                    <source\n                media=\"(max-width: 762px)\"\n                srcset=\"https:\/\/cdn3.fh-joanneum.at\/media\/sites\/33\/2020\/05\/ing-di-thomas-russegger-bsc.jpg, https:\/\/cdn3.fh-joanneum.at\/media\/sites\/33\/2020\/05\/ing-di-thomas-russegger-bsc-722x1024.jpg 2x\"\n            \/>\n                    <source\n                media=\"(max-width: 722px)\"\n                srcset=\"https:\/\/cdn3.fh-joanneum.at\/media\/sites\/33\/2020\/05\/ing-di-thomas-russegger-bsc-722x1024.jpg, https:\/\/cdn3.fh-joanneum.at\/media\/sites\/33\/2020\/05\/ing-di-thomas-russegger-bsc.jpg 2x\"\n            \/>\n                    <source\n                media=\"(max-width: 762px)\"\n                srcset=\"https:\/\/cdn3.fh-joanneum.at\/media\/sites\/33\/2020\/05\/ing-di-thomas-russegger-bsc.jpg, https:\/\/cdn3.fh-joanneum.at\/media\/sites\/33\/2020\/05\/ing-di-thomas-russegger-bsc.jpg 2x\"\n            \/>\n                    <source\n                media=\"(max-width: 762px)\"\n                srcset=\"https:\/\/cdn3.fh-joanneum.at\/media\/sites\/33\/2020\/05\/ing-di-thomas-russegger-bsc.jpg, https:\/\/cdn3.fh-joanneum.at\/media\/sites\/33\/2020\/05\/ing-di-thomas-russegger-bsc.jpg 2x\"\n            \/>\n                <img decoding=\"async\"\n        class=\"img-fluid\"\n        src=\"https:\/\/cdn3.fh-joanneum.at\/media\/sites\/33\/2020\/05\/ing-di-thomas-russegger-bsc.jpg\"\n        alt=\"Ing. DI Thomas Ru\u00dfegger, Bsc\"\n        title=\"\"\n         loading=\"lazy\"             >\n<\/picture>\n\n        <\/div>\n        <div class=\"p-2 p-xl-3\">\n            <h6>Ing. DI Thomas Ru\u00dfegger, Bsc<\/h6>\n            <p class=\"mb-0 hyphens\">\n                Thomas Ru\u00dfegger leistet im Gro\u00dfprojekt Semmering-Basistunnel einen nachhaltigen Beitrag zum Ausbau des \u00f6ffentlichen Verkehrsnetzes. \n            <\/p>\n        <\/div>\n    <\/div>\n<\/a>\n          <\/div>\n                  <div class=\"col-6 col-sm-4 col-md-6 col-lg-4 col-xl-4 mb-4\">\n            <a\n    href=\"https:\/\/www.fh-joanneum.at\/baumanagement-und-ingenieurbau\/master\/nach-dem-studium\/absolventinnen-absolventen\/di-monika-hoelzl-bsc\/\"\n    class=\"graduate-card bg-light\"\n>\n    <div class=\"border border-light h-100\">\n        <div class=\"image-wrapper\">\n            <picture>\n                        <source\n                media=\"(max-width: 384px)\"\n                srcset=\"https:\/\/cdn3.fh-joanneum.at\/media\/sites\/33\/2020\/05\/di-monika-hoelzl-bsc-2.jpg, https:\/\/cdn3.fh-joanneum.at\/media\/sites\/33\/2020\/05\/di-monika-hoelzl-bsc-2-768x1152.jpg 2x\"\n            \/>\n                    <source\n                media=\"(max-width: 768px)\"\n                srcset=\"https:\/\/cdn3.fh-joanneum.at\/media\/sites\/33\/2020\/05\/di-monika-hoelzl-bsc-2-768x1152.jpg, https:\/\/cdn3.fh-joanneum.at\/media\/sites\/33\/2020\/05\/di-monika-hoelzl-bsc-2-683x1024.jpg 2x\"\n            \/>\n                    <source\n                media=\"(max-width: 683px)\"\n                srcset=\"https:\/\/cdn3.fh-joanneum.at\/media\/sites\/33\/2020\/05\/di-monika-hoelzl-bsc-2-683x1024.jpg, https:\/\/cdn3.fh-joanneum.at\/media\/sites\/33\/2020\/05\/di-monika-hoelzl-bsc-2.jpg 2x\"\n            \/>\n                    <source\n                media=\"(max-width: 1024px)\"\n                srcset=\"https:\/\/cdn3.fh-joanneum.at\/media\/sites\/33\/2020\/05\/di-monika-hoelzl-bsc-2.jpg, https:\/\/cdn3.fh-joanneum.at\/media\/sites\/33\/2020\/05\/di-monika-hoelzl-bsc-2.jpg 2x\"\n            \/>\n                    <source\n                media=\"(max-width: 1365px)\"\n                srcset=\"https:\/\/cdn3.fh-joanneum.at\/media\/sites\/33\/2020\/05\/di-monika-hoelzl-bsc-2.jpg, https:\/\/cdn3.fh-joanneum.at\/media\/sites\/33\/2020\/05\/di-monika-hoelzl-bsc-2.jpg 2x\"\n            \/>\n                <img decoding=\"async\"\n        class=\"img-fluid\"\n        src=\"https:\/\/cdn3.fh-joanneum.at\/media\/sites\/33\/2020\/05\/di-monika-hoelzl-bsc-2.jpg\"\n        alt=\"DI Monika H\u00f6lzl, BSc\"\n        title=\"\"\n         loading=\"lazy\"             >\n<\/picture>\n\n        <\/div>\n        <div class=\"p-2 p-xl-3\">\n            <h6>DI Monika H\u00f6lzl, BSc<\/h6>\n            <p class=\"mb-0 hyphens\">\n                Seit 2019 verst\u00e4rkt Monika H\u00f6lzl das Team der  \u00d6STU-STETTIN Hoch- und Tiefbau GmbH. Im Studium hat sie den fachlichen Grundstock f\u00fcr ihren Beruf gelernt, auf den sie heute aufbauen kann und der jeden Tag erweitert wird. \n            <\/p>\n        <\/div>\n    <\/div>\n<\/a>\n          <\/div>\n                  <div class=\"col-6 col-sm-4 col-md-6 col-lg-4 col-xl-4 mb-4\">\n            <a\n    href=\"https:\/\/www.fh-joanneum.at\/baumanagement-und-ingenieurbau\/master\/nach-dem-studium\/absolventinnen-absolventen\/paul-wegerer-und-liebhard-mattuschka\/\"\n    class=\"graduate-card bg-light\"\n>\n    <div class=\"border border-light h-100\">\n        <div class=\"image-wrapper\">\n            <picture>\n                        <source\n                media=\"(max-width: 454px)\"\n                srcset=\"https:\/\/cdn3.fh-joanneum.at\/media\/sites\/33\/2024\/08\/Liebhard_Wegerer_02.jpg, https:\/\/cdn3.fh-joanneum.at\/media\/sites\/33\/2024\/08\/Liebhard_Wegerer_02.jpg 2x\"\n            \/>\n                    <source\n                media=\"(max-width: 454px)\"\n                srcset=\"https:\/\/cdn3.fh-joanneum.at\/media\/sites\/33\/2024\/08\/Liebhard_Wegerer_02.jpg, https:\/\/cdn3.fh-joanneum.at\/media\/sites\/33\/2024\/08\/Liebhard_Wegerer_02.jpg 2x\"\n            \/>\n                    <source\n                media=\"(max-width: 454px)\"\n                srcset=\"https:\/\/cdn3.fh-joanneum.at\/media\/sites\/33\/2024\/08\/Liebhard_Wegerer_02.jpg, https:\/\/cdn3.fh-joanneum.at\/media\/sites\/33\/2024\/08\/Liebhard_Wegerer_02.jpg 2x\"\n            \/>\n                    <source\n                media=\"(max-width: 454px)\"\n                srcset=\"https:\/\/cdn3.fh-joanneum.at\/media\/sites\/33\/2024\/08\/Liebhard_Wegerer_02.jpg, https:\/\/cdn3.fh-joanneum.at\/media\/sites\/33\/2024\/08\/Liebhard_Wegerer_02.jpg 2x\"\n            \/>\n                    <source\n                media=\"(max-width: 454px)\"\n                srcset=\"https:\/\/cdn3.fh-joanneum.at\/media\/sites\/33\/2024\/08\/Liebhard_Wegerer_02.jpg, https:\/\/cdn3.fh-joanneum.at\/media\/sites\/33\/2024\/08\/Liebhard_Wegerer_02.jpg 2x\"\n            \/>\n                <img decoding=\"async\"\n        class=\"img-fluid\"\n        src=\"https:\/\/cdn3.fh-joanneum.at\/media\/sites\/33\/2024\/08\/Liebhard_Wegerer_02.jpg\"\n        alt=\"\"\n        title=\"\"\n         loading=\"lazy\"             >\n<\/picture>\n\n        <\/div>\n        <div class=\"p-2 p-xl-3\">\n            <h6>DI Paul Wegerer und DI Liebhard Mattuschka<\/h6>\n            <p class=\"mb-0 hyphens\">\n                Paul Wegerer und Liebhard Mattuschka sind die CEO und Co-Founder der clone:it GmbH.\n            <\/p>\n        <\/div>\n    <\/div>\n<\/a>\n          <\/div>\n                  <\/div>\n  <\/div>\n<\/div>\n\n","protected":false},"excerpt":{"rendered":"<p>Wir haben einige unserer ehemaligen Studierenden portraitiert. So k\u00f6nnen Sie sich selbst ein Bild \u00fcber die Berufs- und Karrierem\u00f6glichkeiten machen.<\/p>\n","protected":false},"author":10,"featured_media":0,"parent":10000296,"menu_order":60,"comment_status":"closed","ping_status":"closed","template":"","meta":{"_acf_changed":false,"footnotes":""},"acf":[],"aioseo_notices":[],"_links":{"self":[{"href":"https:\/\/www.fh-joanneum.at\/baumanagement-und-ingenieurbau\/master\/wp-json\/wp\/v2\/pages\/10000300"}],"collection":[{"href":"https:\/\/www.fh-joanneum.at\/baumanagement-und-ingenieurbau\/master\/wp-json\/wp\/v2\/pages"}],"about":[{"href":"https:\/\/www.fh-joanneum.at\/baumanagement-und-ingenieurbau\/master\/wp-json\/wp\/v2\/types\/page"}],"author":[{"embeddable":true,"href":"https:\/\/www.fh-joanneum.at\/baumanagement-und-ingenieurbau\/master\/wp-json\/wp\/v2\/users\/10"}],"replies":[{"embeddable":true,"href":"https:\/\/www.fh-joanneum.at\/baumanagement-und-ingenieurbau\/master\/wp-json\/wp\/v2\/comments?post=10000300"}],"version-history":[{"count":0,"href":"https:\/\/www.fh-joanneum.at\/baumanagement-und-ingenieurbau\/master\/wp-json\/wp\/v2\/pages\/10000300\/revisions"}],"up":[{"embeddable":true,"href":"https:\/\/www.fh-joanneum.at\/baumanagement-und-ingenieurbau\/master\/wp-json\/wp\/v2\/pages\/10000296"}],"wp:attachment":[{"href":"https:\/\/www.fh-joanneum.at\/baumanagement-und-ingenieurbau\/master\/wp-json\/wp\/v2\/media?parent=10000300"}],"curies":[{"name":"wp","href":"https:\/\/api.w.org\/{rel}","templated":true}]}}