{"id":10000651,"date":"2021-09-02T13:51:11","date_gmt":"2021-09-02T13:51:11","guid":{"rendered":"https:\/\/www.fh-joanneum.at\/bauplanung-und-bauwirtschaft\/bachelor\/?page_id=651"},"modified":"2021-09-02T14:13:44","modified_gmt":"2021-09-02T14:13:44","slug":"julian-huetter-bsc","status":"publish","type":"page","link":"https:\/\/www.fh-joanneum.at\/bauplanung-und-bauwirtschaft\/bachelor\/im-studium\/praktikum\/julian-huetter-bsc\/","title":{"rendered":"Julian H\u00fctter, BSc"},"content":{"rendered":"<div id=\"\" class=\"wp-block-text-content margin-bottom-normal\">\n    <div class=\"container-lg\">\n        <div class=\"row\">\n            <div class=\"col\">\n                <h4>Eckdaten<\/h4>\n<p><strong>Jobbezeichnung:<\/strong> Bautechniker   <br>\n<strong>Unternehmen:<\/strong> Porr Bau GmbH   <br>\n<strong>Ort<\/strong>: Reininghaus-Park, Graz, &Ouml;sterreich<\/p>\n<h4>Was ich machte:<\/h4>\n<p>Ich absolvierte mein Praktikum bei einem Bauunternehmen und wurde als Bautechniker bei dem Projekt Reininghaus Q6N in Graz eingesetzt. Die N&auml;he zur Ausf&uuml;hrung war somit ideal und ich konnte beim t&auml;glichen Baubetrieb live dabei sein. Meine T&auml;tigkeiten umfassten unter anderen Materialbestellungen, Rechnungskontrollen, Qualit&auml;tskontrollen und t&auml;gliche Begehungen &ndash; demzufolge alles, das den Baubetrieb aufrechterh&auml;lt.<\/p>\n<h4>Warum mir mein Praktikum Spa&szlig; machte:<\/h4>\n<p>Im Westen von Graz entsteht ein neuer Stadtteil, der als Reininghaus bezeichnet wird. Er umfasst eine Fl&auml;che von circa 73 Fu&szlig;ballfeldern, welche in 20 Baufelder unterteilt wurde. Die geplante Bewohneranzahl bel&auml;uft sich auf rund 8.000 Personen. Als geb&uuml;rtiger Grazer war es mir eine besondere Ehre, bei einem so vielf&auml;ltigen und umfangreichen neuen Stadtteil mitwirken zu k&ouml;nnen. <\/p>\n\n            <\/div>\n        <\/div>\n            <\/div>\n<\/div>\n\n<div\n    id=\"\"\n    class=\"wp-block-image-slider margin-bottom-normal\"\n>\n    <div class=\"container-lg\">\n        <div class=\"row\">\n            <div class=\"col-12\">\n                <div class=\"swiper-outer-wrapper\">\n                    <div class=\"image-header\">\n                        <div class=\"swiper-navigation\">\n                            <div class=\"swiper-button-prev-custom\">\n                                <svg xmlns=\"http:\/\/www.w3.org\/2000\/svg\" width=\"9\" height=\"14\" viewBox=\"0 0 9 14\" fill=\"none\">\n  <path d=\"M8 13L2 7L8 1\" stroke=\"\" stroke-width=\"1.5\" stroke-linecap=\"round\"\/>\n<\/svg>                            <\/div>\n                            <div class=\"swiper-button-next-custom\">\n                                <svg xmlns=\"http:\/\/www.w3.org\/2000\/svg\" width=\"9\" height=\"14\" viewBox=\"0 0 9 14\" fill=\"none\">\n  <path d=\"M1 1L7 7L1 13\" stroke=\"\" stroke-width=\"1.5\" stroke-linecap=\"round\"\/>\n<\/svg>                            <\/div>\n                        <\/div>\n                    <\/div>\n                    <div class=\"swiper image-slider-swiper\">\n                        <div class=\"swiper-wrapper\">\n                                                                                                <div class=\"swiper-slide item\">\n                                        <picture>\n                        <source\n                media=\"(max-width: 576px)\"\n                srcset=\"https:\/\/cdn3.fh-joanneum.at\/media\/sites\/29\/2021\/09\/julian-huetter-bsc-5-scaled.jpg, https:\/\/cdn3.fh-joanneum.at\/media\/sites\/29\/2021\/09\/julian-huetter-bsc-5-768x345.jpg 2x\"\n            \/>\n                    <source\n                media=\"(max-width: 768px)\"\n                srcset=\"https:\/\/cdn3.fh-joanneum.at\/media\/sites\/29\/2021\/09\/julian-huetter-bsc-5-768x345.jpg, https:\/\/cdn3.fh-joanneum.at\/media\/sites\/29\/2021\/09\/julian-huetter-bsc-5-1024x460.jpg 2x\"\n            \/>\n                    <source\n                media=\"(max-width: 1024px)\"\n                srcset=\"https:\/\/cdn3.fh-joanneum.at\/media\/sites\/29\/2021\/09\/julian-huetter-bsc-5-1024x460.jpg, https:\/\/cdn3.fh-joanneum.at\/media\/sites\/29\/2021\/09\/julian-huetter-bsc-5-1536x690.jpg 2x\"\n            \/>\n                    <source\n                media=\"(max-width: 1536px)\"\n                srcset=\"https:\/\/cdn3.fh-joanneum.at\/media\/sites\/29\/2021\/09\/julian-huetter-bsc-5-1536x690.jpg, https:\/\/cdn3.fh-joanneum.at\/media\/sites\/29\/2021\/09\/julian-huetter-bsc-5-2048x920.jpg 2x\"\n            \/>\n                    <source\n                media=\"(max-width: 2048px)\"\n                srcset=\"https:\/\/cdn3.fh-joanneum.at\/media\/sites\/29\/2021\/09\/julian-huetter-bsc-5-2048x920.jpg, https:\/\/cdn3.fh-joanneum.at\/media\/sites\/29\/2021\/09\/julian-huetter-bsc-5-scaled.jpg 2x\"\n            \/>\n                <img decoding=\"async\"\n        class=\"img-fluid\"\n        src=\"https:\/\/cdn3.fh-joanneum.at\/media\/sites\/29\/2021\/09\/julian-huetter-bsc-5-scaled.jpg\"\n        alt=\"Julian H\u00fctter, BSc 3\"\n        title=\"\"\n         loading=\"lazy\"             >\n<\/picture>\n\n                                                                                    <p class=\"text-muted mt-2\">\u00dcbersichtsfoto des Projekts (Foto: Julian H\u00fctter)<\/p>\n                                                                            <\/div>\n                                                                    <div class=\"swiper-slide item\">\n                                        <picture>\n                        <source\n                media=\"(max-width: 576px)\"\n                srcset=\"https:\/\/cdn3.fh-joanneum.at\/media\/sites\/29\/2021\/09\/julian-huetter-bsc-3-scaled.jpg, https:\/\/cdn3.fh-joanneum.at\/media\/sites\/29\/2021\/09\/julian-huetter-bsc-3-768x576.jpg 2x\"\n            \/>\n                    <source\n                media=\"(max-width: 768px)\"\n                srcset=\"https:\/\/cdn3.fh-joanneum.at\/media\/sites\/29\/2021\/09\/julian-huetter-bsc-3-768x576.jpg, https:\/\/cdn3.fh-joanneum.at\/media\/sites\/29\/2021\/09\/julian-huetter-bsc-3-1024x768.jpg 2x\"\n            \/>\n                    <source\n                media=\"(max-width: 1024px)\"\n                srcset=\"https:\/\/cdn3.fh-joanneum.at\/media\/sites\/29\/2021\/09\/julian-huetter-bsc-3-1024x768.jpg, https:\/\/cdn3.fh-joanneum.at\/media\/sites\/29\/2021\/09\/julian-huetter-bsc-3-1536x1152.jpg 2x\"\n            \/>\n                    <source\n                media=\"(max-width: 1536px)\"\n                srcset=\"https:\/\/cdn3.fh-joanneum.at\/media\/sites\/29\/2021\/09\/julian-huetter-bsc-3-1536x1152.jpg, https:\/\/cdn3.fh-joanneum.at\/media\/sites\/29\/2021\/09\/julian-huetter-bsc-3-2048x1536.jpg 2x\"\n            \/>\n                    <source\n                media=\"(max-width: 2048px)\"\n                srcset=\"https:\/\/cdn3.fh-joanneum.at\/media\/sites\/29\/2021\/09\/julian-huetter-bsc-3-2048x1536.jpg, https:\/\/cdn3.fh-joanneum.at\/media\/sites\/29\/2021\/09\/julian-huetter-bsc-3-scaled.jpg 2x\"\n            \/>\n                <img decoding=\"async\"\n        class=\"img-fluid\"\n        src=\"https:\/\/cdn3.fh-joanneum.at\/media\/sites\/29\/2021\/09\/julian-huetter-bsc-3-scaled.jpg\"\n        alt=\"Julian H\u00fctter, BSc 1\"\n        title=\"\"\n         loading=\"lazy\"             >\n<\/picture>\n\n                                                                                    <p class=\"text-muted mt-2\">Begehung der Flachd\u00e4cher mit sch\u00f6ner Aussicht auf den Plabutsch (Foto: Julian H\u00fctter)<\/p>\n                                                                            <\/div>\n                                                                    <div class=\"swiper-slide item\">\n                                        <picture>\n                        <source\n                media=\"(max-width: 576px)\"\n                srcset=\"https:\/\/cdn3.fh-joanneum.at\/media\/sites\/29\/2021\/09\/julian-huetter-bsc-2-scaled.jpg, https:\/\/cdn3.fh-joanneum.at\/media\/sites\/29\/2021\/09\/julian-huetter-bsc-2-768x576.jpg 2x\"\n            \/>\n                    <source\n                media=\"(max-width: 768px)\"\n                srcset=\"https:\/\/cdn3.fh-joanneum.at\/media\/sites\/29\/2021\/09\/julian-huetter-bsc-2-768x576.jpg, https:\/\/cdn3.fh-joanneum.at\/media\/sites\/29\/2021\/09\/julian-huetter-bsc-2-1024x768.jpg 2x\"\n            \/>\n                    <source\n                media=\"(max-width: 1024px)\"\n                srcset=\"https:\/\/cdn3.fh-joanneum.at\/media\/sites\/29\/2021\/09\/julian-huetter-bsc-2-1024x768.jpg, https:\/\/cdn3.fh-joanneum.at\/media\/sites\/29\/2021\/09\/julian-huetter-bsc-2-1536x1152.jpg 2x\"\n            \/>\n                    <source\n                media=\"(max-width: 1536px)\"\n                srcset=\"https:\/\/cdn3.fh-joanneum.at\/media\/sites\/29\/2021\/09\/julian-huetter-bsc-2-1536x1152.jpg, https:\/\/cdn3.fh-joanneum.at\/media\/sites\/29\/2021\/09\/julian-huetter-bsc-2-2048x1536.jpg 2x\"\n            \/>\n                    <source\n                media=\"(max-width: 2048px)\"\n                srcset=\"https:\/\/cdn3.fh-joanneum.at\/media\/sites\/29\/2021\/09\/julian-huetter-bsc-2-2048x1536.jpg, https:\/\/cdn3.fh-joanneum.at\/media\/sites\/29\/2021\/09\/julian-huetter-bsc-2-scaled.jpg 2x\"\n            \/>\n                <img decoding=\"async\"\n        class=\"img-fluid\"\n        src=\"https:\/\/cdn3.fh-joanneum.at\/media\/sites\/29\/2021\/09\/julian-huetter-bsc-2-scaled.jpg\"\n        alt=\"Julian H\u00fctter, BSc\"\n        title=\"\"\n         loading=\"lazy\"             >\n<\/picture>\n\n                                                                                    <p class=\"text-muted mt-2\">Hier entsteht eine gro\u00dfe Parkanlage, im Hintergrund weitere Objekte des neuen Stadtteiles-Reininghaus-Park (Foto: Julian H\u00fctter)<\/p>\n                                                                            <\/div>\n                                                                                    <\/div>\n                    <\/div>\n\n                    <div class=\"swiper-navigation-pagination\">\n                        <div class=\"swiper-button-prev-custom\">\n                            <svg xmlns=\"http:\/\/www.w3.org\/2000\/svg\" width=\"9\" height=\"14\" viewBox=\"0 0 9 14\" fill=\"none\">\n  <path d=\"M8 13L2 7L8 1\" stroke=\"\" stroke-width=\"1.5\" stroke-linecap=\"round\"\/>\n<\/svg>                        <\/div>\n                        <div class=\"swiper-pagination\"><\/div>\n                        <div class=\"swiper-button-next-custom\">\n                            <svg xmlns=\"http:\/\/www.w3.org\/2000\/svg\" width=\"9\" height=\"14\" viewBox=\"0 0 9 14\" fill=\"none\">\n  <path d=\"M1 1L7 7L1 13\" stroke=\"\" stroke-width=\"1.5\" stroke-linecap=\"round\"\/>\n<\/svg>                        <\/div>\n                    <\/div>\n                <\/div>\n            <\/div>\n        <\/div>\n    <\/div>\n<\/div>\n\n<div id=\"\" class=\"wp-block-text-content margin-bottom-normal\">\n    <div class=\"container-lg\">\n        <div class=\"row\">\n            <div class=\"col\">\n                <h4>Das habe ich gelernt:<\/h4>\n<p>Mir wurde recht schnell viel Verantwortung &uuml;bergeben und ich konnte selbstst&auml;ndig arbeiten. Zudem wurde f&uuml;r die Baustellenabwicklung eine Lean-Construction-Methode herangezogen &ndash; zu dieser verfasste ich auch meine Bachelorarbeit. <\/p>\n<h4>Mein gr&ouml;&szlig;ter Erfolg \/ mein bestes Erlebnis:<\/h4>\n<p>Ich bin stolz darauf, bei einem neuen Stadtteil f&uuml;r Graz mitgewirkt zu haben. Zu sehen, wie t&auml;gliche Arbeitsabschnitte abgeschlossen werden und die Baustelle w&auml;chst, ist als Bauingenieur sehr spannend und erf&uuml;llend.<\/p>\n<h4>Wie ich dieses Praktikum bekommen habe:<\/h4>\n<p>Ich habe bereits bei einem Sommerpraktikum erste Einblicke in das Unternehmen bekommen und konnte so diesen Kontakt f&uuml;r mein Pflichtpraktikum nutzen. F&uuml;r das damalige Sommerpraktikum habe ich mich direkt bei der HR-Abteilung beworben. <\/p>\n<h4>Das m&ouml;chte ich in Zukunft tun:<\/h4>\n<p>In Zukunft m&ouml;chte ich mich den Herausforderungen von abwechslungsreichen und anspruchsvollen Projekten stellen. Dabei w&uuml;rde ich auch gerne das eine oder andere Projekt im Ausland durchf&uuml;hren. Ich bin gespannt darauf, was die berufliche Zukunft bringt. <\/p>\n\n            <\/div>\n        <\/div>\n            <\/div>\n<\/div>\n\n","protected":false},"excerpt":{"rendered":"<p>Mein Praktikum bei der Porr Bau GmbH.<\/p>\n","protected":false},"author":11,"featured_media":10000654,"parent":10000131,"menu_order":5,"comment_status":"closed","ping_status":"closed","template":"template-absolvent.blade.php","meta":{"_acf_changed":false,"footnotes":""},"acf":[],"aioseo_notices":[],"_links":{"self":[{"href":"https:\/\/www.fh-joanneum.at\/bauplanung-und-bauwirtschaft\/bachelor\/wp-json\/wp\/v2\/pages\/10000651"}],"collection":[{"href":"https:\/\/www.fh-joanneum.at\/bauplanung-und-bauwirtschaft\/bachelor\/wp-json\/wp\/v2\/pages"}],"about":[{"href":"https:\/\/www.fh-joanneum.at\/bauplanung-und-bauwirtschaft\/bachelor\/wp-json\/wp\/v2\/types\/page"}],"author":[{"embeddable":true,"href":"https:\/\/www.fh-joanneum.at\/bauplanung-und-bauwirtschaft\/bachelor\/wp-json\/wp\/v2\/users\/11"}],"replies":[{"embeddable":true,"href":"https:\/\/www.fh-joanneum.at\/bauplanung-und-bauwirtschaft\/bachelor\/wp-json\/wp\/v2\/comments?post=10000651"}],"version-history":[{"count":0,"href":"https:\/\/www.fh-joanneum.at\/bauplanung-und-bauwirtschaft\/bachelor\/wp-json\/wp\/v2\/pages\/10000651\/revisions"}],"up":[{"embeddable":true,"href":"https:\/\/www.fh-joanneum.at\/bauplanung-und-bauwirtschaft\/bachelor\/wp-json\/wp\/v2\/pages\/10000131"}],"wp:featuredmedia":[{"embeddable":true,"href":"https:\/\/www.fh-joanneum.at\/bauplanung-und-bauwirtschaft\/bachelor\/wp-json\/wp\/v2\/media\/10000654"}],"wp:attachment":[{"href":"https:\/\/www.fh-joanneum.at\/bauplanung-und-bauwirtschaft\/bachelor\/wp-json\/wp\/v2\/media?parent=10000651"}],"curies":[{"name":"wp","href":"https:\/\/api.w.org\/{rel}","templated":true}]}}