{"id":10000611,"date":"2020-05-08T13:38:49","date_gmt":"2020-05-08T11:38:49","guid":{"rendered":"https:\/\/www.fh-joanneum.at\/communication-design\/master\/?page_id=611"},"modified":"2020-05-08T14:42:41","modified_gmt":"2020-05-08T12:42:41","slug":"martina-veider-ba-ma","status":"publish","type":"page","link":"https:\/\/www.fh-joanneum.at\/communication-design\/master\/nach-dem-studium\/absolventinnen-absolventen\/martina-veider-ba-ma\/","title":{"rendered":"Martina Veider, BA MA"},"content":{"rendered":"<div id=\"\" class=\"wp-block-text-content margin-bottom-normal\">\n    <div class=\"container-lg\">\n        <div class=\"row\">\n            <div class=\"col\">\n                <h4>Eckdaten<\/h4>\n<p><strong>Jobbezeichnung:<\/strong> Informationsdesignerin  <br>\n<strong>Unternehmen:<\/strong> Selbstst&auml;ndig &ndash; EINSTUDIO <br>\n<strong>Ich arbeite in:<\/strong> Graz, &Ouml;sterreich <br>\n<strong>Ich arbeite seit:<\/strong> 2018 <br>\n<strong>Mein Kontakt:<\/strong> <a href=\"mailto:office@einstudio.at\">office@einstudio.at<\/a> <br>\n<a href=\"https:\/\/einstudio.at\/kontakt\" target=\"_blank\" rel=\"noopener noreferrer\">www.einstudio.at<\/a>  <br>\n<a href=\"https:\/\/www.instagram.com\/dasisteinstudio\/\" target=\"_blank\" rel=\"noopener noreferrer\">Instagram<\/a> <br>\n<a href=\"https:\/\/www.facebook.com\/dasisteinstudio\/\" target=\"_blank\" rel=\"noopener noreferrer\">Facebook<\/a><\/p>\n<p>Bild: &copy; studiobrighten<\/p>\n<h4>Was ich mache:<\/h4>\n<ul>\n<li>Informationsdesign<\/li>\n<li>Editorial Design<\/li>\n<li>Branding<\/li>\n<\/ul>\n<h4>Warum ich meinen Beruf liebe:<\/h4>\n<ul>\n<li>Aufkl&auml;ren und Verst&auml;ndnis generieren durch die Darstellung von Information und Daten<\/li>\n<li>Zusammenarbeiten mit anderen Expertinnen und Experten<\/li>\n<li>kreative Prozesse begleiten<\/li>\n<\/ul>\n<h4>Was ich an meinem Job nicht so mag:<\/h4>\n<ul>\n<li>die Rechtfertigung des Wertes von Design<\/li>\n<li>zu sp&auml;tes Miteinbeziehen in Gestaltungsprozesse<\/li>\n<\/ul>\n<h4>Wichtige F&auml;higkeiten in meinem Job:<\/h4>\n<ul>\n<li>Kommunikationsf&auml;higkeit<\/li>\n<li>vernetztes Denken<\/li>\n<li>Flexibilit&auml;t<\/li>\n<\/ul>\n<h4>Mein bisher gr&ouml;&szlig;ter Erfolg in meiner Karriere:<\/h4>\n<p>Mein Highlight ist, dass ich nach einem f&ouml;rmlichen &bdquo;Hineinstolpern&ldquo; in die Selbstst&auml;ndigkeit sagen kann, dass es der richtige Weg war. Und ich mit jedem neuen Projekt die gleiche Euphorie sp&uuml;re wie beim ersten.<\/p>\n<h4>So bin ich zu meinem Job gekommen:<\/h4>\n<p>Ein Freund hat mir von dem Gr&uuml;nderprogramm erz&auml;hlt und mir gleichzeitig mehrere Projektauftr&auml;ge in Aussicht gestellt. Danach nahm alles seinen Lauf.<\/p>\n<h4>Das habe ich im Studium f&uuml;rs Berufsleben gelernt:<\/h4>\n<p>W&auml;hrend des Masterstudiums konnte ich an meiner Spezialisierung arbeiten und herausfinden, wo der Weg sp&auml;ter hingehen soll. Und es ist mir klar geworden, dass ohne ein gutes Team, Eigeninitiative und etwas Mut nicht viel passiert.<\/p>\n<h4>Die Jobchancen in meinem Bereich:<\/h4>\n<p>Als Selbstst&auml;ndige sehe ich es als Privileg, sich seinen eigenen Job kreieren zu k&ouml;nnen &ndash; es gibt unendliche Chancen. Deshalb ist es meiner Meinung nach wichtig, Schwerpunkte zu setzen und diese klar zu kommunizieren.<\/p>\n<h4>Ich bin:<\/h4>\n<ul>\n<li>empathisch<\/li>\n<li>l&ouml;sungsorientiert<\/li>\n<li>verl&auml;sslich<\/li>\n<\/ul>\n<h4>Zitat<\/h4>\n<p>Ich liebe kreative Prozesse und diese gemeinsam in Teams zu erarbeiten. Dabei ist es sch&ouml;n, in einer Creative City zu wohnen, in der sich ein Netzwerk auf nat&uuml;rliche Weise bilden kann. Begonnen hat es an der FH JOANNEUM und jetzt trifft man sich im Kaffee, bei Events und am Markt. <\/p>\n<p>Ich glaube, dass die Kreativ-Szene in Graz noch vieles erreichen kann, und hoffe, dass ich hier als Unternehmerin und als Mensch noch lange ein kleiner Teil davon sein darf. <\/p>\n\n            <\/div>\n        <\/div>\n            <\/div>\n<\/div>\n\n","protected":false},"excerpt":{"rendered":"<p>2018 hat Martina Veider EINSTUDIO gegr\u00fcndet. F\u00fcr die selbstst\u00e4ndige Informationsdesignerin ist es ein Privileg, sich seinen eigenen Job kreieren zu k\u00f6nnen.  <\/p>\n","protected":false},"author":11,"featured_media":10000615,"parent":10000288,"menu_order":0,"comment_status":"closed","ping_status":"closed","template":"template-absolvent.blade.php","meta":{"_acf_changed":false,"footnotes":""},"acf":[],"aioseo_notices":[],"_links":{"self":[{"href":"https:\/\/www.fh-joanneum.at\/communication-design\/master\/wp-json\/wp\/v2\/pages\/10000611"}],"collection":[{"href":"https:\/\/www.fh-joanneum.at\/communication-design\/master\/wp-json\/wp\/v2\/pages"}],"about":[{"href":"https:\/\/www.fh-joanneum.at\/communication-design\/master\/wp-json\/wp\/v2\/types\/page"}],"author":[{"embeddable":true,"href":"https:\/\/www.fh-joanneum.at\/communication-design\/master\/wp-json\/wp\/v2\/users\/11"}],"replies":[{"embeddable":true,"href":"https:\/\/www.fh-joanneum.at\/communication-design\/master\/wp-json\/wp\/v2\/comments?post=10000611"}],"version-history":[{"count":0,"href":"https:\/\/www.fh-joanneum.at\/communication-design\/master\/wp-json\/wp\/v2\/pages\/10000611\/revisions"}],"up":[{"embeddable":true,"href":"https:\/\/www.fh-joanneum.at\/communication-design\/master\/wp-json\/wp\/v2\/pages\/10000288"}],"wp:featuredmedia":[{"embeddable":true,"href":"https:\/\/www.fh-joanneum.at\/communication-design\/master\/wp-json\/wp\/v2\/media\/10000615"}],"wp:attachment":[{"href":"https:\/\/www.fh-joanneum.at\/communication-design\/master\/wp-json\/wp\/v2\/media?parent=10000611"}],"curies":[{"name":"wp","href":"https:\/\/api.w.org\/{rel}","templated":true}]}}

<p>2018 hat Martina Veider EINSTUDIO gegründet. Für die selbstständige Informationsdesignerin ist es ein Privileg, sich seinen eigenen Job kreieren zu können.  </p>
