{"id":10000363,"date":"2025-01-17T09:46:17","date_gmt":"2025-01-17T08:46:17","guid":{"rendered":"https:\/\/www.fh-joanneum.at\/digital-entrepreneurship\/master\/?page_id=10000363"},"modified":"2025-01-17T09:49:06","modified_gmt":"2025-01-17T08:49:06","slug":"anna-lena-reischl","status":"publish","type":"page","link":"https:\/\/www.fh-joanneum.at\/digital-entrepreneurship\/master\/nach-dem-studium\/absolventinnen\/anna-lena-reischl\/","title":{"rendered":"Anna-Lena Reischl"},"content":{"rendered":"<div id=\"\" class=\"wp-block-text-content margin-bottom-normal\">\n    <div class=\"container-lg\">\n        <div class=\"row\">\n            <div class=\"col\">\n                <h4>Eckdaten<\/h4>\n<p><strong>Jobbezeichnung:<\/strong> Strategic Planner<br>\n<strong>Unternehmen:<\/strong> BBDO <a href=\"https:\/\/www.bbdo.at\/\" target=\"_blank\" rel=\"noopener noreferrer\">www.bbdo.at<\/a><br>\n<strong>Ich arbeite in:<\/strong> Wien, &Ouml;sterreich<br>\n<strong>Ich arbeite hier seit:<\/strong> Februar 2025 (davor <a href=\"https:\/\/freude.agency\/\" target=\"_blank\" rel=\"noopener noreferrer\">heimat Wien<\/a>)<br>\n<strong>Mein Kontakt:<\/strong> <a href=\"mailto:al.reischl@web.de\">al.reischl@web.de<\/a><br>\noder: <a href=\"https:\/\/www.linkedin.com\/in\/anna-lenareischl\/\" target=\"_blank\" rel=\"noopener noreferrer\">linkedIn<\/a><\/p>\n<h4>Was ich mache<\/h4>\n<ul>\n<li>Markt- und Trendanalysen mit Fokus auf Konsum, Gesellschaft und Medien<\/li>\n<li>Strategische Planung von Kampagnen<\/li>\n<li>Entwicklung von Markenstrategien<\/li>\n<\/ul>\n<h4>Warum ich meinen Beruf liebe<\/h4>\n<ul>\n<li>In meinem Job kann ich all das, was ich im Alltag beobachte oder lese, zu Papier bringen und gemeinsam mit den Grafiker:innen visualisieren.<\/li>\n<li>Die Werbebranche lebt vom Austausch\/Netzwerken und spannenden Charakteren<\/li>\n<li>Die Vielfalt an Themen mit denen man sich besch&auml;ftigen darf<\/li>\n<\/ul>\n<h4>Wichtige F&auml;higkeiten in meinem Job<\/h4>\n<ul>\n<li>Neugierig durch die Welt laufen und Impulse wahrnehmen.<\/li>\n<li>Offenheit gegen&uuml;ber allen Themen und Menschen, die einem begegnen.<\/li>\n<li>Zuh&ouml;ren, um zu verstehen, nicht um Antworten zu k&ouml;nnen.<\/li>\n<\/ul>\n<h4>Mein bisher tollstes Erlebnis<\/h4>\n<p>Mein absolutes Highlight war die Umsetzung eines kompletten Rebrandings samt Launchkampagne f&uuml;r einen Schweizer Hotelverband. Dabei konnte ich auf die Unterst&uuml;tzung erfahrener Kolleg:innen z&auml;hlen, die mir nicht nur ihr Wissen vermittelten, sondern mir auch den Freiraum und das Vertrauen schenkten, meine eigenen Ideen umzusetzen. Dadurch konnte ich mein kreatives Potenzial voll entfalten und gleichzeitig von ihrem Know-how profitieren.<\/p>\n<h4>Das habe ich im Studium an der FH JOANNEUM f&uuml;r&acute;s Leben gelernt<\/h4>\n<p>Aus meinem Studium habe ich vor allem ein besseres Verst&auml;ndnis daf&uuml;r mitgenommen, wie ich Kommunikationsma&szlig;nahmen stets in einen gr&ouml;&szlig;eren Businesskontext einbetten kann. Dabei helfen mir konkrete Analysetools und Frameworks, um M&auml;rkte, Zielgruppen und Gesch&auml;ftsziele klarer zu erkennen. Au&szlig;erdem hat mir das Studium gezeigt, dass ich gerne als &bdquo;Intrapreneur&ldquo; im Unternehmen agiere: Ich sch&auml;tze die Sicherheit als Angestellte, verfolge aber gleichzeitig einen unternehmerischen, eigenverantwortlichen Ansatz.<\/p>\n<h4>Die Jobchancen in meinem Bereich<\/h4>\n<p>Die Berufsaussichten f&uuml;r Neueinsteiger in strategische Positionen sind momentan sehr vielversprechend, da es in &Ouml;sterreich nur wenige Strateg:innen gibt und der Bedarf stetig w&auml;chst. Allerdings erfordert der Einstieg Eigeninitiative, um sich auch &uuml;ber den Job hinaus mit dem Fachgebiet auseinanderzusetzen. Da es in &Ouml;sterreich keine standardisierte Ausbildung f&uuml;r Planning gibt, sind Neugier, Lernbereitschaft und eigenst&auml;ndige Weiterbildung besonders wichtig.<\/p>\n<h4>Ich bin<\/h4>\n<ul>\n<li>Wissbegierig<\/li>\n<li>Optimistisch<\/li>\n<li>Aufmerksam<\/li>\n<\/ul>\n<h4>Meine n&auml;chsten Ziele<\/h4>\n<p>Meine n&auml;chsten Ziele sind es herauszufinden, auf welche Kernbereiche im Strategic Planning ich mich konzentrieren m&ouml;chte (mehr Marke oder eher Kommunikation). Weiter gedacht sehe ich mich auf alle F&auml;lle in einer F&uuml;hrungsposition. Ich will anderen eine Chance geben und sie f&uuml;r den Beruf begeistern &ndash; so wie ich auf meinem bisherigen Weg auch immer Chancengeber:innen und tolle Mentor:innen gehabt habe. Ich habe mich f&uuml;r Wien entschieden, weil in dieser Stadt an jeder Ecke spannende Menschen und Impulse zu finden sind. Die Werbung fasziniert mich, weil es hier viel um den Austausch mit Menschen geht, um das Verstehen von gesellschaftlichen Ver&auml;nderungen, um Psychologie und Philosophie. Ich mag es, dass ich mich jeden Tag mit neuen Themen besch&auml;ftigen darf.<\/p>\n<p>Studierenden m&ouml;chte ich mitgeben, dass sie die Zeit, in der sie studieren, daf&uuml;r nutzen, Jobs, Branchen und Unternehmen auszuprobieren. Gerade in dieser Phase hat man einen &bdquo;Welpenschutz&ldquo; wenn man mal merkt, dass das, was man dachte es w&auml;re der absolute Traumjob, doch nicht passt. Au&szlig;erdem kann man dann bestenfalls nach dem Studium schon direkt mit einem Job starten, der einem Spa&szlig; macht, weil man zuvor viel ausprobiert hat. In dieser Zeit legt man den Grundstein bzw. hat gen&uuml;gend Raum, ihn zu legen und zu formen, wie es sich gut anf&uuml;hlt. Seht es als Chance und ergreift die Initiative!<\/p>\n<p>&nbsp;<\/p>\n\n            <\/div>\n        <\/div>\n            <\/div>\n<\/div>\n\n\n<div\n    id=\"\"\n    class=\"wp-block-blockquote margin-bottom-normal\"\n>\n    <div class=\"container-lg\">\n        <div class=\"row\">\n            <div class=\"col\">\n                <div class=\"d-block mb-2 fs-5 major-text-color\">\u201eStudierenden m\u00f6chte ich mitgeben, dass sie die Zeit, in der sie studieren, daf\u00fcr nutzen, Jobs, Branchen und Unternehmen auszuprobieren. W\u00e4hrend des Studiums legt man den Grundstein bzw. hat gen\u00fcgend Raum, ihn zu legen und zu formen, wie es sich gut anf\u00fchlt. Seht es als Chance und ergreift die Initiative!&#8221;<\/div>\n                <span class=\"d-flex justify-content-end\">Anna-Lena Reischl<\/span>\n            <\/div>\n        <\/div>\n    <\/div>\n<\/div>\n","protected":false},"excerpt":{"rendered":"","protected":false},"author":143,"featured_media":10000497,"parent":10000257,"menu_order":14,"comment_status":"closed","ping_status":"closed","template":"template-absolvent.blade.php","meta":{"_acf_changed":false,"footnotes":""},"acf":[],"aioseo_notices":[],"_links":{"self":[{"href":"https:\/\/www.fh-joanneum.at\/digital-entrepreneurship\/master\/wp-json\/wp\/v2\/pages\/10000363"}],"collection":[{"href":"https:\/\/www.fh-joanneum.at\/digital-entrepreneurship\/master\/wp-json\/wp\/v2\/pages"}],"about":[{"href":"https:\/\/www.fh-joanneum.at\/digital-entrepreneurship\/master\/wp-json\/wp\/v2\/types\/page"}],"author":[{"embeddable":true,"href":"https:\/\/www.fh-joanneum.at\/digital-entrepreneurship\/master\/wp-json\/wp\/v2\/users\/143"}],"replies":[{"embeddable":true,"href":"https:\/\/www.fh-joanneum.at\/digital-entrepreneurship\/master\/wp-json\/wp\/v2\/comments?post=10000363"}],"version-history":[{"count":5,"href":"https:\/\/www.fh-joanneum.at\/digital-entrepreneurship\/master\/wp-json\/wp\/v2\/pages\/10000363\/revisions"}],"predecessor-version":[{"id":10000504,"href":"https:\/\/www.fh-joanneum.at\/digital-entrepreneurship\/master\/wp-json\/wp\/v2\/pages\/10000363\/revisions\/10000504"}],"up":[{"embeddable":true,"href":"https:\/\/www.fh-joanneum.at\/digital-entrepreneurship\/master\/wp-json\/wp\/v2\/pages\/10000257"}],"wp:featuredmedia":[{"embeddable":true,"href":"https:\/\/www.fh-joanneum.at\/digital-entrepreneurship\/master\/wp-json\/wp\/v2\/media\/10000497"}],"wp:attachment":[{"href":"https:\/\/www.fh-joanneum.at\/digital-entrepreneurship\/master\/wp-json\/wp\/v2\/media?parent=10000363"}],"curies":[{"name":"wp","href":"https:\/\/api.w.org\/{rel}","templated":true}]}}

<div id="" class="wp-block-text-content margin-bottom-normal">
    <div class="container-lg">
        <div class="row">
            <div class="col">
                <h4>Eckdaten</h4>
<p><strong>Jobbezeichnung:</strong> Strategic Planner<br>
<strong>Unternehmen:</strong> BBDO <a href="https://www.bbdo.at/" target="_blank" rel="noopener noreferrer">www.bbdo.at</a><br>
<strong>Ich arbeite in:</strong> Wien, &Ouml;sterreich<br>
<strong>Ich arbeite hier seit:</strong> Februar 2025 (davor <a href="https://freude.agency/" target="_blank" rel="noopener noreferrer">heimat Wien</a>)<br>
<strong>Mein Kontakt:</strong> <a href="mailto:al.reischl@web.de">al.reischl@web.de</a><br>
oder: <a href="https://www.linkedin.com/in/anna-lenareischl/" target="_blank" rel="noopener noreferrer">linkedIn</a></p>
<h4>Was ich mache</h4>
<ul>
<li>Markt- und Trendanalysen mit Fokus auf Konsum, Gesellschaft und Medien</li>
<li>Strategische Planung von Kampagnen</li>
<li>Entwicklung von Markenstrategien</li>
</ul>
<h4>Warum ich meinen Beruf liebe</h4>
<ul>
<li>In meinem Job kann ich all das, was ich im Alltag beobachte oder lese, zu Papier bringen und gemeinsam mit den Grafiker:innen visualisieren.</li>
<li>Die Werbebranche lebt vom Austausch/Netzwerken und spannenden Charakteren</li>
<li>Die Vielfalt an Themen mit denen man sich besch&auml;ftigen darf</li>
</ul>
<h4>Wichtige F&auml;higkeiten in meinem Job</h4>
<ul>
<li>Neugierig durch die Welt laufen und Impulse wahrnehmen.</li>
<li>Offenheit gegen&uuml;ber allen Themen und Menschen, die einem begegnen.</li>
<li>Zuh&ouml;ren, um zu verstehen, nicht um Antworten zu k&ouml;nnen.</li>
</ul>
<h4>Mein bisher tollstes Erlebnis</h4>
<p>Mein absolutes Highlight war die Umsetzung eines kompletten Rebrandings samt Launchkampagne f&uuml;r einen Schweizer Hotelverband. Dabei konnte ich auf die Unterst&uuml;tzung erfahrener Kolleg:innen z&auml;hlen, die mir nicht nur ihr Wissen vermittelten, sondern mir auch den Freiraum und das Vertrauen schenkten, meine eigenen Ideen umzusetzen. Dadurch konnte ich mein kreatives Potenzial voll entfalten und gleichzeitig von ihrem Know-how profitieren.</p>
<h4>Das habe ich im Studium an der FH JOANNEUM f&uuml;r&acute;s Leben gelernt</h4>
<p>Aus meinem Studium habe ich vor allem ein besseres Verst&auml;ndnis daf&uuml;r mitgenommen, wie ich Kommunikationsma&szlig;nahmen stets in einen gr&ouml;&szlig;eren Businesskontext einbetten kann. Dabei helfen mir konkrete Analysetools und Frameworks, um M&auml;rkte, Zielgruppen und Gesch&auml;ftsziele klarer zu erkennen. Au&szlig;erdem hat mir das Studium gezeigt, dass ich gerne als &bdquo;Intrapreneur&ldquo; im Unternehmen agiere: Ich sch&auml;tze die Sicherheit als Angestellte, verfolge aber gleichzeitig einen unternehmerischen, eigenverantwortlichen Ansatz.</p>
<h4>Die Jobchancen in meinem Bereich</h4>
<p>Die Berufsaussichten f&uuml;r Neueinsteiger in strategische Positionen sind momentan sehr vielversprechend, da es in &Ouml;sterreich nur wenige Strateg:innen gibt und der Bedarf stetig w&auml;chst. Allerdings erfordert der Einstieg Eigeninitiative, um sich auch &uuml;ber den Job hinaus mit dem Fachgebiet auseinanderzusetzen. Da es in &Ouml;sterreich keine standardisierte Ausbildung f&uuml;r Planning gibt, sind Neugier, Lernbereitschaft und eigenst&auml;ndige Weiterbildung besonders wichtig.</p>
<h4>Ich bin</h4>
<ul>
<li>Wissbegierig</li>
<li>Optimistisch</li>
<li>Aufmerksam</li>
</ul>
<h4>Meine n&auml;chsten Ziele</h4>
<p>Meine n&auml;chsten Ziele sind es herauszufinden, auf welche Kernbereiche im Strategic Planning ich mich konzentrieren m&ouml;chte (mehr Marke oder eher Kommunikation). Weiter gedacht sehe ich mich auf alle F&auml;lle in einer F&uuml;hrungsposition. Ich will anderen eine Chance geben und sie f&uuml;r den Beruf begeistern &ndash; so wie ich auf meinem bisherigen Weg auch immer Chancengeber:innen und tolle Mentor:innen gehabt habe. Ich habe mich f&uuml;r Wien entschieden, weil in dieser Stadt an jeder Ecke spannende Menschen und Impulse zu finden sind. Die Werbung fasziniert mich, weil es hier viel um den Austausch mit Menschen geht, um das Verstehen von gesellschaftlichen Ver&auml;nderungen, um Psychologie und Philosophie. Ich mag es, dass ich mich jeden Tag mit neuen Themen besch&auml;ftigen darf.</p>
<p>Studierenden m&ouml;chte ich mitgeben, dass sie die Zeit, in der sie studieren, daf&uuml;r nutzen, Jobs, Branchen und Unternehmen auszuprobieren. Gerade in dieser Phase hat man einen &bdquo;Welpenschutz&ldquo; wenn man mal merkt, dass das, was man dachte es w&auml;re der absolute Traumjob, doch nicht passt. Au&szlig;erdem kann man dann bestenfalls nach dem Studium schon direkt mit einem Job starten, der einem Spa&szlig; macht, weil man zuvor viel ausprobiert hat. In dieser Zeit legt man den Grundstein bzw. hat gen&uuml;gend Raum, ihn zu legen und zu formen, wie es sich gut anf&uuml;hlt. Seht es als Chance und ergreift die Initiative!</p>
<p>&nbsp;</p>

            </div>
        </div>
            </div>
</div>


<div
    id=""
    class="wp-block-blockquote margin-bottom-normal"
>
    <div class="container-lg">
        <div class="row">
            <div class="col">
                <div class="d-block mb-2 fs-5 major-text-color">„Studierenden möchte ich mitgeben, dass sie die Zeit, in der sie studieren, dafür nutzen, Jobs, Branchen und Unternehmen auszuprobieren. Während des Studiums legt man den Grundstein bzw. hat genügend Raum, ihn zu legen und zu formen, wie es sich gut anfühlt. Seht es als Chance und ergreift die Initiative!&#8221;</div>
                <span class="d-flex justify-content-end">Anna-Lena Reischl</span>
            </div>
        </div>
    </div>
</div>
