{"id":10000284,"date":"2015-08-10T14:29:32","date_gmt":"2015-08-10T12:29:32","guid":{"rendered":"https:\/\/www.fh-joanneum.at\/elektronik-und-computer-engineering\/bachelor\/?page_id=284"},"modified":"2025-12-04T12:56:45","modified_gmt":"2025-12-04T11:56:45","slug":"studienabschluss","status":"publish","type":"page","link":"https:\/\/www.fh-joanneum.at\/elektronik-und-computer-engineering\/bachelor\/im-studium\/studienabschluss\/","title":{"rendered":"Studienabschluss"},"content":{"rendered":"<div id=\"\" class=\"wp-block-text-content margin-bottom-none\">\n    <div class=\"container-lg\">\n        <div class=\"row\">\n            <div class=\"col\">\n                <div class=\"module-migration-headline\">\n<h3>Voraussetzungen f&uuml;r den Studienabschluss<\/h3>\n<\/div>\n\n            <\/div>\n        <\/div>\n            <\/div>\n<\/div>\n\n\n<div id=\"\" class=\"wp-block-text-content margin-bottom-normal\">\n    <div class=\"container-lg\">\n        <div class=\"row\">\n            <div class=\"col\">\n                <p>Um das Studium erfolgreich abzuschlie&szlig;en, m&uuml;ssen Sie:<\/p>\n<ul>\n<li>alle Lehrveranstaltungen positiv absolvieren<\/li>\n<li>eine Bachelorarbeit verfassen, die positiv bewertet werden muss<\/li>\n<li>die kommissionelle Bachelorpr&uuml;fung positiv ablegen<\/li>\n<\/ul>\n<p>Ihr akademischer Titel nach dem Studienabschluss lautet &bdquo;Bachelor of Science in Engineering (BSc)&ldquo;.<\/p>\n\n            <\/div>\n        <\/div>\n            <\/div>\n<\/div>\n\n\n<div id=\"\" class=\"wp-block-text-content margin-bottom-normal\">\n    <div class=\"container-lg\">\n        <div class=\"row\">\n            <div class=\"col\">\n                <h4>Bachelorarbeit<strong>&nbsp;&ndash; Ihr Einstieg in Forschung und Praxis<\/strong><\/h4>\n<p>Mit der Bachelorarbeit sammeln Sie erste Erfahrungen in Forschung und Entwicklung und bereiten sich optimal auf die Arbeitswelt vor.<\/p>\n<p>Sie k&ouml;nnen eigene Themen vorschlagen oder aus zahlreichen F&amp;E-Projekten des Studiengangs w&auml;hlen. Auch eine Kooperation mit einem Unternehmen ist m&ouml;glich &ndash; wir haben eine lange Liste an Industriepartnern.<\/p>\n<p>Arbeiten im Team? Kein Problem! Viele Themen lassen sich gemeinsam bearbeiten. Was auch immer Sie planen: Wir begleiten Sie pers&ouml;nlich und sorgen f&uuml;r beste Betreuung.<\/p>\n\n            <\/div>\n        <\/div>\n            <\/div>\n<\/div>\n\n\n<div id=\"\" class=\"wp-block-text-content margin-bottom-normal\">\n    <div class=\"container-lg\">\n        <div class=\"row\">\n            <div class=\"col\">\n                <h4>Bachelorpr&uuml;fung<\/h4>\n<p>Die Bachelorpr&uuml;fung findet nach dem positiven Abschluss aller Lehrveranstaltungen und des Berufspraktikums im sechsten Semester statt. Die Bachelorpr&uuml;fung ist eine &ouml;ffentliche, kommissionelle Pr&uuml;fung vor einem facheinschl&auml;gigen Pr&uuml;fungssenat.<\/p>\n<p>Sie besteht aus:<\/p>\n<ul>\n<li>der Pr&auml;sentation Ihrer Bachelorarbeit in englischer Sprache<\/li>\n<li>einem Pr&uuml;fungsgespr&auml;ch &uuml;ber Ihre Arbeit und deren Verbindung zu ausgew&auml;hlten Schwerpunkten des Studiums<\/li>\n<\/ul>\n<p>Mit dem Studium sind Sie bestens vorbereitet &ndash; und zeigen in der Pr&uuml;fung, was Sie gelernt haben.<\/p>\n\n            <\/div>\n        <\/div>\n            <\/div>\n<\/div>\n\n\n<div id=\"\" class=\"wp-block-text-content margin-bottom-normal\">\n    <div class=\"container-lg\">\n        <div class=\"row\">\n            <div class=\"col\">\n                <h3>Nach dem Bachelorabschluss &ndash; <strong>Ihre M&ouml;glichkeiten<\/strong><\/h3>\n<p>Mit Ihrem Bachelorabschluss haben Sie eine praxisnahe Ausbildung, die Ihnen den direkten Einstieg in die Berufswelt erm&ouml;glicht. Sie sind bestens vorbereitet f&uuml;r spannende Aufgaben in Industrie, Forschung oder Start-ups.<\/p>\n<h4><strong>Doch warum hier aufh&ouml;ren?<\/strong><\/h4>\n<p>Weiterbildung zahlt sich aus &ndash; f&uuml;r Ihre Karriere und pers&ouml;nliche Entwicklung. Deshalb empfehlen wir Ihnen unsere <a href=\"https:\/\/www.fh-joanneum.at\/studium\/masterstudium-electronic-engineering\/\">Elektronik-Masterstudieng&auml;nge<\/a> an der FH JOANNEUM:<\/p>\n<ul>\n<li><a href=\"https:\/\/www.fh-joanneum.at\/embedded-systems-engineering\/master\/\">Embedded Systems Engineering<\/a> &ndash; Vertiefen Sie Ihr Wissen in Embedded Systems, Softwareentwicklung und Systemdesign.<\/li>\n<li><a href=\"https:\/\/www.fh-joanneum.at\/power-electronic-engineering\/master\/\">Power Electronic Engineering<\/a> &ndash; Spezialisieren Sie sich auf Leistungselektronik, E-Mobilit&auml;t und Energiesysteme.<\/li>\n<li><a href=\"https:\/\/www.fh-joanneum.at\/system-test-engineering\/master\/\">System Test Engineering<\/a> &ndash; Werden Sie Expert:in f&uuml;r Qualit&auml;tssicherung, Teststrategien und komplexe Systemanalysen.<\/li>\n<\/ul>\n<p>Mit einem Master erweitern Sie Ihre Kompetenzen, steigern Ihre Karrierechancen und &ouml;ffnen T&uuml;ren zu F&uuml;hrungspositionen und internationalen Projekten.<\/p>\n\n            <\/div>\n        <\/div>\n            <\/div>\n<\/div>\n\n\n<div\n    id=\"\"\n    class=\"wp-block-blockquote margin-bottom-normal\"\n>\n    <div class=\"container-lg\">\n        <div class=\"row\">\n            <div class=\"col\">\n                <div class=\"d-block mb-2 fs-5 major-text-color\">Hauptgr\u00fcnde f\u00fcr mein Studium waren neben der praxisnahen Ausbildung die modern ausgestatteten Labore. Die Kombination aus Studium und Praxis f\u00fchrt zu interessanten Projekten an der FH JOANNEUM. <\/div>\n                <span class=\"d-flex justify-content-end\">Bertram Winter, BSc, MSc absolvierte sein Bachelor- und Masterstudium am Institut Electronic Engineering<\/span>\n            <\/div>\n        <\/div>\n    <\/div>\n<\/div>\n","protected":false},"excerpt":{"rendered":"<p>Mit Ihrem Abschluss legen Sie den Grundstein f\u00fcr Ihre berufliche Zukunft. Welche Voraussetzungen Sie f\u00fcr den erfolgreichen Abschluss Ihres Studiums ben\u00f6tigen und alles, was Sie sonst noch wissen sollten, verraten wir Ihnen hier.<\/p>\n","protected":false},"author":12,"featured_media":0,"parent":10000270,"menu_order":62,"comment_status":"closed","ping_status":"closed","template":"","meta":{"_acf_changed":false,"footnotes":""},"acf":[],"aioseo_notices":[],"_links":{"self":[{"href":"https:\/\/www.fh-joanneum.at\/elektronik-und-computer-engineering\/bachelor\/wp-json\/wp\/v2\/pages\/10000284"}],"collection":[{"href":"https:\/\/www.fh-joanneum.at\/elektronik-und-computer-engineering\/bachelor\/wp-json\/wp\/v2\/pages"}],"about":[{"href":"https:\/\/www.fh-joanneum.at\/elektronik-und-computer-engineering\/bachelor\/wp-json\/wp\/v2\/types\/page"}],"author":[{"embeddable":true,"href":"https:\/\/www.fh-joanneum.at\/elektronik-und-computer-engineering\/bachelor\/wp-json\/wp\/v2\/users\/12"}],"replies":[{"embeddable":true,"href":"https:\/\/www.fh-joanneum.at\/elektronik-und-computer-engineering\/bachelor\/wp-json\/wp\/v2\/comments?post=10000284"}],"version-history":[{"count":2,"href":"https:\/\/www.fh-joanneum.at\/elektronik-und-computer-engineering\/bachelor\/wp-json\/wp\/v2\/pages\/10000284\/revisions"}],"predecessor-version":[{"id":10001111,"href":"https:\/\/www.fh-joanneum.at\/elektronik-und-computer-engineering\/bachelor\/wp-json\/wp\/v2\/pages\/10000284\/revisions\/10001111"}],"up":[{"embeddable":true,"href":"https:\/\/www.fh-joanneum.at\/elektronik-und-computer-engineering\/bachelor\/wp-json\/wp\/v2\/pages\/10000270"}],"wp:attachment":[{"href":"https:\/\/www.fh-joanneum.at\/elektronik-und-computer-engineering\/bachelor\/wp-json\/wp\/v2\/media?parent=10000284"}],"curies":[{"name":"wp","href":"https:\/\/api.w.org\/{rel}","templated":true}]}}