{"id":10000654,"date":"2024-03-25T12:00:14","date_gmt":"2024-03-25T10:00:14","guid":{"rendered":"https:\/\/www.fh-joanneum.at\/engineering-and-production-management\/master\/?page_id=654"},"modified":"2024-11-14T09:59:19","modified_gmt":"2024-11-14T08:59:19","slug":"ausbildungspartnerunternehmen","status":"publish","type":"page","link":"https:\/\/www.fh-joanneum.at\/engineering-and-production-management\/master\/im-studium\/ausbildungspartnerunternehmen\/","title":{"rendered":"Ausbildungspartner werden"},"content":{"rendered":"<div id=\"\" class=\"wp-block-text-content margin-bottom-none\">\n    <div class=\"container-lg\">\n        <div class=\"row\">\n            <div class=\"col\">\n                <div class=\"module-migration-headline\">\n<h3>Ausbildungspartner werden<\/h3>\n<\/div>\n\n            <\/div>\n        <\/div>\n            <\/div>\n<\/div>\n\n\n<div id=\"\" class=\"wp-block-text-content margin-bottom-normal\">\n    <div class=\"container-lg\">\n        <div class=\"row\">\n            <div class=\"col\">\n                <p>Der duale Studiengang &bdquo;Engineering and Production Management&ldquo; an der FH JOANNEUM bietet zahlreiche Vorteile f&uuml;r alle Beteiligten: Studierende profitieren von wertvoller Praxiserfahrung, Unternehmen gewinnen fr&uuml;hzeitig potenzielle Fachkr&auml;fte und erhalten Zugang zu aktuellen wissenschaftlichen Erkenntnissen, w&auml;hrend die Hochschule durch den Austausch mit der Wirtschaft ihre Lehrinhalte laufend an die aktuellen Erfordernisse anpassen kann.<\/p>\n<p>Ein weiterer entscheidender Pluspunkt f&uuml;r Unternehmen ist die M&ouml;glichkeit, ihren High Potentials eine Weiterbildung auf h&ouml;chstem Niveau zu erm&ouml;glichen und sie gleichzeitig weiterhin zu besch&auml;ftigen.<br>\nDurch die duale Organisationsform sind die Studierenden bereits w&auml;hrend ihrer Ausbildung integraler Bestandteil des Teams im Unternehmen. Sie k&ouml;nnen komplexe Fragestellungen und Herausforderungen der realen Arbeitswelt im Rahmen ihres Studiums l&ouml;sen und werden dabei auch von ihren Lehrenden an der FH JOANNEUM unterst&uuml;tzt. Die Verbindung von theoretischem Wissen und praktischer Erfahrung f&uuml;hrt zu neuen Synergien und innovativen L&ouml;sungen, die von den Studierenden &uuml;ber Projekt- und Abschlussarbeiten direkt im Betrieb umgesetzt werden.<\/p>\n<h4>Der Weg zum dualen Studium f&uuml;r Studierende:<\/h4>\n<p>Die Bewerbung f&uuml;r das duale Studium erfolgt <a href=\"https:\/\/www.fh-joanneum.at\/studium\/online-bewerbung\/\">online &uuml;ber die Webseite<\/a> der FH JOANNEUM.<\/p>\n<p>Der Match mit dem Ausbildungsbetrieb erfolgt zu Beginn des Studiums, dabei gibt es mehrere M&ouml;glichkeiten:<\/p>\n<ul>\n<li>die &Uuml;bernahme von Studierenden aus einem dualen Bachelorstudium im eigenen Betrieb als Teilzeitmitarbeiter:innen oder Werkstudent:innen f&uuml;r das Masterstudium.<\/li>\n<li>die Fortf&uuml;hrung als bestehende Mitarbeiter:innen in Teilzeit oder als Werkstudent:innen w&auml;hrend des Masterstudiums im Betrieb<\/li>\n<li>die Unterst&uuml;tzung von Studierenden seitens der FH JOANNEUM beim Matchmaking mit einem passenden Betrieb <a href=\"https:\/\/www.fh-joanneum.at\/engineering-and-production-management\/master\/im-studium\/praktikum\/\">aus dem bestehenden gro&szlig;en Unternehmensnetzwerk<\/a>.<\/li>\n<\/ul>\n<h3>Der Weg zum dualen Studium f&uuml;r Unternehmen:<\/h3>\n<p>F&uuml;r Unternehmen bietet die Begleitung von dualen Studierenden eine einzigartige Chance f&uuml;r Recruiting oder die Weiterbildung ihrer Mitarbeiter:innen. Folgende Voraussetzungen m&uuml;ssen erf&uuml;llt sein:<\/p>\n<ul>\n<li>Betrieb im industriellen Sektor oder der produktionsoptimierenden Entwicklung<\/li>\n<li>Bereitschaft zur Ausbildung und Besch&auml;ftigung der Studierenden im Berufsfeld entsprechend dem folgenden Ausbildungsziel: Akademische Qualifikation f&uuml;r die Mitarbeit und ggf. sp&auml;ter selbstst&auml;ndige &Uuml;bernahme von Aufgaben und F&uuml;hrungsfunktionen (Projektleitung, Gruppenleitung, Abteilungsleitung) in produktionsnahen technischen oder organisatorischen Unternehmens- und F&amp;E-Bereichen wie\n<ul>\n<li>Cost Engineering,<\/li>\n<li>Systems Engineering,<\/li>\n<li>Produktionsmanagement,<\/li>\n<li>Energie- und Umweltmanagement,<\/li>\n<li>Instandhaltung und Anlagenerrichtung,<\/li>\n<li>Supply-Chain-Management,<\/li>\n<li>Fertigungs- und Prozesstechnik,<\/li>\n<li>Technologie-Integration,<\/li>\n<li>Internationalisierung,<\/li>\n<li>Produkt- und Produktionsentwicklung etc.<\/li>\n<\/ul>\n<\/li>\n<\/ul>\n<p>Dabei ist bereits eine Spezialisierung im Hinblick auf vorgesehene sp&auml;tere berufliche T&auml;tigkeiten im Unternehmen m&ouml;glich.<\/p>\n\n            <\/div>\n        <\/div>\n            <\/div>\n<\/div>\n\n\n<div\n    id=\"\"\n    class=\"wp-block-downloads margin-bottom-normal\"\n>\n    <div class=\"container-lg\">\n        <div class=\"row\">\n                                                                        <div class=\"col-12 col-md-6 mb-4\">\n                            <a\n                                download\n                                href=\"https:\/\/cdn3.fh-joanneum.at\/media\/sites\/17\/2024\/04\/03_Ihre-Firma-studiert-jetzt-ENP_download.pdf\"\n                                target=\"_blank\"\n                                class=\"d-block text-decoration-none major-text-color-hover border p-2\"\n                            >\n                                <div class=\"d-flex align-items-center\">\n                                    <?xml version=\"1.0\" encoding=\"UTF-8\"?>\n<svg class=\"me-2 flex-shrink-0\" xmlns=\"http:\/\/www.w3.org\/2000\/svg\"  width=\"44\" height=\"48\" viewBox=\"0 0 512 512\">\n      <path d=\"m21 53l0 406c0 29 24 53 54 53l170 0c6 0 11-5 11-11 0-6-5-10-11-10l-170 0c-18 0-32-15-32-32l0-363c9 7 20 11 32 11l352 0 0 128c0 6 4 10 10 10 6 0 11-4 11-10l0-150-373 0c-18 0-32-14-32-32 0-17 14-32 32-32l362 0c6 0 11-4 11-10 0-6-5-11-11-11l-362 0c-30 0-54 24-54 53z m342 459c-71 0-128-57-128-128 0-71 57-128 128-128 70 0 128 57 128 128 0 71-58 128-128 128z m-8-67c0 0 0 0 0 0l-43-43c-4-4-4-11 0-15 5-4 11-4 16 0l24 25 0-81c0-6 5-11 11-11 6 0 10 5 10 11l0 81 25-25c4-4 11-4 15 0 4 4 4 11 0 15l-43 43c0 0 0 0 0 0l-7 7z m8-168c-59 0-107 48-107 107 0 59 48 107 107 107 58 0 106-48 106-107 0-59-48-107-106-107z m-288-234l0 21 352 0 0-21z\"\/>\n<\/svg>                                    <div class=\"download-info\">\n                                        <span class=\"download-title fw-bold\">\n                                            Ausbildungspartner:in werden: Ihre Firma studiert jetzt ENP\n                                        <\/span>\n\n                                        <div class=\"download-meta\">\n                                            <span class=\"download-size\">1 MB<\/span>\n                                            <span class=\"download-cta\">PDF<\/span>\n                                        <\/div>\n                                    <\/div>\n                                <\/div>\n                            <\/a>\n                        <\/div>\n                                                        <\/div>\n    <\/div>\n<\/div>\n\n\n<div id=\"\" class=\"wp-block-text-content margin-bottom-normal\">\n    <div class=\"container-lg\">\n        <div class=\"row\">\n            <div class=\"col\">\n                <h4>Kosten f&uuml;r das Ausbildungsunternehmen<\/h4>\n<p>Die Aufnahme als Ausbildungspartnerunternehmen ist kostenlos. Lediglich die mit dem Gehalt der Studierenden verbundenen Kosten sind vom Unternehmen zu tragen, wobei die genaue H&ouml;he des Entgelts in Absprache zwischen Unternehmen und Studierenden festgelegt wird. An der FH JOANNEUM fallen f&uuml;r Studierende aus EU-Mitgliedstaaten aktuell keine Studiengeb&uuml;hren an, es ist nur der Mitgliedsbeitrag f&uuml;r die &Ouml;H (ca. 22 Euro pro Semester) zu leisten. <\/p>\n<h4>Zusammenarbeit zwischen Hochschule und Ausbildungspartnerunternehmen<\/h4>\n<p>Unternehmen und Studierende schlie&szlig;en einen Arbeitsvertrag ab, in dem die Rahmenbedingungen wie Ausbildungsverpflichtung, Besch&auml;ftigung im Sinne des Berufsfeldes, Gehalt etc. festgelegt werden. (Durchschnittlich 20 -25 Stunden pro Woche, monatsweise geblockt lt. Studienplan)<\/p>\n<p>Studiendauer: 4 Semester<br>\nStart: Oktober<\/p>\n<h5>Theorie- und Praxisphasen<\/h5>\n\n            <\/div>\n        <\/div>\n            <\/div>\n<\/div>\n\n\n<div\n    id=\"\"\n    class=\"wp-block-content-image margin-bottom-normal\"\n>\n    <div class=\"container-lg\">\n        <div class=\"row\">\n            <div class=\"col-12\">\n                <div >\n\n                    <div class=\"image-wrapper\">\n                        <picture>\n                        <source\n                media=\"(max-width: 576px)\"\n                srcset=\"https:\/\/cdn3.fh-joanneum.at\/media\/sites\/17\/2024\/11\/Praxis-ENP-576x324.png, https:\/\/cdn3.fh-joanneum.at\/media\/sites\/17\/2024\/11\/Praxis-ENP-768x432.png 2x\"\n            \/>\n                    <source\n                media=\"(max-width: 768px)\"\n                srcset=\"https:\/\/cdn3.fh-joanneum.at\/media\/sites\/17\/2024\/11\/Praxis-ENP-768x432.png, https:\/\/cdn3.fh-joanneum.at\/media\/sites\/17\/2024\/11\/Praxis-ENP-1024x576.png 2x\"\n            \/>\n                    <source\n                media=\"(max-width: 1024px)\"\n                srcset=\"https:\/\/cdn3.fh-joanneum.at\/media\/sites\/17\/2024\/11\/Praxis-ENP-1024x576.png, https:\/\/cdn3.fh-joanneum.at\/media\/sites\/17\/2024\/11\/Praxis-ENP-1536x864.png 2x\"\n            \/>\n                    <source\n                media=\"(max-width: 1536px)\"\n                srcset=\"https:\/\/cdn3.fh-joanneum.at\/media\/sites\/17\/2024\/11\/Praxis-ENP-1536x864.png, https:\/\/cdn3.fh-joanneum.at\/media\/sites\/17\/2024\/11\/Praxis-ENP-2048x1152.png 2x\"\n            \/>\n                    <source\n                media=\"(max-width: 2048px)\"\n                srcset=\"https:\/\/cdn3.fh-joanneum.at\/media\/sites\/17\/2024\/11\/Praxis-ENP-2048x1152.png, https:\/\/cdn3.fh-joanneum.at\/media\/sites\/17\/2024\/11\/Praxis-ENP.png 2x\"\n            \/>\n                <img decoding=\"async\"\n        class=\"img-fluid @if ($image_credit || $media_subtitle) mb-2 @endif @if ($lightbox) modal-trigger @endif\" @click=\"modal = !modal\" aria-expanded=\"false\"\n        src=\"https:\/\/cdn3.fh-joanneum.at\/media\/sites\/17\/2024\/11\/Praxis-ENP.png\"\n        alt=\"\"\n        title=\"\"\n         loading=\"lazy\"             >\n<\/picture>\n\n                                                                    <\/div>\n\n                                    <\/div>\n\n            <\/div>\n        <\/div>\n    <\/div>\n<\/div>\n\n\n<div\n    id=\"\"\n    class=\"wp-block-tipp-box margin-bottom-normal\"\n>\n    <div class=\"container-lg\">\n        <div class=\"row\">\n            <div class=\"col\">\n                <div class=\"tipp-box border border-warning\">\n                    <div class=\"tipp-box-inner p-2 p-md-3\">\n                        <h4 class=\"\">Tipp<\/h4>\n                        <p>F\u00fcr Unternehmen und Studierende ist es m\u00f6glich, Praxisphasen in ausl\u00e4ndischen Firmen und Niederlassungen zu vereinbaren. Mit Zustimmung der Unternehmen k\u00f6nnen sich Studierende auch f\u00fcr ein Auslandssemester an einer der Partneruniversit\u00e4t bewerben. Alle Infos dazu <a href=\"https:\/\/www.fh-joanneum.at\/engineering-and-production-management\/master\/im-studium\/auslandssemester\/\">finden Sie hier<\/a>.<\/p>\n\n                    <\/div>\n                <\/div>\n            <\/div>\n        <\/div>\n    <\/div>\n<\/div>\n\n\n\n\n<div id=\"\" class=\"wp-block-text-content margin-bottom-normal\">\n    <div class=\"container-lg\">\n        <div class=\"row\">\n            <div class=\"col\">\n                <h4>Kontakt:<\/h4>\n<p>DI Christine W&ouml;ls <br>\nE: <a href=\"mailto:christine.woels@fh-joanneum.at\">christine.woels@fh-joanneum.at<\/a> <br>\nT: +43 316 5453-6922<\/p>\n\n            <\/div>\n        <\/div>\n            <\/div>\n<\/div>\n","protected":false},"excerpt":{"rendered":"<p>F\u00fcr Unternehmen bietet die Begleitung dualer Studierender eine einzigartige Chance f\u00fcr Recruiting oder die Weiterbildung ihrer Mitarbeiter:innen.<\/p>\n","protected":false},"author":143,"featured_media":0,"parent":10000304,"menu_order":24,"comment_status":"closed","ping_status":"closed","template":"","meta":{"_acf_changed":false,"footnotes":""},"acf":[],"aioseo_notices":[],"_links":{"self":[{"href":"https:\/\/www.fh-joanneum.at\/engineering-and-production-management\/master\/wp-json\/wp\/v2\/pages\/10000654"}],"collection":[{"href":"https:\/\/www.fh-joanneum.at\/engineering-and-production-management\/master\/wp-json\/wp\/v2\/pages"}],"about":[{"href":"https:\/\/www.fh-joanneum.at\/engineering-and-production-management\/master\/wp-json\/wp\/v2\/types\/page"}],"author":[{"embeddable":true,"href":"https:\/\/www.fh-joanneum.at\/engineering-and-production-management\/master\/wp-json\/wp\/v2\/users\/143"}],"replies":[{"embeddable":true,"href":"https:\/\/www.fh-joanneum.at\/engineering-and-production-management\/master\/wp-json\/wp\/v2\/comments?post=10000654"}],"version-history":[{"count":1,"href":"https:\/\/www.fh-joanneum.at\/engineering-and-production-management\/master\/wp-json\/wp\/v2\/pages\/10000654\/revisions"}],"predecessor-version":[{"id":10000699,"href":"https:\/\/www.fh-joanneum.at\/engineering-and-production-management\/master\/wp-json\/wp\/v2\/pages\/10000654\/revisions\/10000699"}],"up":[{"embeddable":true,"href":"https:\/\/www.fh-joanneum.at\/engineering-and-production-management\/master\/wp-json\/wp\/v2\/pages\/10000304"}],"wp:attachment":[{"href":"https:\/\/www.fh-joanneum.at\/engineering-and-production-management\/master\/wp-json\/wp\/v2\/media?parent=10000654"}],"curies":[{"name":"wp","href":"https:\/\/api.w.org\/{rel}","templated":true}]}}