{"id":10000670,"date":"2020-06-15T14:27:08","date_gmt":"2020-06-15T12:27:08","guid":{"rendered":"https:\/\/www.fh-joanneum.at\/ergotherapie\/bachelor\/?page_id=670"},"modified":"2020-06-15T14:53:28","modified_gmt":"2020-06-15T12:53:28","slug":"elisabeth-url-bsc","status":"publish","type":"page","link":"https:\/\/www.fh-joanneum.at\/ergotherapie\/bachelor\/nach-dem-studium\/absolventinnen-absolventen\/elisabeth-url-bsc\/","title":{"rendered":"Elisabeth Url, BSc"},"content":{"rendered":"<div id=\"\" class=\"wp-block-text-content margin-bottom-normal\">\n    <div class=\"container-lg\">\n        <div class=\"row\">\n            <div class=\"col\">\n                <h4>Eckdaten<\/h4>\n<p><strong>Jobbezeichnung:<\/strong> Wissenschaftliche Mitarbeiterin \/ Ergotherapeutin   <br>\n<strong>Unternehmen:<\/strong> <a href=\"https:\/\/www.fh-joanneum.at\/\">FH JOANNEUM Gesellschaft mbH<\/a> \/ LKH II &ndash; Standort S&uuml;d  <br>\n<strong>Ich arbeite in:<\/strong> Bad Gleichenberg \/ Graz, &Ouml;sterreich  <br>\n<strong>Ich arbeite hier seit:<\/strong> 2018 \/ 2019  <br>\n<a href=\"mailto:elisabeth.url@fh-joanneum.at\" title=\"E-Mail an Elisabeth Url senden\">Mein Kontakt<\/a>   <\/p>\n<h4>Was ich mache:<\/h4>\n<p>Wissenschaftliche Mitarbeiterin:<\/p>\n<ul>\n<li>Mitarbeit im Projekt SCOBES-AR<\/li>\n<li>Mitarbeit im Projekt COPILOT<\/li>\n<li>Lehre<\/li>\n<\/ul>\n<p>Ergotherapeutin:<\/p>\n<ul>\n<li>Durchf&uuml;hrung von Therapieeinheiten in Einzel- und Gruppensetting mit forensischen Patientinnenund Patienten<\/li>\n<li>Vertretung der Ergotherapie bei den interdisziplin&auml;ren Treffen der Station<\/li>\n<li>Teilnahme an stations&uuml;bergreifenden Treffen zur Vernetzung innerhalb der Ergotherapie sowie innerhalb des Primariates<\/li>\n<\/ul>\n<h4>Was ich an meinem Beruf liebe:<\/h4>\n<p>Wissenschaftliche Mitarbeiterin:<\/p>\n<ul>\n<li>M&ouml;glichkeit, in einem internationalen oder interdisziplin&auml;ren Team (auch au&szlig;erhalb des Gesundheitssektors) zu arbeiten<\/li>\n<li>Projektarbeit erlaubt beziehungsweise fordert ein flexibles Arbeiten<\/li>\n<li>Vernetzung mit allen Fachbereichen der Ergotherapie innerhalb und au&szlig;erhalb der FH JOANNEUM<\/li>\n<\/ul>\n<p>Ergotherapeutin:<\/p>\n<ul>\n<li>langfristig mit denselben Patientinnen und Patienten arbeiten zu k&ouml;nnen<\/li>\n<li>in einem (ergotherapeutischen bzw. interdisziplin&auml;ren) Team arbeiten zu k&ouml;nnen<\/li>\n<li>mein Therapieangebot selbst bestimmen zu k&ouml;nnen<\/li>\n<\/ul>\n<h4>Was ich an meinem Job nicht so mag:<\/h4>\n<p>Wissenschaftliche Mitarbeiterin:<\/p>\n<ul>\n<li>Projektarbeit ist manchmal schwierig mit einem zweiten Job vereinbar<\/li>\n<\/ul>\n<p>Ergotherapeutin:<\/p>\n<ul>\n<li>die zum Teil (notwendigerweise) starren Systeme eines Krankenhausbetriebes<\/li>\n<\/ul>\n<h4>Wichtige F&auml;higkeiten in meinem Job:<\/h4>\n<p>Wissenschaftliche Mitarbeiterin:<\/p>\n<ul>\n<li>Flexibilit&auml;t im Denken (&bdquo;Out of the box thinking&ldquo;) und Handeln<\/li>\n<li>Englisch in Wort und Schrift<\/li>\n<li>Kommunikationsf&auml;higkeiten und Kompromissbereitschaft<\/li>\n<\/ul>\n<p>Ergotherapeutin:<\/p>\n<ul>\n<li>Durchhalteverm&ouml;gen<\/li>\n<li>Konsequenz<\/li>\n<li>Kreativit&auml;t<\/li>\n<\/ul>\n<h4>Mein bisher gr&ouml;&szlig;ter Erfolg in meiner Karriere &hellip;<\/h4>\n<p>Wissenschaftliche Mitarbeiterin:<\/p>\n<ul>\n<li>internationales Arbeitstreffen im Rahmen des Projektes COPILOT in Kortrijk, Belgien<\/li>\n<\/ul>\n<p>Ergotherapeutin:<\/p>\n<ul>\n<li>ein Klient, der mich darum bat, &ouml;fter Therapie erhalten zu d&uuml;rfen<\/li>\n<\/ul>\n<h4>So bin ich zu meinem Job gekommen<\/h4>\n<p>Wissenschaftliche Mitarbeiterin:<\/p>\n<p>Es war und ist mir ein Herzenswunsch, meine Erfahrung im Bereich der naturwissenschaftlichen Forschung (Studium der technischen Chemie) in die Ergotherapie zu &uuml;bertragen. Daher freute es mich sehr, dass zum Zeitpunkt meines Studienabschlusses die M&ouml;glichkeit bestand, in zwei frisch startende Projekte als Mitarbeiterin einzusteigen.<\/p>\n<p>Ergotherapeutin:<\/p>\n<p>Bereits in meinem Praktikum am LKH II &ndash; Standort S&uuml;d konnte ich im Bereich der Psychiatrie Erfahrung sammeln und in die Forensik hineinschnuppern. Da mich dieser Bereich sehr faszinierte, kontaktierte ich nach meinem Abschluss die Leiterin der Ergotherapie direkt und konnte tats&auml;chlich auf der Forensik zu arbeiten beginnen.<\/p>\n<h4>Das habe ich im Studium f&uuml;rs Berufsleben gelernt &hellip;<\/h4>\n<p>Wissenschaftliche Mitarbeiterin: <\/p>\n<p>Die Forschung im Bereich der Ergotherapie unterscheidet sich zum Teil deutlich von der in der Chemie. Im Studium habe ich diese Unterschiede aufgezeigt bekommen und die F&auml;higkeit entwickelt, Fakten und Fragen aus ergotherapeutischer Sicht zu bearbeiten.<\/p>\n<p>Ergotherapeutin: <\/p>\n<p>Die F&auml;higkeit den ergotherapeutischen Prozess mit Blick auf die Alltagsf&auml;higkeit der Klientinnen und Klienten unabh&auml;ngig vom Fachbereich zu durchlaufen, hilft mir sehr nun mit forensischen Patientinnen und Patienten zu arbeiten.<\/p>\n<h4>Die Jobchancen in meinem Bereich<\/h4>\n<p>Wissenschaftliche Mitarbeiterin: <\/p>\n<p>Einerseits gibt es nur wenige Stellen im Bereich der Wissenschaft, da diese fast immer vom Erfolg der get&auml;tigten Projektf&ouml;rderantr&auml;ge abh&auml;ngen. Anderseits gibt es (leider) nur wenige Ergotherapeutinnen und Ergotherapeuten, die sich f&uuml;r Forschung interessieren. Die Chancen sind daher gut, wenn Stellen ausgeschrieben sind.<\/p>\n<p>Ergotherapeutin: <\/p>\n<p>Im Bereich der Psychiatrie gibt es laufend Bedarf an Ergotherapeutinnen und Ergotherapeuten. Daher sind in diesem Bereich die Jobchancen sehr gut. Wenn man im Bereich der Forensik arbeiten m&ouml;chte, muss man jedoch Gl&uuml;ck haben, da es hier bisher nur wenige Stellen gibt.<\/p>\n<h4>Ich bin:<\/h4>\n<ul>\n<li>offen f&uuml;r Neues (Menschen, Fakten, F&auml;higkeiten, Abenteuer)<\/li>\n<li>wissbegierig<\/li>\n<li>kreativ und handwerklich begabt<\/li>\n<\/ul>\n\n            <\/div>\n        <\/div>\n            <\/div>\n<\/div>\n\n<div\n    id=\"\"\n    class=\"wp-block-blockquote margin-bottom-normal\"\n>\n    <div class=\"container-lg\">\n        <div class=\"row\">\n            <div class=\"col\">\n                <div class=\"d-block mb-2 fs-5 major-text-color\">Die Kombination einer Stelle in der Forschung und einer als Ergotherapeutin im Bereich der Psychiatrie erlaubt mir, meine Kreativit\u00e4t einzusetzen und (mein) Wissen laufend auszubauen. Zus\u00e4tzlich verliere ich auf diese Weise nicht den Bezug zur Praxis, w\u00e4hrend ich forsche. Mein Studium bietet die Chance, sich Kompetenzen im Bereich Forschung und Praxis anzueignen \u2013 man muss sie nur nutzen.<br><br \/>\r\nBez\u00fcglich meiner weiteren Karriere habe ich derzeit noch wenig klare Vorstellungen \u2013 es gibt zu viele interessante M\u00f6glichkeiten f\u00fcr mich. Ich denke aber, dass ich f\u00fcr jede durch meine Lebenserfahrung und Ausbildung einen guten Werkzeugkoffer mithabe.<br \/>\r\n<br \/>\r\n<\/div>\n                <span class=\"d-flex justify-content-end\">Elisabeth Url<\/span>\n            <\/div>\n        <\/div>\n    <\/div>\n<\/div>\n\n<div\n    id=\"\"\n    class=\"wp-block-blockquote margin-bottom-normal\"\n>\n    <div class=\"container-lg\">\n        <div class=\"row\">\n            <div class=\"col\">\n                <div class=\"d-block mb-2 fs-5 major-text-color\">Phantasie ist wichtiger als Wissen, denn Wissen ist beschr\u00e4nkt. <\/div>\n                <span class=\"d-flex justify-content-end\">Albert Einstein<\/span>\n            <\/div>\n        <\/div>\n    <\/div>\n<\/div>\n\n","protected":false},"excerpt":{"rendered":"<p>Elisabeth Url kombiniert ihren Job als Ergotherapeutin im Bereich der Psychiatrie am LKH II mit einer Forschungst\u00e4tigkeit an der FH JOANNEUM. Dabei kann sie ihre Kreativit\u00e4t einsetzen und ihr Wissen laufend ausbauen.<\/p>\n","protected":false},"author":11,"featured_media":10000671,"parent":10000296,"menu_order":7,"comment_status":"closed","ping_status":"closed","template":"template-absolvent.blade.php","meta":{"_acf_changed":false,"footnotes":""},"acf":[],"aioseo_notices":[],"_links":{"self":[{"href":"https:\/\/www.fh-joanneum.at\/ergotherapie\/bachelor\/wp-json\/wp\/v2\/pages\/10000670"}],"collection":[{"href":"https:\/\/www.fh-joanneum.at\/ergotherapie\/bachelor\/wp-json\/wp\/v2\/pages"}],"about":[{"href":"https:\/\/www.fh-joanneum.at\/ergotherapie\/bachelor\/wp-json\/wp\/v2\/types\/page"}],"author":[{"embeddable":true,"href":"https:\/\/www.fh-joanneum.at\/ergotherapie\/bachelor\/wp-json\/wp\/v2\/users\/11"}],"replies":[{"embeddable":true,"href":"https:\/\/www.fh-joanneum.at\/ergotherapie\/bachelor\/wp-json\/wp\/v2\/comments?post=10000670"}],"version-history":[{"count":0,"href":"https:\/\/www.fh-joanneum.at\/ergotherapie\/bachelor\/wp-json\/wp\/v2\/pages\/10000670\/revisions"}],"up":[{"embeddable":true,"href":"https:\/\/www.fh-joanneum.at\/ergotherapie\/bachelor\/wp-json\/wp\/v2\/pages\/10000296"}],"wp:featuredmedia":[{"embeddable":true,"href":"https:\/\/www.fh-joanneum.at\/ergotherapie\/bachelor\/wp-json\/wp\/v2\/media\/10000671"}],"wp:attachment":[{"href":"https:\/\/www.fh-joanneum.at\/ergotherapie\/bachelor\/wp-json\/wp\/v2\/media?parent=10000670"}],"curies":[{"name":"wp","href":"https:\/\/api.w.org\/{rel}","templated":true}]}}