{"id":10000013,"date":"2022-11-30T14:03:21","date_gmt":"2022-11-30T13:03:21","guid":{"rendered":"https:\/\/www.fh-joanneum.at\/fact-checking-und-verification\/certificate_programme\/?page_id=13"},"modified":"2025-09-11T10:34:43","modified_gmt":"2025-09-11T08:34:43","slug":"der-lehrgang","status":"publish","type":"page","link":"https:\/\/www.fh-joanneum.at\/fact-checking-und-verification\/certificate_programme\/im-lehrgang\/der-lehrgang\/","title":{"rendered":"Der Online-Lehrgang"},"content":{"rendered":"<div\n    id=\"\"\n    class=\"wp-block-blockquote margin-bottom-normal\"\n>\n    <div class=\"container-lg\">\n        <div class=\"row\">\n            <div class=\"col\">\n                <div class=\"d-block mb-2 fs-5 major-text-color\">\u201eWenn es um Glaubw\u00fcrdigkeit, Vertrauen und Image in Medien und Kommunikation geht, z\u00e4hlen Fake News und Desinfomationen zu den gr\u00f6\u00dften Herausforderungen. Die Perfektion und Pr\u00e4zision permanent produzierter und in den globalen Informations- und Kommunikationskreislauf eingespeister Falschnachrichten nimmt signifikant zu. Eine hohe Anzahl an Desinformationen in Wort, Bild und Ton bleibt \u00fcberhaupt unentdeckt. Wir vermitteln punktgenau und effizient s\u00e4mtliche Methoden, Tools und Techniken, die man braucht, um falsche und manipulierte Information punktgenau zu erkennen, zu eliminieren oder zum Thema zu machen.\u201c<br \/>\r\n<br \/>\r\n<br \/>\r\n<br \/>\r\n<\/div>\n                <span class=\"d-flex justify-content-end\">Heinz M. Fischer, Institut Journalismus und Digitale Medien <\/span>\n            <\/div>\n        <\/div>\n    <\/div>\n<\/div>\n\n\n\n\n<div id=\"\" class=\"wp-block-text-content margin-bottom-normal\">\n    <div class=\"container-lg\">\n        <div class=\"row\">\n            <div class=\"col\">\n                <p>Das Erkennen, Decodieren, Benennen sowie Erkl&auml;ren von Desinformationen, Fake News und irref&uuml;hrenden Narrativen sowohl im Text- als auch im visuellen und auditiven Bereich wird zur essenziellen Aufgabe seri&ouml;ser Medien und professioneller Kommunikation. Hier setzt der neue <strong>Online-Lehrgang<\/strong> an und vermittelt den Teilnehmer:innen Methoden, Tools und Techniken in den Bereichen Fact Checking und Verification.<\/p>\n<h5>Thematische und inhaltliche Schwerpunkte<\/h5>\n<ul>\n<li>Fact Checking von Informationen \/ Desinformationen im redaktionellen Kontext (Texte)<\/li>\n<li>Verification von Bildmaterial (Medienbilder)<\/li>\n<li>Verification von Bewegtbildern (Video \/&bdquo;Deep Fakes&ldquo;)<\/li>\n<li>Verification von Audiomaterial (beispielsweise Soundfiles)<\/li>\n<li>Rechtlicher Rahmen (Medienrecht, Urheberrecht, Datenschutz)<\/li>\n<li>Desinformation und die Beeinflussung \/ Manipulation von Gesellschaft und &Ouml;ffentlichkeit (inklusive ethischer Problematik)<\/li>\n<li>Fake News: Generierung, Verbreitung und Rezeption<\/li>\n<li>Medientechnische Implikationen und Tools<\/li>\n<li>Potenzielle zuk&uuml;nftige Entwicklungen<\/li>\n<\/ul>\n<p>Der Zertifikatslehrgang richtet sich an Medienschaffende, Journalist:innen, Kommunikator:innen und all jene, die professionell mit Informationen und deren Aufbereitung oder Distribution zu tun haben.<\/p>\n\n            <\/div>\n        <\/div>\n            <\/div>\n<\/div>\n\n\n\n\n\n\n<div\n    id=\"\"\n    class=\"wp-block-downloads margin-bottom-normal\"\n>\n    <div class=\"container-lg\">\n        <div class=\"row\">\n                                                                        <div class=\"col-12 col-md-6 mb-4\">\n                            <a\n                                download\n                                href=\"https:\/\/cdn3.fh-joanneum.at\/media\/sites\/100\/2025\/09\/FCZ.pdf\"\n                                target=\"_blank\"\n                                class=\"d-block text-decoration-none major-text-color-hover border p-2\"\n                            >\n                                <div class=\"d-flex align-items-center\">\n                                    <?xml version=\"1.0\" encoding=\"UTF-8\"?>\n<svg class=\"me-2 flex-shrink-0\" xmlns=\"http:\/\/www.w3.org\/2000\/svg\"  width=\"44\" height=\"48\" viewBox=\"0 0 512 512\">\n      <path d=\"m21 53l0 406c0 29 24 53 54 53l170 0c6 0 11-5 11-11 0-6-5-10-11-10l-170 0c-18 0-32-15-32-32l0-363c9 7 20 11 32 11l352 0 0 128c0 6 4 10 10 10 6 0 11-4 11-10l0-150-373 0c-18 0-32-14-32-32 0-17 14-32 32-32l362 0c6 0 11-4 11-10 0-6-5-11-11-11l-362 0c-30 0-54 24-54 53z m342 459c-71 0-128-57-128-128 0-71 57-128 128-128 70 0 128 57 128 128 0 71-58 128-128 128z m-8-67c0 0 0 0 0 0l-43-43c-4-4-4-11 0-15 5-4 11-4 16 0l24 25 0-81c0-6 5-11 11-11 6 0 10 5 10 11l0 81 25-25c4-4 11-4 15 0 4 4 4 11 0 15l-43 43c0 0 0 0 0 0l-7 7z m8-168c-59 0-107 48-107 107 0 59 48 107 107 107 58 0 106-48 106-107 0-59-48-107-106-107z m-288-234l0 21 352 0 0-21z\"\/>\n<\/svg>                                    <div class=\"download-info\">\n                                        <span class=\"download-title fw-bold\">\n                                            Lehrgangsfolder\n                                        <\/span>\n\n                                        <div class=\"download-meta\">\n                                            <span class=\"download-size\">62 kB<\/span>\n                                            <span class=\"download-cta\">PDF<\/span>\n                                        <\/div>\n                                    <\/div>\n                                <\/div>\n                            <\/a>\n                        <\/div>\n                                                        <\/div>\n    <\/div>\n<\/div>\n","protected":false},"excerpt":{"rendered":"<p>Hier erfahren Sie alles zu den Themen und Schwerpunkten der Weiterbildung.<\/p>\n","protected":false},"author":11,"featured_media":10000030,"parent":10000014,"menu_order":11,"comment_status":"closed","ping_status":"closed","template":"","meta":{"_acf_changed":false,"footnotes":""},"acf":[],"aioseo_notices":[],"_links":{"self":[{"href":"https:\/\/www.fh-joanneum.at\/fact-checking-und-verification\/certificate_programme\/wp-json\/wp\/v2\/pages\/10000013"}],"collection":[{"href":"https:\/\/www.fh-joanneum.at\/fact-checking-und-verification\/certificate_programme\/wp-json\/wp\/v2\/pages"}],"about":[{"href":"https:\/\/www.fh-joanneum.at\/fact-checking-und-verification\/certificate_programme\/wp-json\/wp\/v2\/types\/page"}],"author":[{"embeddable":true,"href":"https:\/\/www.fh-joanneum.at\/fact-checking-und-verification\/certificate_programme\/wp-json\/wp\/v2\/users\/11"}],"replies":[{"embeddable":true,"href":"https:\/\/www.fh-joanneum.at\/fact-checking-und-verification\/certificate_programme\/wp-json\/wp\/v2\/comments?post=10000013"}],"version-history":[{"count":2,"href":"https:\/\/www.fh-joanneum.at\/fact-checking-und-verification\/certificate_programme\/wp-json\/wp\/v2\/pages\/10000013\/revisions"}],"predecessor-version":[{"id":10000076,"href":"https:\/\/www.fh-joanneum.at\/fact-checking-und-verification\/certificate_programme\/wp-json\/wp\/v2\/pages\/10000013\/revisions\/10000076"}],"up":[{"embeddable":true,"href":"https:\/\/www.fh-joanneum.at\/fact-checking-und-verification\/certificate_programme\/wp-json\/wp\/v2\/pages\/10000014"}],"wp:featuredmedia":[{"embeddable":true,"href":"https:\/\/www.fh-joanneum.at\/fact-checking-und-verification\/certificate_programme\/wp-json\/wp\/v2\/media\/10000030"}],"wp:attachment":[{"href":"https:\/\/www.fh-joanneum.at\/fact-checking-und-verification\/certificate_programme\/wp-json\/wp\/v2\/media?parent=10000013"}],"curies":[{"name":"wp","href":"https:\/\/api.w.org\/{rel}","templated":true}]}}