{"id":10000463,"date":"2021-06-09T08:06:36","date_gmt":"2021-06-09T08:06:36","guid":{"rendered":"https:\/\/www.fh-joanneum.at\/fahrzeugtechnik\/master\/?page_id=463"},"modified":"2021-06-09T08:59:55","modified_gmt":"2021-06-09T08:59:55","slug":"markus-flasch","status":"publish","type":"page","link":"https:\/\/www.fh-joanneum.at\/fahrzeugtechnik\/master\/nach-dem-studium\/absolventinnen-absolventen\/markus-flasch\/","title":{"rendered":"DI (FH) Markus Flasch"},"content":{"rendered":"<div id=\"\" class=\"wp-block-links-block margin-bottom-normal\">\n    <div class=\"container-lg\">\n        <div class=\"row\">\n            <div class=\"col-12\">\n                <div>\n                    <h4><\/h4>\n                    \n                <\/div>\n            <\/div>\n                            <div class=\"col-12\">\n                    <div class=\" border-bottom  border-top py-3\">\n                                                    <a href=\"https:\/\/www.fh-joanneum.at\/blog\/glauben-sie-an-ihre-traeume-geben-sie-vollgas\/\" target=\"\" class=\"link arrow-link large-arrow major-text-color-hover text-decoration-none\" data-analytics=\"\">\n                                <div class=\"link-content w-100\">\n                                    <div class=\"d-flex align-items-center\">\n                                        <h5 class=\"w-100 \">\n                                            Glauben Sie an Ihre Tr&auml;ume! Geben Sie Vollgas!<\/h5>\n                                        <svg width=\"9\" height=\"15\" viewbox=\"0 0 9 15\" fill=\"none\" xmlns=\"http:\/\/www.w3.org\/2000\/svg\">\n    <path id=\"chevron_right\" d=\"M1.5 1.5L7.5 7.5L1.5 13.5\" stroke=\"\" stroke-width=\"1.5\" stroke-linecap=\"round\"><\/path>\n<\/svg>                                    <\/div>\n                                    <p>Die Autos, die BMW mit dem K&uuml;rzel M versieht, f&uuml;hlen sich auf der Rennstrecke genau so heimisch wie im Stra&szlig;enverkehr. F&uuml;r &bdquo;seinen&ldquo; Studiengang &bdquo;Fahrzeugtechnik&ldquo; nahm sich der vielbesch&auml;ftigte Top-Manager Markus Flasch Zeit, ein paar Fragen &uuml;ber sein Studium, seine Karriere und seine Pl&auml;ne mit BMW M zu beantworten.<\/p>\n\n                                <\/div>\n                            <\/a>\n                                            <\/div>\n                <\/div>\n                    <\/div>\n    <\/div>\n<\/div>\n\n<div id=\"\" class=\"wp-block-text-content margin-bottom-normal\">\n    <div class=\"container-lg\">\n        <div class=\"row\">\n            <div class=\"col\">\n                <p>Bild: BMW Group<\/p>\n\n            <\/div>\n        <\/div>\n            <\/div>\n<\/div>\n\n","protected":false},"excerpt":{"rendered":"<p>Er hat den Job, von dem viele Fahrzeugtechnik-Studierende tr\u00e4umen: Markus Flasch, FH-Absolvent des Jahres 2003, ist Chef der BMW M GmbH. M steht f\u00fcr die sportlich-dynamische K\u00f6nigsklasse der Bayern.<\/p>\n","protected":false},"author":11,"featured_media":10000464,"parent":10000129,"menu_order":0,"comment_status":"closed","ping_status":"closed","template":"template-absolvent.blade.php","meta":{"_acf_changed":false,"footnotes":""},"acf":[],"aioseo_notices":[],"_links":{"self":[{"href":"https:\/\/www.fh-joanneum.at\/fahrzeugtechnik\/master\/wp-json\/wp\/v2\/pages\/10000463"}],"collection":[{"href":"https:\/\/www.fh-joanneum.at\/fahrzeugtechnik\/master\/wp-json\/wp\/v2\/pages"}],"about":[{"href":"https:\/\/www.fh-joanneum.at\/fahrzeugtechnik\/master\/wp-json\/wp\/v2\/types\/page"}],"author":[{"embeddable":true,"href":"https:\/\/www.fh-joanneum.at\/fahrzeugtechnik\/master\/wp-json\/wp\/v2\/users\/11"}],"replies":[{"embeddable":true,"href":"https:\/\/www.fh-joanneum.at\/fahrzeugtechnik\/master\/wp-json\/wp\/v2\/comments?post=10000463"}],"version-history":[{"count":0,"href":"https:\/\/www.fh-joanneum.at\/fahrzeugtechnik\/master\/wp-json\/wp\/v2\/pages\/10000463\/revisions"}],"up":[{"embeddable":true,"href":"https:\/\/www.fh-joanneum.at\/fahrzeugtechnik\/master\/wp-json\/wp\/v2\/pages\/10000129"}],"wp:featuredmedia":[{"embeddable":true,"href":"https:\/\/www.fh-joanneum.at\/fahrzeugtechnik\/master\/wp-json\/wp\/v2\/media\/10000464"}],"wp:attachment":[{"href":"https:\/\/www.fh-joanneum.at\/fahrzeugtechnik\/master\/wp-json\/wp\/v2\/media?parent=10000463"}],"curies":[{"name":"wp","href":"https:\/\/api.w.org\/{rel}","templated":true}]}}