{"id":10000022,"date":"2016-06-08T14:18:02","date_gmt":"2016-06-08T12:18:02","guid":{"rendered":"https:\/\/www.fh-joanneum.at\/gesundheits-und-krankenpflege\/bachelor\/?page_id=22"},"modified":"2025-09-12T12:45:50","modified_gmt":"2025-09-12T10:45:50","slug":"bewerbung","status":"publish","type":"page","link":"https:\/\/www.fh-joanneum.at\/gesundheits-und-krankenpflege\/bachelor\/vor-dem-studium\/bewerbung\/","title":{"rendered":"Bewerbung"},"content":{"rendered":"<div id=\"\" class=\"wp-block-text-content margin-bottom-none\">\n    <div class=\"container-lg\">\n        <div class=\"row\">\n            <div class=\"col\">\n                <div class=\"module-migration-headline\">\n<h3>Wie bewerbe ich mich f&uuml;r das Studium?<\/h3>\n<\/div>\n\n            <\/div>\n        <\/div>\n            <\/div>\n<\/div>\n\n\n<div id=\"\" class=\"wp-block-text-content margin-bottom-normal\">\n    <div class=\"container-lg\">\n        <div class=\"row\">\n            <div class=\"col\">\n                <p>Wenn Sie die Voraussetzungen erf&uuml;llen, k&ouml;nnen Sie sich f&uuml;r das Studium online bewerben.<\/p>\n\n            <\/div>\n        <\/div>\n            <\/div>\n<\/div>\n\n\n\n\n\n\n<div\n    id=\"\"\n    class=\"wp-block-tipp-box margin-bottom-normal\"\n>\n    <div class=\"container-lg\">\n        <div class=\"row\">\n            <div class=\"col\">\n                <div class=\"tipp-box border border-success\">\n                    <div class=\"tipp-box-inner p-2 p-md-3\">\n                        <h4 class=\"\">Alternativbewerbung<\/h4>\n                        <p>An den ersten drei Bewerbungsterminen (M\u00e4rz, April, Mai) f\u00fcr den Studienstart im Wintersemester k\u00f6nnen Sie zus\u00e4tzlich eine Alternativbewerbung f\u00fcr einen zweiten Studiengang einreichen. Als Alternativbewerbung kommen alle Studieng\u00e4nge in Frage, die einen Junitermin anbieten. Eine \u00dcbersicht \u00fcber diese <a href=\"https:\/\/www.fh-joanneum.at\/topics\/unsere-bewerbungstermine-2\/#bewerbungstermine-ba\">finden Sie hier<\/a>.<\/p>\n\n                    <\/div>\n                <\/div>\n            <\/div>\n        <\/div>\n    <\/div>\n<\/div>\n\n\n<div id=\"\" class=\"wp-block-text-content margin-bottom-normal\">\n    <div class=\"container-lg\">\n        <div class=\"row\">\n            <div class=\"col\">\n                <h4>Step 1: Registrierung und Bewerbung<\/h4>\n<p>Neue Bewerber:innen m&uuml;ssen sich zuerst im JOANNEUM I online registrieren. Melden Sie sich dann bei Ihrem Account an, w&auml;hlen Sie Ihren Studiengang und laden Sie fristgerecht Ihre Unterlagen hoch.<\/p>\n<h5><a href=\"https:\/\/www.fh-joanneum.at\/studium\/online-bewerbung\/\">Hier geht es zur Onlinebewerbung.<\/a><\/h5>\n\n            <\/div>\n        <\/div>\n            <\/div>\n<\/div>\n\n\n<div\n    id=\"\"\n    class=\"wp-block-tipp-box margin-bottom-normal\"\n>\n    <div class=\"container-lg\">\n        <div class=\"row\">\n            <div class=\"col\">\n                <div class=\"tipp-box border border-warning\">\n                    <div class=\"tipp-box-inner p-2 p-md-3\">\n                        <h4 class=\"\">Tipp<\/h4>\n                        <p>Achten Sie darauf, dass Ihre Unterlagen vollst\u00e4ndig sind, bevor Sie diese hochladen und absenden. <strong>Motivationsschreiben, Lebenslauf und Staatsb\u00fcrgerschaftsnachweis oder Kopie des Reisepasses<\/strong> m\u00fcssen bis zum <strong>jeweiligen Ende der Bewerbungsfrist<\/strong> eingereicht werden. Nur so kann Ihre Bewerbung f\u00fcr das Aufnahmeverfahren ber\u00fccksichtigt werden. Alle anderen Dokumente k\u00f6nnen nachgereicht werden. Die genauen Fristen daf\u00fcr sind in Ihrem Account sichtbar. <\/p>\n\n                    <\/div>\n                <\/div>\n            <\/div>\n        <\/div>\n    <\/div>\n<\/div>\n\n\n<div\n    id=\"\"\n    class=\"wp-block-tipp-box margin-bottom-normal\"\n>\n    <div class=\"container-lg\">\n        <div class=\"row\">\n            <div class=\"col\">\n                <div class=\"tipp-box border border-info\">\n                    <div class=\"tipp-box-inner p-2 p-md-3\">\n                        <h4 class=\"\">Hinweis<\/h4>\n                        <p>Bewerbungen f\u00fcr einen Quereinstieg als PA\/PFA richten Sie bitte per Mail an <a href=\"mailto:Quereinstieg-GUK@fh-joanneum.at\">Quereinstieg-GUK@fh-joanneum.at<\/a><\/p>\n\n                    <\/div>\n                <\/div>\n            <\/div>\n        <\/div>\n    <\/div>\n<\/div>\n\n\n<div id=\"\" class=\"wp-block-text-content margin-bottom-normal\">\n    <div class=\"container-lg\">\n        <div class=\"row\">\n            <div class=\"col\">\n                <h4>Step 2: N&ouml;tige Unterlagen<\/h4>\n<h5>Motivationsschreiben<\/h5>\n\n            <\/div>\n        <\/div>\n            <\/div>\n<\/div>\n\n\n<div\n    id=\"\"\n    class=\"wp-block-tipp-box margin-bottom-normal\"\n>\n    <div class=\"container-lg\">\n        <div class=\"row\">\n            <div class=\"col\">\n                <div class=\"tipp-box border border-warning\">\n                    <div class=\"tipp-box-inner p-2 p-md-3\">\n                        <h4 class=\"\">Tipp<\/h4>\n                        <p>Erkl\u00e4ren Sie in dem Schreiben genau, warum Sie sich f\u00fcr das Studium interessieren und eignen. Gehen Sie darauf ein, was Sie sich f\u00fcr Ihre berufliche Zukunft w\u00fcnschen. Beschreiben Sie die Erfahrungen, die Sie mit den Themen des Studiums und dem Berufsfeld vielleicht schon gemacht haben. Erz\u00e4hlen Sie auch etwas \u00fcber sich selbst, \u00fcber Ihre St\u00e4rken, Schw\u00e4chen und Ihre Pers\u00f6nlichkeit.<\/p>\n\n                    <\/div>\n                <\/div>\n            <\/div>\n        <\/div>\n    <\/div>\n<\/div>\n\n\n<div id=\"\" class=\"wp-block-text-content margin-bottom-normal\">\n    <div class=\"container-lg\">\n        <div class=\"row\">\n            <div class=\"col\">\n                <h5>Lebenslauf<\/h5>\n\n            <\/div>\n        <\/div>\n            <\/div>\n<\/div>\n\n\n<div\n    id=\"\"\n    class=\"wp-block-tipp-box margin-bottom-normal\"\n>\n    <div class=\"container-lg\">\n        <div class=\"row\">\n            <div class=\"col\">\n                <div class=\"tipp-box border border-warning\">\n                    <div class=\"tipp-box-inner p-2 p-md-3\">\n                        <h4 class=\"\">Tipp<\/h4>\n                        <p>F\u00fchren Sie im Lebenslauf in chronologischer Reihenfolge Ihre Ausbildungen und Zusatzqualifikationen an und legen Sie Zeugnisse oder Dokumente als Nachweis bei. Sie haben bereits berufliche Erfahrung, Praktika absolviert, Ferialjobs gehabt oder sich sozial engagiert? Z\u00e4hlen Sie alle diese Dinge auf. Der Lebenslauf vermittelt uns ein Bild von Ihrem bisherigen Bildungs- und Berufsweg.<br \/>\nBeispiel <a href=\"http:\/\/europass.cedefop.europa.eu\/de\/documents\/curriculum-vitae\" title=\"Europass-Lebenslauf\">Europass-Lebenslauf<\/a><\/p>\n\n                    <\/div>\n                <\/div>\n            <\/div>\n        <\/div>\n    <\/div>\n<\/div>\n\n\n<div id=\"\" class=\"wp-block-text-content margin-bottom-normal\">\n    <div class=\"container-lg\">\n        <div class=\"row\">\n            <div class=\"col\">\n                <h5>Nachweis der Allgemeinen Universit&auml;tsreife oder Studienberechtigung<\/h5>\n<p>Weisen Sie anhand eines Dokuments nach, dass Sie die formalen Voraussetzungen f&uuml;r das Studium erf&uuml;llen: <\/p>\n<ul>\n<li>Reifepr&uuml;fungszeugnis und Abschlussklassenzeugnis <\/li>\n<\/ul>\n<p>oder <\/p>\n<ul>\n<li>einen Nachweis der Studienberechtigung bzw. der Zusatzpr&uuml;fungen<\/li>\n<\/ul>\n\n            <\/div>\n        <\/div>\n            <\/div>\n<\/div>\n\n\n<div\n    id=\"\"\n    class=\"wp-block-tipp-box margin-bottom-normal\"\n>\n    <div class=\"container-lg\">\n        <div class=\"row\">\n            <div class=\"col\">\n                <div class=\"tipp-box border border-warning\">\n                    <div class=\"tipp-box-inner p-2 p-md-3\">\n                        <h4 class=\"\">Tipp<\/h4>\n                        <p>Falls Sie inl\u00e4ndische Dokumente zur allgemeinen Universit\u00e4tsreife oder Studienberechtigung zum Zeitpunkt der Bewerbung noch nicht haben, k\u00f6nnen Sie diese bis zum Studienbeginn nachreichen. F\u00fcr die \u00dcberpr\u00fcfung der Zugangsvoraussetzungen bitten wir Sie, uns Ihr letztes Semester- beziehungsweise Jahreszeugnis zukommen zu lassen!<\/p>\n<p>F\u00fcr Dokumente von internationalen Bewerber:innen gelten eigene Richtlinien. Bei Fragen dazu senden Sie diese per Mail an <a href=\"&#109;&#97;&#105;&#108;&#116;&#111;&#58;&#98;&#101;&#119;&#101;&#114;&#98;&#117;&#110;&#103;&#64;&#102;&#104;&#45;&#106;&#111;&#97;&#110;&#110;&#101;&#117;&#109;&#46;&#97;&#116;\">&#98;&#101;&#119;&#101;&#114;&#98;&#117;&#110;&#103;&#64;&#102;&#104;&#45;&#106;&#111;&#97;&#110;&#110;&#101;&#117;&#109;&#46;&#97;&#116;<\/a>.<\/p>\n\n                    <\/div>\n                <\/div>\n            <\/div>\n        <\/div>\n    <\/div>\n<\/div>\n\n\n<div id=\"\" class=\"wp-block-text-content margin-bottom-normal\">\n    <div class=\"container-lg\">\n        <div class=\"row\">\n            <div class=\"col\">\n                <h5>Staatsb&uuml;rgerschaftsnachweis oder eine Kopie des Reisepasses<\/h5>\n\n            <\/div>\n        <\/div>\n            <\/div>\n<\/div>\n\n\n<div id=\"\" class=\"wp-block-text-content margin-bottom-normal\">\n    <div class=\"container-lg\">\n        <div class=\"row\">\n            <div class=\"col\">\n                <h5>Sie haben internationale Dokumente, die den Nachweis der allgemeinen Hochschulreife belegen, und\/oder sind kein:e &ouml;sterreichische:r Staatsb&uuml;rge:rin?<\/h5>\n<p>F&uuml;r Sie gibt es einige Besonderheiten zu beachten. Mehr Informationen dazu finden Sie unter dem Men&uuml;punkt <a href=\"https:\/\/www.fh-joanneum.at\/gesundheits-und-krankenpflege\/bachelor\/vor-dem-studium\/internationale-bewerberinnen\/\"><strong>Internationale Bewerber:innen.<\/strong><\/a><\/p>\n\n            <\/div>\n        <\/div>\n            <\/div>\n<\/div>\n\n\n<div id=\"\" class=\"wp-block-text-content margin-bottom-normal\">\n    <div class=\"container-lg\">\n        <div class=\"row\">\n            <div class=\"col\">\n                <h4>Step 3: Einladung zum Gespr&auml;ch<\/h4>\n<p>Ihre Bewerbung wird von der Studienadministration &uuml;berpr&uuml;ft. Innerhalb kurzer Zeit bekommen Sie eine E-Mail mit der Best&auml;tigung, ob Ihre Unterlagen vollst&auml;ndig sind und Sie die Voraussetzungen f&uuml;r die Zulassung erf&uuml;llen. Alle Informationen zum Gespr&auml;ch bekommen Sie ebenfalls per E-Mail. Der aktuelle Status Ihrer Bewerbung ist auch in Ihrem FH-Account einsehbar.<\/p>\n\n            <\/div>\n        <\/div>\n            <\/div>\n<\/div>\n\n\n","protected":false},"excerpt":{"rendered":"<p>Hier erhalten Sie nicht nur wertvolle Tipps zu Ihrer Bewerbung, sondern Sie erfahren auch, welche Dokumente und Unterlagen Sie daf\u00fcr ben\u00f6tigen.<\/p>\n","protected":false},"author":14,"featured_media":0,"parent":10000010,"menu_order":47,"comment_status":"closed","ping_status":"closed","template":"","meta":{"_acf_changed":false,"footnotes":""},"acf":[],"aioseo_notices":[],"_links":{"self":[{"href":"https:\/\/www.fh-joanneum.at\/gesundheits-und-krankenpflege\/bachelor\/wp-json\/wp\/v2\/pages\/10000022"}],"collection":[{"href":"https:\/\/www.fh-joanneum.at\/gesundheits-und-krankenpflege\/bachelor\/wp-json\/wp\/v2\/pages"}],"about":[{"href":"https:\/\/www.fh-joanneum.at\/gesundheits-und-krankenpflege\/bachelor\/wp-json\/wp\/v2\/types\/page"}],"author":[{"embeddable":true,"href":"https:\/\/www.fh-joanneum.at\/gesundheits-und-krankenpflege\/bachelor\/wp-json\/wp\/v2\/users\/14"}],"replies":[{"embeddable":true,"href":"https:\/\/www.fh-joanneum.at\/gesundheits-und-krankenpflege\/bachelor\/wp-json\/wp\/v2\/comments?post=10000022"}],"version-history":[{"count":7,"href":"https:\/\/www.fh-joanneum.at\/gesundheits-und-krankenpflege\/bachelor\/wp-json\/wp\/v2\/pages\/10000022\/revisions"}],"predecessor-version":[{"id":10000948,"href":"https:\/\/www.fh-joanneum.at\/gesundheits-und-krankenpflege\/bachelor\/wp-json\/wp\/v2\/pages\/10000022\/revisions\/10000948"}],"up":[{"embeddable":true,"href":"https:\/\/www.fh-joanneum.at\/gesundheits-und-krankenpflege\/bachelor\/wp-json\/wp\/v2\/pages\/10000010"}],"wp:attachment":[{"href":"https:\/\/www.fh-joanneum.at\/gesundheits-und-krankenpflege\/bachelor\/wp-json\/wp\/v2\/media?parent=10000022"}],"curies":[{"name":"wp","href":"https:\/\/api.w.org\/{rel}","templated":true}]}}