{"id":10000381,"date":"2015-08-10T12:58:29","date_gmt":"2015-08-10T10:58:29","guid":{"rendered":"https:\/\/www.fh-joanneum.at\/gesundheitsinformatik\/bachelor\/?page_id=381"},"modified":"2024-03-21T12:14:10","modified_gmt":"2024-03-21T10:14:10","slug":"absolventinnen-absolventen","status":"publish","type":"page","link":"https:\/\/www.fh-joanneum.at\/gesundheitsinformatik\/bachelor\/nach-dem-studium\/absolventinnen-absolventen\/","title":{"rendered":"Absolvent:innen"},"content":{"rendered":"<div id=\"\" class=\"wp-block-text-content margin-bottom-none\">\n    <div class=\"container-lg\">\n        <div class=\"row\">\n            <div class=\"col\">\n                <div class=\"module-migration-headline\">\n<h3>Das machen unsere Absolvent:innen. <\/h3>\n<\/div>\n\n            <\/div>\n        <\/div>\n            <\/div>\n<\/div>\n\n\n<div id=\"\" class=\"wp-block-list-of-graduates margin-bottom-normal\">\n  <div class=\"container-lg\">\n    <div class=\"row\">\n                        <div class=\"col-6 col-sm-4 col-md-6 col-lg-4 col-xl-4 mb-4\">\n            <a\n    href=\"https:\/\/www.fh-joanneum.at\/gesundheitsinformatik\/bachelor\/nach-dem-studium\/absolventinnen-absolventen\/katarina-pavlovskaya-bsc\/\"\n    class=\"graduate-card bg-light\"\n>\n    <div class=\"border border-light h-100\">\n        <div class=\"image-wrapper\">\n            <picture>\n                        <source\n                media=\"(max-width: 384px)\"\n                srcset=\"https:\/\/cdn3.fh-joanneum.at\/media\/sites\/3\/2025\/02\/Katarina_Pavlovskaya_Portraetfoto-384x576.jpg, https:\/\/cdn3.fh-joanneum.at\/media\/sites\/3\/2025\/02\/Katarina_Pavlovskaya_Portraetfoto-768x1152.jpg 2x\"\n            \/>\n                    <source\n                media=\"(max-width: 768px)\"\n                srcset=\"https:\/\/cdn3.fh-joanneum.at\/media\/sites\/3\/2025\/02\/Katarina_Pavlovskaya_Portraetfoto-768x1152.jpg, https:\/\/cdn3.fh-joanneum.at\/media\/sites\/3\/2025\/02\/Katarina_Pavlovskaya_Portraetfoto-683x1024.jpg 2x\"\n            \/>\n                    <source\n                media=\"(max-width: 683px)\"\n                srcset=\"https:\/\/cdn3.fh-joanneum.at\/media\/sites\/3\/2025\/02\/Katarina_Pavlovskaya_Portraetfoto-683x1024.jpg, https:\/\/cdn3.fh-joanneum.at\/media\/sites\/3\/2025\/02\/Katarina_Pavlovskaya_Portraetfoto-1024x1536.jpg 2x\"\n            \/>\n                    <source\n                media=\"(max-width: 1024px)\"\n                srcset=\"https:\/\/cdn3.fh-joanneum.at\/media\/sites\/3\/2025\/02\/Katarina_Pavlovskaya_Portraetfoto-1024x1536.jpg, https:\/\/cdn3.fh-joanneum.at\/media\/sites\/3\/2025\/02\/Katarina_Pavlovskaya_Portraetfoto-1365x2048.jpg 2x\"\n            \/>\n                    <source\n                media=\"(max-width: 1365px)\"\n                srcset=\"https:\/\/cdn3.fh-joanneum.at\/media\/sites\/3\/2025\/02\/Katarina_Pavlovskaya_Portraetfoto-1365x2048.jpg, https:\/\/cdn3.fh-joanneum.at\/media\/sites\/3\/2025\/02\/Katarina_Pavlovskaya_Portraetfoto-scaled.jpg 2x\"\n            \/>\n                <img decoding=\"async\"\n        class=\"img-fluid\"\n        src=\"https:\/\/cdn3.fh-joanneum.at\/media\/sites\/3\/2025\/02\/Katarina_Pavlovskaya_Portraetfoto-scaled.jpg\"\n        alt=\"\"\n        title=\"\"\n         loading=\"lazy\"             >\n<\/picture>\n\n        <\/div>\n        <div class=\"p-2 p-xl-3\">\n            <h6>Katarina Pavlovskaya, BSc<\/h6>\n            <p class=\"mb-0 hyphens\">\n                Katarina Pavlovskaya ist in Graz als FHIR Consultant bei der Black Tusk GmbH t\u00e4tig. Im Interview erz\u00e4hlt &#8220;die Weltb\u00fcrgerin&#8221; \u00fcber die Wichtigkeit der Kommunikationsf\u00e4higkeit auch bei technischen Fragestellungen, die Herausforderungen in ihrem aktuellen Job sowie w\u00e4hrend des Studiums und was ihr dabei am meisten gef\u00e4llt.\n            <\/p>\n        <\/div>\n    <\/div>\n<\/a>\n          <\/div>\n                  <div class=\"col-6 col-sm-4 col-md-6 col-lg-4 col-xl-4 mb-4\">\n            <a\n    href=\"https:\/\/www.fh-joanneum.at\/gesundheitsinformatik\/bachelor\/nach-dem-studium\/absolventinnen-absolventen\/sonja-gradwohl-msc-bsc\/\"\n    class=\"graduate-card bg-light\"\n>\n    <div class=\"border border-light h-100\">\n        <div class=\"image-wrapper\">\n            <picture>\n                        <source\n                media=\"(max-width: 378px)\"\n                srcset=\"https:\/\/cdn3.fh-joanneum.at\/media\/sites\/3\/2025\/01\/Sonja.Gradwohl.jpg, https:\/\/cdn3.fh-joanneum.at\/media\/sites\/3\/2025\/01\/Sonja.Gradwohl.jpg 2x\"\n            \/>\n                    <source\n                media=\"(max-width: 378px)\"\n                srcset=\"https:\/\/cdn3.fh-joanneum.at\/media\/sites\/3\/2025\/01\/Sonja.Gradwohl.jpg, https:\/\/cdn3.fh-joanneum.at\/media\/sites\/3\/2025\/01\/Sonja.Gradwohl.jpg 2x\"\n            \/>\n                    <source\n                media=\"(max-width: 378px)\"\n                srcset=\"https:\/\/cdn3.fh-joanneum.at\/media\/sites\/3\/2025\/01\/Sonja.Gradwohl.jpg, https:\/\/cdn3.fh-joanneum.at\/media\/sites\/3\/2025\/01\/Sonja.Gradwohl.jpg 2x\"\n            \/>\n                    <source\n                media=\"(max-width: 378px)\"\n                srcset=\"https:\/\/cdn3.fh-joanneum.at\/media\/sites\/3\/2025\/01\/Sonja.Gradwohl.jpg, https:\/\/cdn3.fh-joanneum.at\/media\/sites\/3\/2025\/01\/Sonja.Gradwohl.jpg 2x\"\n            \/>\n                    <source\n                media=\"(max-width: 378px)\"\n                srcset=\"https:\/\/cdn3.fh-joanneum.at\/media\/sites\/3\/2025\/01\/Sonja.Gradwohl.jpg, https:\/\/cdn3.fh-joanneum.at\/media\/sites\/3\/2025\/01\/Sonja.Gradwohl.jpg 2x\"\n            \/>\n                <img decoding=\"async\"\n        class=\"img-fluid\"\n        src=\"https:\/\/cdn3.fh-joanneum.at\/media\/sites\/3\/2025\/01\/Sonja.Gradwohl.jpg\"\n        alt=\"\"\n        title=\"\"\n         loading=\"lazy\"             >\n<\/picture>\n\n        <\/div>\n        <div class=\"p-2 p-xl-3\">\n            <h6>Sonja Gradwohl, MSc BSc<\/h6>\n            <p class=\"mb-0 hyphens\">\n                Sonja Gradwohl ist in Wien als Standards Engineer bei der ELGA GmbH t\u00e4tig. Im Interview erz\u00e4hlt sie \u00fcber ihren Weg von der diplomierten Gesundheits- und Krankenpflegerin zur \u201eGesundheitsinformatik\u201c und \u201eeHealth\u201c Absolventin, die Herausforderungen, das Studieren mit Kindern und ihren aktuellen Job.\n            <\/p>\n        <\/div>\n    <\/div>\n<\/a>\n          <\/div>\n                  <div class=\"col-6 col-sm-4 col-md-6 col-lg-4 col-xl-4 mb-4\">\n            <a\n    href=\"https:\/\/www.fh-joanneum.at\/gesundheitsinformatik\/bachelor\/nach-dem-studium\/absolventinnen-absolventen\/gabriel-kleinoscheg\/\"\n    class=\"graduate-card bg-light\"\n>\n    <div class=\"border border-light h-100\">\n        <div class=\"image-wrapper\">\n            <picture>\n                        <source\n                media=\"(max-width: 576px)\"\n                srcset=\"https:\/\/cdn3.fh-joanneum.at\/media\/sites\/3\/2016\/06\/gabriel-kleinoscheg-2.jpg, https:\/\/cdn3.fh-joanneum.at\/media\/sites\/3\/2016\/06\/gabriel-kleinoscheg-2-768x512.jpg 2x\"\n            \/>\n                    <source\n                media=\"(max-width: 768px)\"\n                srcset=\"https:\/\/cdn3.fh-joanneum.at\/media\/sites\/3\/2016\/06\/gabriel-kleinoscheg-2-768x512.jpg, https:\/\/cdn3.fh-joanneum.at\/media\/sites\/3\/2016\/06\/gabriel-kleinoscheg-2-1024x682.jpg 2x\"\n            \/>\n                    <source\n                media=\"(max-width: 1024px)\"\n                srcset=\"https:\/\/cdn3.fh-joanneum.at\/media\/sites\/3\/2016\/06\/gabriel-kleinoscheg-2-1024x682.jpg, https:\/\/cdn3.fh-joanneum.at\/media\/sites\/3\/2016\/06\/gabriel-kleinoscheg-2.jpg 2x\"\n            \/>\n                    <source\n                media=\"(max-width: 1536px)\"\n                srcset=\"https:\/\/cdn3.fh-joanneum.at\/media\/sites\/3\/2016\/06\/gabriel-kleinoscheg-2.jpg, https:\/\/cdn3.fh-joanneum.at\/media\/sites\/3\/2016\/06\/gabriel-kleinoscheg-2.jpg 2x\"\n            \/>\n                    <source\n                media=\"(max-width: 1772px)\"\n                srcset=\"https:\/\/cdn3.fh-joanneum.at\/media\/sites\/3\/2016\/06\/gabriel-kleinoscheg-2.jpg, https:\/\/cdn3.fh-joanneum.at\/media\/sites\/3\/2016\/06\/gabriel-kleinoscheg-2.jpg 2x\"\n            \/>\n                <img decoding=\"async\"\n        class=\"img-fluid\"\n        src=\"https:\/\/cdn3.fh-joanneum.at\/media\/sites\/3\/2016\/06\/gabriel-kleinoscheg-2.jpg\"\n        alt=\"Gabriel Kleinoscheg\"\n        title=\"\"\n         loading=\"lazy\"             >\n<\/picture>\n\n        <\/div>\n        <div class=\"p-2 p-xl-3\">\n            <h6>Gabriel Kleinoscheg BSc, MSc<\/h6>\n            <p class=\"mb-0 hyphens\">\n                Gabriel Kleinoscheg hat an der FH JOANNEUM das Bachelor-Studium &#8220;Gesundheitsinformatik \/ eHealth&#8221; und das Master-Studium &#8220;eHealth&#8221; absolviert. Als Datenmanager an der Medizinischen Universit\u00e4t Wien erf\u00e4hrt er viel \u00fcber die aktuellen Entwicklungen im Bereich der klinischen Forschung. \n            <\/p>\n        <\/div>\n    <\/div>\n<\/a>\n          <\/div>\n                  <div class=\"col-6 col-sm-4 col-md-6 col-lg-4 col-xl-4 mb-4\">\n            <a\n    href=\"https:\/\/www.fh-joanneum.at\/gesundheitsinformatik\/bachelor\/nach-dem-studium\/absolventinnen-absolventen\/sabine-muhri\/\"\n    class=\"graduate-card bg-light\"\n>\n    <div class=\"border border-light h-100\">\n        <div class=\"image-wrapper\">\n            <picture>\n                        <source\n                media=\"(max-width: 416px)\"\n                srcset=\"https:\/\/cdn3.fh-joanneum.at\/media\/sites\/3\/2016\/06\/sabine-muhri-2.jpg, https:\/\/cdn3.fh-joanneum.at\/media\/sites\/3\/2016\/06\/sabine-muhri-2-768x1064.jpg 2x\"\n            \/>\n                    <source\n                media=\"(max-width: 768px)\"\n                srcset=\"https:\/\/cdn3.fh-joanneum.at\/media\/sites\/3\/2016\/06\/sabine-muhri-2-768x1064.jpg, https:\/\/cdn3.fh-joanneum.at\/media\/sites\/3\/2016\/06\/sabine-muhri-2-739x1024.jpg 2x\"\n            \/>\n                    <source\n                media=\"(max-width: 739px)\"\n                srcset=\"https:\/\/cdn3.fh-joanneum.at\/media\/sites\/3\/2016\/06\/sabine-muhri-2-739x1024.jpg, https:\/\/cdn3.fh-joanneum.at\/media\/sites\/3\/2016\/06\/sabine-muhri-2.jpg 2x\"\n            \/>\n                    <source\n                media=\"(max-width: 1109px)\"\n                srcset=\"https:\/\/cdn3.fh-joanneum.at\/media\/sites\/3\/2016\/06\/sabine-muhri-2.jpg, https:\/\/cdn3.fh-joanneum.at\/media\/sites\/3\/2016\/06\/sabine-muhri-2.jpg 2x\"\n            \/>\n                    <source\n                media=\"(max-width: 1479px)\"\n                srcset=\"https:\/\/cdn3.fh-joanneum.at\/media\/sites\/3\/2016\/06\/sabine-muhri-2.jpg, https:\/\/cdn3.fh-joanneum.at\/media\/sites\/3\/2016\/06\/sabine-muhri-2.jpg 2x\"\n            \/>\n                <img decoding=\"async\"\n        class=\"img-fluid\"\n        src=\"https:\/\/cdn3.fh-joanneum.at\/media\/sites\/3\/2016\/06\/sabine-muhri-2.jpg\"\n        alt=\"Sabine Muhri\"\n        title=\"\"\n         loading=\"lazy\"             >\n<\/picture>\n\n        <\/div>\n        <div class=\"p-2 p-xl-3\">\n            <h6>Sabine Muhri BSc, MSc<\/h6>\n            <p class=\"mb-0 hyphens\">\n                Sabine Muhri ist in den Geriatrischen Gesundheitszentren der Stadt Graz (GGZ) in der Position \u201eeHealth\u201c besch\u00e4ftigt. Sie hat den Bachelor-Studiengang &#8220;Gesundheitsinformatik \/ eHealth&#8221; und den Master-Studiengang &#8220;eHealth&#8221; an der FH JOANNEUM absolviert.\n            <\/p>\n        <\/div>\n    <\/div>\n<\/a>\n          <\/div>\n                  <div class=\"col-6 col-sm-4 col-md-6 col-lg-4 col-xl-4 mb-4\">\n            <a\n    href=\"https:\/\/www.fh-joanneum.at\/gesundheitsinformatik\/bachelor\/nach-dem-studium\/absolventinnen-absolventen\/robert-rehb\/\"\n    class=\"graduate-card bg-light\"\n>\n    <div class=\"border border-light h-100\">\n        <div class=\"image-wrapper\">\n            <picture>\n                        <source\n                media=\"(max-width: 461px)\"\n                srcset=\"https:\/\/cdn3.fh-joanneum.at\/media\/sites\/3\/2017\/02\/robert-rehb1.jpg, https:\/\/cdn3.fh-joanneum.at\/media\/sites\/3\/2017\/02\/robert-rehb1-768x960.jpg 2x\"\n            \/>\n                    <source\n                media=\"(max-width: 768px)\"\n                srcset=\"https:\/\/cdn3.fh-joanneum.at\/media\/sites\/3\/2017\/02\/robert-rehb1-768x960.jpg, https:\/\/cdn3.fh-joanneum.at\/media\/sites\/3\/2017\/02\/robert-rehb1-819x1024.jpg 2x\"\n            \/>\n                    <source\n                media=\"(max-width: 819px)\"\n                srcset=\"https:\/\/cdn3.fh-joanneum.at\/media\/sites\/3\/2017\/02\/robert-rehb1-819x1024.jpg, https:\/\/cdn3.fh-joanneum.at\/media\/sites\/3\/2017\/02\/robert-rehb1.jpg 2x\"\n            \/>\n                    <source\n                media=\"(max-width: 1229px)\"\n                srcset=\"https:\/\/cdn3.fh-joanneum.at\/media\/sites\/3\/2017\/02\/robert-rehb1.jpg, https:\/\/cdn3.fh-joanneum.at\/media\/sites\/3\/2017\/02\/robert-rehb1.jpg 2x\"\n            \/>\n                    <source\n                media=\"(max-width: 1638px)\"\n                srcset=\"https:\/\/cdn3.fh-joanneum.at\/media\/sites\/3\/2017\/02\/robert-rehb1.jpg, https:\/\/cdn3.fh-joanneum.at\/media\/sites\/3\/2017\/02\/robert-rehb1.jpg 2x\"\n            \/>\n                <img decoding=\"async\"\n        class=\"img-fluid\"\n        src=\"https:\/\/cdn3.fh-joanneum.at\/media\/sites\/3\/2017\/02\/robert-rehb1.jpg\"\n        alt=\"Robert Rehb\"\n        title=\"\"\n         loading=\"lazy\"             >\n<\/picture>\n\n        <\/div>\n        <div class=\"p-2 p-xl-3\">\n            <h6>Robert Rehb BSc, MSc<\/h6>\n            <p class=\"mb-0 hyphens\">\n                Seit 2016 arbeitet Robert Rehb als Researcher am Institut eHealth an der FH JOANNEUM. Er hat zuvor das Bachelor-Studium &#8220;Gesundheitsinformatik \/ eHealth&#8221; und das Master-Studium &#8220;eHealth&#8221; an der FH JOANNEUM absolviert.\n            <\/p>\n        <\/div>\n    <\/div>\n<\/a>\n          <\/div>\n                  <div class=\"col-6 col-sm-4 col-md-6 col-lg-4 col-xl-4 mb-4\">\n            <a\n    href=\"https:\/\/www.fh-joanneum.at\/gesundheitsinformatik\/bachelor\/nach-dem-studium\/absolventinnen-absolventen\/viktoria-hohenbichler-bsc-msc\/\"\n    class=\"graduate-card bg-light\"\n>\n    <div class=\"border border-light h-100\">\n        <div class=\"image-wrapper\">\n            <picture>\n                        <source\n                media=\"(max-width: 405px)\"\n                srcset=\"https:\/\/cdn3.fh-joanneum.at\/media\/sites\/3\/2023\/03\/viktoria-hohenbichler-bsc-msc-scaled.jpg, https:\/\/cdn3.fh-joanneum.at\/media\/sites\/3\/2023\/03\/viktoria-hohenbichler-bsc-msc-768x1093.jpg 2x\"\n            \/>\n                    <source\n                media=\"(max-width: 768px)\"\n                srcset=\"https:\/\/cdn3.fh-joanneum.at\/media\/sites\/3\/2023\/03\/viktoria-hohenbichler-bsc-msc-768x1093.jpg, https:\/\/cdn3.fh-joanneum.at\/media\/sites\/3\/2023\/03\/viktoria-hohenbichler-bsc-msc-720x1024.jpg 2x\"\n            \/>\n                    <source\n                media=\"(max-width: 720px)\"\n                srcset=\"https:\/\/cdn3.fh-joanneum.at\/media\/sites\/3\/2023\/03\/viktoria-hohenbichler-bsc-msc-720x1024.jpg, https:\/\/cdn3.fh-joanneum.at\/media\/sites\/3\/2023\/03\/viktoria-hohenbichler-bsc-msc-1079x1536.jpg 2x\"\n            \/>\n                    <source\n                media=\"(max-width: 1079px)\"\n                srcset=\"https:\/\/cdn3.fh-joanneum.at\/media\/sites\/3\/2023\/03\/viktoria-hohenbichler-bsc-msc-1079x1536.jpg, https:\/\/cdn3.fh-joanneum.at\/media\/sites\/3\/2023\/03\/viktoria-hohenbichler-bsc-msc-1439x2048.jpg 2x\"\n            \/>\n                    <source\n                media=\"(max-width: 1439px)\"\n                srcset=\"https:\/\/cdn3.fh-joanneum.at\/media\/sites\/3\/2023\/03\/viktoria-hohenbichler-bsc-msc-1439x2048.jpg, https:\/\/cdn3.fh-joanneum.at\/media\/sites\/3\/2023\/03\/viktoria-hohenbichler-bsc-msc-scaled.jpg 2x\"\n            \/>\n                <img decoding=\"async\"\n        class=\"img-fluid\"\n        src=\"https:\/\/cdn3.fh-joanneum.at\/media\/sites\/3\/2023\/03\/viktoria-hohenbichler-bsc-msc-scaled.jpg\"\n        alt=\"Viktoria Hohenbichler, BSc MSc\"\n        title=\"\"\n         loading=\"lazy\"             >\n<\/picture>\n\n        <\/div>\n        <div class=\"p-2 p-xl-3\">\n            <h6>Viktoria Hohenbichler, BSc MSc<\/h6>\n            <p class=\"mb-0 hyphens\">\n                Viktoria Hohenbichler ist in Wien als Infrastructure Coordinator bei der SVC, der Sozialversicherungs-Chipkarten Betriebs- und Errichtungsges.m.b.H. t\u00e4tig. Im Interview erz\u00e4hlt sie \u00fcber ihr Studium \u201eGesundheitsinformatik\u201c und \u201eeHealth\u201c, ihren Job und was sie sich in Zukunft w\u00fcnscht.\n            <\/p>\n        <\/div>\n    <\/div>\n<\/a>\n          <\/div>\n                  <\/div>\n  <\/div>\n<\/div>\n\n","protected":false},"excerpt":{"rendered":"<p>Wollen Sie mehr \u00fcber die Berufs- und Karrierewege unserer Absolvent:innen erfahren? Wir haben einige unserer ehemaligen Studierenden portraitiert, damit Sie sich selbst ein Bild machen k\u00f6nnen.<\/p>\n","protected":false},"author":12,"featured_media":0,"parent":10000341,"menu_order":107,"comment_status":"closed","ping_status":"closed","template":"","meta":{"_acf_changed":false,"footnotes":""},"acf":[],"aioseo_notices":[],"_links":{"self":[{"href":"https:\/\/www.fh-joanneum.at\/gesundheitsinformatik\/bachelor\/wp-json\/wp\/v2\/pages\/10000381"}],"collection":[{"href":"https:\/\/www.fh-joanneum.at\/gesundheitsinformatik\/bachelor\/wp-json\/wp\/v2\/pages"}],"about":[{"href":"https:\/\/www.fh-joanneum.at\/gesundheitsinformatik\/bachelor\/wp-json\/wp\/v2\/types\/page"}],"author":[{"embeddable":true,"href":"https:\/\/www.fh-joanneum.at\/gesundheitsinformatik\/bachelor\/wp-json\/wp\/v2\/users\/12"}],"replies":[{"embeddable":true,"href":"https:\/\/www.fh-joanneum.at\/gesundheitsinformatik\/bachelor\/wp-json\/wp\/v2\/comments?post=10000381"}],"version-history":[{"count":0,"href":"https:\/\/www.fh-joanneum.at\/gesundheitsinformatik\/bachelor\/wp-json\/wp\/v2\/pages\/10000381\/revisions"}],"up":[{"embeddable":true,"href":"https:\/\/www.fh-joanneum.at\/gesundheitsinformatik\/bachelor\/wp-json\/wp\/v2\/pages\/10000341"}],"wp:attachment":[{"href":"https:\/\/www.fh-joanneum.at\/gesundheitsinformatik\/bachelor\/wp-json\/wp\/v2\/media?parent=10000381"}],"curies":[{"name":"wp","href":"https:\/\/api.w.org\/{rel}","templated":true}]}}