{"id":10000540,"date":"2016-06-22T15:03:09","date_gmt":"2016-06-22T13:03:09","guid":{"rendered":"https:\/\/www.fh-joanneum.at\/gesundheitsinformatik\/bachelor\/?page_id=540"},"modified":"2017-09-05T11:27:41","modified_gmt":"2017-09-05T09:27:41","slug":"gabriel-kleinoscheg","status":"publish","type":"page","link":"https:\/\/www.fh-joanneum.at\/gesundheitsinformatik\/bachelor\/nach-dem-studium\/absolventinnen-absolventen\/gabriel-kleinoscheg\/","title":{"rendered":"Gabriel Kleinoscheg BSc, MSc"},"content":{"rendered":"<div id=\"\" class=\"wp-block-text-content margin-bottom-normal\">\n    <div class=\"container-lg\">\n        <div class=\"row\">\n            <div class=\"col\">\n                <h4>Eckdaten<\/h4>\n<p><strong>Jobbezeichnung:<\/strong> Datenmanager <br>\n<strong>Unternehmen:<\/strong> <a href=\"https:\/\/www.meduniwien.ac.at\/web\/\" target=\"_blank\" rel=\"noopener noreferrer\">Medizinische Universit&auml;t Wien<\/a><br>\n<strong>Ich arbeite in:<\/strong> Wien, &Ouml;sterreich<br>\n<strong>Ich arbeite hier seit:<\/strong> 2014    <\/p>\n<h4>Was ich mache<\/h4>\n<p>Ich bin verantwortlich f&uuml;r die Erstellung von sogenannten elektronischen Case Report Forms, die verwendet werden, um Studiendaten entsprechend zu dokumentieren. Das Studienverwaltungssystem wird daf&uuml;r auf einem Server der Medizinische Universit&auml;t Wien gehostet, der ebenfalls von uns betreut und gewartet wird. Dar&uuml;ber hinaus sind wir kurz vor der Einf&uuml;hrung einer Datenbank, die als zentrales Dokumentationsinstrument f&uuml;r Nebenwirkungen, die in klinischen Studien auftreten k&ouml;nnen, dienen soll. Die Basis dieser Datenbank bildet ICH E2B (R3).<\/p>\n<h4>Was ich an meinem Beruf liebe<\/h4>\n<ul>\n<li>Gestaltungsm&ouml;glichkeit<\/li>\n<li>Flexibilit&auml;t<\/li>\n<li>spannendes Umfeld<\/li>\n<\/ul>\n<h4>Wichtige F&auml;higkeiten in meinem Job<\/h4>\n<ul>\n<li>Flexibilit&auml;t<\/li>\n<li>Genauigkeit<\/li>\n<li>Gelassenheit<\/li>\n<\/ul>\n<h4>Mein bisher gr&ouml;&szlig;ter Erfolg in meiner Karriere<\/h4>\n<p>Das war die Koordinierung einer Studie, bei der wir f&uuml;r den Double Data Entry von circa 2.000 Studienteilnehmerinnen und -teilnehmern aus f&uuml;nf L&auml;ndern verantwortlich waren. Daf&uuml;r besch&auml;ftigten wir bis zu 30 Studierende gleichzeitig f&uuml;r die Dateneingabe und fungierten als Schnittstelle zwischen dem Auftraggeber, dem Softwarehersteller und den Studierenden. Nach circa neun Monaten, unz&auml;hligen E-Mails und einigen R&uuml;ckschl&auml;gen hatten wir es geschafft. Das n&auml;chste Highlight wird die Einf&uuml;hrung der Datenbank f&uuml;r die Nebenwirkungen.<\/p>\n<h4>So bin ich zu meinem Job gekommen<\/h4>\n<p>Der Job wurde &uuml;ber die Studienleitung bekannt gemacht. Ich habe mich dann einfach bei der Medizinischen Universit&auml;t Wien beworben und gl&uuml;cklicherweise den Job bekommen.<\/p>\n<h4>Das habe ich im Studium f&uuml;rs Berufsleben gelernt<\/h4>\n<p>Der medizinische Background meines Bachelor- und Master-Studiums an der FH JOANNEUM hilft auf jeden Fall. Aber als DatenmanagerIn sitzt man an der Schnittstelle zwischen dem Studienpersonal (meist MedizinerInnen) und dem Projektmanagement. Entsprechende Kommunikation mit der einen oder anderen Personengruppe ist daf&uuml;r wichtig. <\/p>\n<h4>Ich bin<\/h4>\n<ul>\n<li>gewissenhaft<\/li>\n<li>strukturiert<\/li>\n<li>humorvoll<\/li>\n<\/ul>\n<h4>Ich &uuml;ber meinen Job<\/h4>\n<p>Das spannende an meiner Arbeit ist, dass man &uuml;ber die aktuellen Entwicklungen im Bereich der klinischen Forschung sehr viel erf&auml;hrt. Wo stehen wir? Was ist die Zukunft der Medizin? Was sind die Schwierigkeiten? Diese Fragen versuchen die ForscherInnen zu beantworten. Daran teilzuhaben, finde ich sehr aufregend.<\/p>\n\n            <\/div>\n        <\/div>\n            <\/div>\n<\/div>\n\n","protected":false},"excerpt":{"rendered":"<p>Gabriel Kleinoscheg hat an der FH JOANNEUM das Bachelor-Studium &#8220;Gesundheitsinformatik \/ eHealth&#8221; und das Master-Studium &#8220;eHealth&#8221; absolviert. Als Datenmanager an der Medizinischen Universit\u00e4t Wien erf\u00e4hrt er viel \u00fcber die aktuellen Entwicklungen im Bereich der klinischen Forschung. <\/p>\n","protected":false},"author":11,"featured_media":10000541,"parent":10000381,"menu_order":14,"comment_status":"closed","ping_status":"closed","template":"template-absolvent.blade.php","meta":{"_acf_changed":false,"footnotes":""},"acf":[],"aioseo_notices":[],"_links":{"self":[{"href":"https:\/\/www.fh-joanneum.at\/gesundheitsinformatik\/bachelor\/wp-json\/wp\/v2\/pages\/10000540"}],"collection":[{"href":"https:\/\/www.fh-joanneum.at\/gesundheitsinformatik\/bachelor\/wp-json\/wp\/v2\/pages"}],"about":[{"href":"https:\/\/www.fh-joanneum.at\/gesundheitsinformatik\/bachelor\/wp-json\/wp\/v2\/types\/page"}],"author":[{"embeddable":true,"href":"https:\/\/www.fh-joanneum.at\/gesundheitsinformatik\/bachelor\/wp-json\/wp\/v2\/users\/11"}],"replies":[{"embeddable":true,"href":"https:\/\/www.fh-joanneum.at\/gesundheitsinformatik\/bachelor\/wp-json\/wp\/v2\/comments?post=10000540"}],"version-history":[{"count":0,"href":"https:\/\/www.fh-joanneum.at\/gesundheitsinformatik\/bachelor\/wp-json\/wp\/v2\/pages\/10000540\/revisions"}],"up":[{"embeddable":true,"href":"https:\/\/www.fh-joanneum.at\/gesundheitsinformatik\/bachelor\/wp-json\/wp\/v2\/pages\/10000381"}],"wp:featuredmedia":[{"embeddable":true,"href":"https:\/\/www.fh-joanneum.at\/gesundheitsinformatik\/bachelor\/wp-json\/wp\/v2\/media\/10000541"}],"wp:attachment":[{"href":"https:\/\/www.fh-joanneum.at\/gesundheitsinformatik\/bachelor\/wp-json\/wp\/v2\/media?parent=10000540"}],"curies":[{"name":"wp","href":"https:\/\/api.w.org\/{rel}","templated":true}]}}