{"id":10001008,"date":"2023-07-04T13:21:31","date_gmt":"2023-07-04T11:21:31","guid":{"rendered":"https:\/\/www.fh-joanneum.at\/gesundheitsinformatik\/bachelor\/?page_id=1008"},"modified":"2024-09-11T12:59:40","modified_gmt":"2024-09-11T10:59:40","slug":"robert-zoettl","status":"publish","type":"page","link":"https:\/\/www.fh-joanneum.at\/gesundheitsinformatik\/bachelor\/im-studium\/praktikum\/robert-zoettl\/","title":{"rendered":"Robert Z\u00f6ttl"},"content":{"rendered":"<div id=\"\" class=\"wp-block-text-content margin-bottom-normal\">\n    <div class=\"container-lg\">\n        <div class=\"row\">\n            <div class=\"col\">\n                <p><strong>Jobbezeichnung:<\/strong> Frontend Softwareentwicklung mit Angular  <br>\n<strong>Zeitraum des Praktikums:<\/strong> M&auml;rz bis Mai 2023 (12 Wochen Vollzeit)  <br>\n<strong>Unternehmen:<\/strong> Die <a href=\"https:\/\/www.daphos.ai\/\" target=\"_blank\" rel=\"noopener noreferrer\">Daphos GmbH<\/a> entwickelt und vertreibt intelligente und digitale L&ouml;sungen f&uuml;r Workforce Management und klinische Datenanalyse. Softwareentwicklung, Data Analytics und Decision-Support z&auml;hlen zu den Schl&uuml;sselkompetenzen des Unternehmens.   <\/p>\n<h5>Das waren meine Aufgaben:<\/h5>\n<ul>\n<li>Mitarbeit an der Weiterentwicklung am DAPHOS UI<\/li>\n<li>Anlegen von Bugreports und Durchf&uuml;hrung von Bugfixes<\/li>\n<li>Teilnahme an Meetings und Jours Fixes im Rahmen des Softwareentwicklungszyklus der Daphos GmbH<\/li>\n<li>Aufsetzen eines Web-Analytics-Tools zum Tracken von Nutzer:inneninteraktionen innerhalb der Software mittels umami.is<\/li>\n<\/ul>\n<h5>Warum mir mein Praktikum Spa&szlig; gemacht hat:<\/h5>\n<ul>\n<li>Kennenlernen agiler Softwareentwicklung<\/li>\n<li>Lockerer Umgang im gesamten Team<\/li>\n<li>Trotz hohem Anteil von Remote-Arbeit (M&ouml;glichkeit von 2 bis 3 Tagen pro Woche), gute Zusammenarbeit im Team<\/li>\n<li>Sehr positiv war auch, dass wir zu zweit im Praktikum waren (eine weitere Studierende aus dem Studeinjahrgang GEB20), so war stets ein hilfreicher Austausch m&ouml;glich.<\/li>\n<li>Daily Huddle Time jeden Tag am Morgen: Kurzes Update, welche Tasks an diesem Tag von jedem Einzelnen und jeder Einzelnen bearbeitet werden.<\/li>\n<\/ul>\n<h5>Was habe ich in meinem Praktikum gelernt:<\/h5>\n<ul>\n<li>Sammeln erster Erfahrungen mit Angular (typescript)<\/li>\n<li>Interaktionsm&ouml;glichkeiten und Problemstellungen zwischen Frontend und Backend<\/li>\n<li>Kollaboratives Arbeiten mit GitLab<\/li>\n<li>Aneignung von Terminalbefehlen<\/li>\n<\/ul>\n<h5>Coole Erlebnisse und Erfolge:<\/h5>\n<p>Die (zugeteilten) Tasks im unternehmenseigenen Projektmanagement Tool (awork.io) konnten selbst&auml;ndig angelegt und bearbeitet werden. Bei der Bew&auml;ltigung der Tasks, welche entweder aus Feature-Requests oder Bugfixes bestanden, war stets ein m&ouml;glichst selbst&auml;ndiges Arbeiten m&ouml;glich und zu weiten Teilen auch erw&uuml;nscht. <\/p>\n<p>Mittels Merge-Requests, welche auf einer Webanwendung zur Versionsverwaltung (GitLab) gestellt wurden, konnte durch einen Senior Developer zielgerichtetes Feedback und\/oder ein Codereview gegeben werden. Dieses f&uuml;hrte dann entweder zu einer Annahme des erstellten Codes oder zu einem Request zur Adaptierung. Durch die anfangs eher einfacheren Tasks stellten sich bereits zu Beginn des Praktikums erste Erfolgserlebnisse ein, was mich sehr motivierte.<\/p>\n<h5>So bin ich auf das Praktikum aufmerksam geworden:<\/h5>\n<p>Durch einen Vortrag des Unternehmens von Daniel Reichenpfader auf dem eHealth Professional Day im Fr&uuml;hjahr 2022.<\/p>\n\n            <\/div>\n        <\/div>\n            <\/div>\n<\/div>\n\n<div\n    id=\"\"\n    class=\"wp-block-image-slider margin-bottom-normal\"\n>\n    <div class=\"container-lg\">\n        <div class=\"row\">\n            <div class=\"col-12\">\n                <div class=\"swiper-outer-wrapper\">\n                    <div class=\"image-header\">\n                        <div class=\"swiper-navigation\">\n                            <div class=\"swiper-button-prev-custom\">\n                                <svg xmlns=\"http:\/\/www.w3.org\/2000\/svg\" width=\"9\" height=\"14\" viewBox=\"0 0 9 14\" fill=\"none\">\n  <path d=\"M8 13L2 7L8 1\" stroke=\"\" stroke-width=\"1.5\" stroke-linecap=\"round\"\/>\n<\/svg>                            <\/div>\n                            <div class=\"swiper-button-next-custom\">\n                                <svg xmlns=\"http:\/\/www.w3.org\/2000\/svg\" width=\"9\" height=\"14\" viewBox=\"0 0 9 14\" fill=\"none\">\n  <path d=\"M1 1L7 7L1 13\" stroke=\"\" stroke-width=\"1.5\" stroke-linecap=\"round\"\/>\n<\/svg>                            <\/div>\n                        <\/div>\n                    <\/div>\n                    <div class=\"swiper image-slider-swiper\">\n                        <div class=\"swiper-wrapper\">\n                                                                                                <div class=\"swiper-slide item\">\n                                        <picture>\n                        <source\n                media=\"(max-width: 576px)\"\n                srcset=\"https:\/\/cdn3.fh-joanneum.at\/media\/sites\/3\/2023\/07\/robert-zoettl-3.png, https:\/\/cdn3.fh-joanneum.at\/media\/sites\/3\/2023\/07\/robert-zoettl-3-768x544.png 2x\"\n            \/>\n                    <source\n                media=\"(max-width: 768px)\"\n                srcset=\"https:\/\/cdn3.fh-joanneum.at\/media\/sites\/3\/2023\/07\/robert-zoettl-3-768x544.png, https:\/\/cdn3.fh-joanneum.at\/media\/sites\/3\/2023\/07\/robert-zoettl-3-1024x725.png 2x\"\n            \/>\n                    <source\n                media=\"(max-width: 1024px)\"\n                srcset=\"https:\/\/cdn3.fh-joanneum.at\/media\/sites\/3\/2023\/07\/robert-zoettl-3-1024x725.png, https:\/\/cdn3.fh-joanneum.at\/media\/sites\/3\/2023\/07\/robert-zoettl-3.png 2x\"\n            \/>\n                    <source\n                media=\"(max-width: 1079px)\"\n                srcset=\"https:\/\/cdn3.fh-joanneum.at\/media\/sites\/3\/2023\/07\/robert-zoettl-3.png, https:\/\/cdn3.fh-joanneum.at\/media\/sites\/3\/2023\/07\/robert-zoettl-3.png 2x\"\n            \/>\n                    <source\n                media=\"(max-width: 1079px)\"\n                srcset=\"https:\/\/cdn3.fh-joanneum.at\/media\/sites\/3\/2023\/07\/robert-zoettl-3.png, https:\/\/cdn3.fh-joanneum.at\/media\/sites\/3\/2023\/07\/robert-zoettl-3.png 2x\"\n            \/>\n                <img decoding=\"async\"\n        class=\"img-fluid\"\n        src=\"https:\/\/cdn3.fh-joanneum.at\/media\/sites\/3\/2023\/07\/robert-zoettl-3.png\"\n        alt=\"Robert Z\u00f6ttl 1\"\n        title=\"\"\n         loading=\"lazy\"             >\n<\/picture>\n\n                                                                                    <p class=\"text-muted mt-2\">Unser Arbeitsplatz w\u00e4hrend des Praktikums. Das technisch gut ausgestattete B\u00fcro befindet sich in der Schanzelgasse 16 in 8010 Graz &#8211; Foto: Robert Z\u00f6ttl<\/p>\n                                                                            <\/div>\n                                                                    <div class=\"swiper-slide item\">\n                                        <picture>\n                        <source\n                media=\"(max-width: 530px)\"\n                srcset=\"https:\/\/cdn3.fh-joanneum.at\/media\/sites\/3\/2023\/07\/robert-zoettl-4.png, https:\/\/cdn3.fh-joanneum.at\/media\/sites\/3\/2023\/07\/robert-zoettl-4.png 2x\"\n            \/>\n                    <source\n                media=\"(max-width: 645px)\"\n                srcset=\"https:\/\/cdn3.fh-joanneum.at\/media\/sites\/3\/2023\/07\/robert-zoettl-4.png, https:\/\/cdn3.fh-joanneum.at\/media\/sites\/3\/2023\/07\/robert-zoettl-4.png 2x\"\n            \/>\n                    <source\n                media=\"(max-width: 645px)\"\n                srcset=\"https:\/\/cdn3.fh-joanneum.at\/media\/sites\/3\/2023\/07\/robert-zoettl-4.png, https:\/\/cdn3.fh-joanneum.at\/media\/sites\/3\/2023\/07\/robert-zoettl-4.png 2x\"\n            \/>\n                    <source\n                media=\"(max-width: 645px)\"\n                srcset=\"https:\/\/cdn3.fh-joanneum.at\/media\/sites\/3\/2023\/07\/robert-zoettl-4.png, https:\/\/cdn3.fh-joanneum.at\/media\/sites\/3\/2023\/07\/robert-zoettl-4.png 2x\"\n            \/>\n                    <source\n                media=\"(max-width: 645px)\"\n                srcset=\"https:\/\/cdn3.fh-joanneum.at\/media\/sites\/3\/2023\/07\/robert-zoettl-4.png, https:\/\/cdn3.fh-joanneum.at\/media\/sites\/3\/2023\/07\/robert-zoettl-4.png 2x\"\n            \/>\n                <img decoding=\"async\"\n        class=\"img-fluid\"\n        src=\"https:\/\/cdn3.fh-joanneum.at\/media\/sites\/3\/2023\/07\/robert-zoettl-4.png\"\n        alt=\"Robert Z\u00f6ttl 2\"\n        title=\"\"\n         loading=\"lazy\"             >\n<\/picture>\n\n                                                                                    <p class=\"text-muted mt-2\">Im Bild v.l.n.r.: Robert Z\u00f6ttl, Andreas Diensthuber, Teresa Marh\u00f6fler &#8211; Foto: Robert Z\u00f6ttl<\/p>\n                                                                            <\/div>\n                                                                    <div class=\"swiper-slide item\">\n                                        <picture>\n                        <source\n                media=\"(max-width: 576px)\"\n                srcset=\"https:\/\/cdn3.fh-joanneum.at\/media\/sites\/3\/2023\/07\/robert-zoettl-5.png, https:\/\/cdn3.fh-joanneum.at\/media\/sites\/3\/2023\/07\/robert-zoettl-5-768x576.png 2x\"\n            \/>\n                    <source\n                media=\"(max-width: 768px)\"\n                srcset=\"https:\/\/cdn3.fh-joanneum.at\/media\/sites\/3\/2023\/07\/robert-zoettl-5-768x576.png, https:\/\/cdn3.fh-joanneum.at\/media\/sites\/3\/2023\/07\/robert-zoettl-5-1024x768.png 2x\"\n            \/>\n                    <source\n                media=\"(max-width: 1024px)\"\n                srcset=\"https:\/\/cdn3.fh-joanneum.at\/media\/sites\/3\/2023\/07\/robert-zoettl-5-1024x768.png, https:\/\/cdn3.fh-joanneum.at\/media\/sites\/3\/2023\/07\/robert-zoettl-5.png 2x\"\n            \/>\n                    <source\n                media=\"(max-width: 1079px)\"\n                srcset=\"https:\/\/cdn3.fh-joanneum.at\/media\/sites\/3\/2023\/07\/robert-zoettl-5.png, https:\/\/cdn3.fh-joanneum.at\/media\/sites\/3\/2023\/07\/robert-zoettl-5.png 2x\"\n            \/>\n                    <source\n                media=\"(max-width: 1079px)\"\n                srcset=\"https:\/\/cdn3.fh-joanneum.at\/media\/sites\/3\/2023\/07\/robert-zoettl-5.png, https:\/\/cdn3.fh-joanneum.at\/media\/sites\/3\/2023\/07\/robert-zoettl-5.png 2x\"\n            \/>\n                <img decoding=\"async\"\n        class=\"img-fluid\"\n        src=\"https:\/\/cdn3.fh-joanneum.at\/media\/sites\/3\/2023\/07\/robert-zoettl-5.png\"\n        alt=\"Robert Z\u00f6ttl 3\"\n        title=\"\"\n         loading=\"lazy\"             >\n<\/picture>\n\n                                                                                    <p class=\"text-muted mt-2\">Bei der Arbeit &#8211; das Notebook kann im Homeoffice als Workingstation genutzt werden. Dies nutzte ich pers\u00f6nlich an zwei Tagen\/Woche und ersparte mir eine Menge Fahrtzeit &#8211; Foto: Robert Z\u00f6ttl<\/p>\n                                                                            <\/div>\n                                                                                    <\/div>\n                    <\/div>\n\n                    <div class=\"swiper-navigation-pagination\">\n                        <div class=\"swiper-button-prev-custom\">\n                            <svg xmlns=\"http:\/\/www.w3.org\/2000\/svg\" width=\"9\" height=\"14\" viewBox=\"0 0 9 14\" fill=\"none\">\n  <path d=\"M8 13L2 7L8 1\" stroke=\"\" stroke-width=\"1.5\" stroke-linecap=\"round\"\/>\n<\/svg>                        <\/div>\n                        <div class=\"swiper-pagination\"><\/div>\n                        <div class=\"swiper-button-next-custom\">\n                            <svg xmlns=\"http:\/\/www.w3.org\/2000\/svg\" width=\"9\" height=\"14\" viewBox=\"0 0 9 14\" fill=\"none\">\n  <path d=\"M1 1L7 7L1 13\" stroke=\"\" stroke-width=\"1.5\" stroke-linecap=\"round\"\/>\n<\/svg>                        <\/div>\n                    <\/div>\n                <\/div>\n            <\/div>\n        <\/div>\n    <\/div>\n<\/div>\n\n","protected":false},"excerpt":{"rendered":"<p>Mein Praktikum bei der Daphos GmbH als Frontend Softwareentwickler mit Angular.<\/p>\n","protected":false},"author":37,"featured_media":10001009,"parent":10000373,"menu_order":26,"comment_status":"closed","ping_status":"closed","template":"template-absolvent.blade.php","meta":{"_acf_changed":false,"footnotes":""},"acf":[],"aioseo_notices":[],"_links":{"self":[{"href":"https:\/\/www.fh-joanneum.at\/gesundheitsinformatik\/bachelor\/wp-json\/wp\/v2\/pages\/10001008"}],"collection":[{"href":"https:\/\/www.fh-joanneum.at\/gesundheitsinformatik\/bachelor\/wp-json\/wp\/v2\/pages"}],"about":[{"href":"https:\/\/www.fh-joanneum.at\/gesundheitsinformatik\/bachelor\/wp-json\/wp\/v2\/types\/page"}],"author":[{"embeddable":true,"href":"https:\/\/www.fh-joanneum.at\/gesundheitsinformatik\/bachelor\/wp-json\/wp\/v2\/users\/37"}],"replies":[{"embeddable":true,"href":"https:\/\/www.fh-joanneum.at\/gesundheitsinformatik\/bachelor\/wp-json\/wp\/v2\/comments?post=10001008"}],"version-history":[{"count":1,"href":"https:\/\/www.fh-joanneum.at\/gesundheitsinformatik\/bachelor\/wp-json\/wp\/v2\/pages\/10001008\/revisions"}],"predecessor-version":[{"id":10001225,"href":"https:\/\/www.fh-joanneum.at\/gesundheitsinformatik\/bachelor\/wp-json\/wp\/v2\/pages\/10001008\/revisions\/10001225"}],"up":[{"embeddable":true,"href":"https:\/\/www.fh-joanneum.at\/gesundheitsinformatik\/bachelor\/wp-json\/wp\/v2\/pages\/10000373"}],"wp:featuredmedia":[{"embeddable":true,"href":"https:\/\/www.fh-joanneum.at\/gesundheitsinformatik\/bachelor\/wp-json\/wp\/v2\/media\/10001009"}],"wp:attachment":[{"href":"https:\/\/www.fh-joanneum.at\/gesundheitsinformatik\/bachelor\/wp-json\/wp\/v2\/media?parent=10001008"}],"curies":[{"name":"wp","href":"https:\/\/api.w.org\/{rel}","templated":true}]}}

Robert Zöttl

<div id="" class="wp-block-text-content margin-bottom-normal">
    <div class="container-lg">
        <div class="row">
            <div class="col">
                <p><strong>Jobbezeichnung:</strong> Frontend Softwareentwicklung mit Angular  <br>
<strong>Zeitraum des Praktikums:</strong> M&auml;rz bis Mai 2023 (12 Wochen Vollzeit)  <br>
<strong>Unternehmen:</strong> Die <a href="https://www.daphos.ai/" target="_blank" rel="noopener noreferrer">Daphos GmbH</a> entwickelt und vertreibt intelligente und digitale L&ouml;sungen f&uuml;r Workforce Management und klinische Datenanalyse. Softwareentwicklung, Data Analytics und Decision-Support z&auml;hlen zu den Schl&uuml;sselkompetenzen des Unternehmens.   </p>
<h5>Das waren meine Aufgaben:</h5>
<ul>
<li>Mitarbeit an der Weiterentwicklung am DAPHOS UI</li>
<li>Anlegen von Bugreports und Durchf&uuml;hrung von Bugfixes</li>
<li>Teilnahme an Meetings und Jours Fixes im Rahmen des Softwareentwicklungszyklus der Daphos GmbH</li>
<li>Aufsetzen eines Web-Analytics-Tools zum Tracken von Nutzer:inneninteraktionen innerhalb der Software mittels umami.is</li>
</ul>
<h5>Warum mir mein Praktikum Spa&szlig; gemacht hat:</h5>
<ul>
<li>Kennenlernen agiler Softwareentwicklung</li>
<li>Lockerer Umgang im gesamten Team</li>
<li>Trotz hohem Anteil von Remote-Arbeit (M&ouml;glichkeit von 2 bis 3 Tagen pro Woche), gute Zusammenarbeit im Team</li>
<li>Sehr positiv war auch, dass wir zu zweit im Praktikum waren (eine weitere Studierende aus dem Studeinjahrgang GEB20), so war stets ein hilfreicher Austausch m&ouml;glich.</li>
<li>Daily Huddle Time jeden Tag am Morgen: Kurzes Update, welche Tasks an diesem Tag von jedem Einzelnen und jeder Einzelnen bearbeitet werden.</li>
</ul>
<h5>Was habe ich in meinem Praktikum gelernt:</h5>
<ul>
<li>Sammeln erster Erfahrungen mit Angular (typescript)</li>
<li>Interaktionsm&ouml;glichkeiten und Problemstellungen zwischen Frontend und Backend</li>
<li>Kollaboratives Arbeiten mit GitLab</li>
<li>Aneignung von Terminalbefehlen</li>
</ul>
<h5>Coole Erlebnisse und Erfolge:</h5>
<p>Die (zugeteilten) Tasks im unternehmenseigenen Projektmanagement Tool (awork.io) konnten selbst&auml;ndig angelegt und bearbeitet werden. Bei der Bew&auml;ltigung der Tasks, welche entweder aus Feature-Requests oder Bugfixes bestanden, war stets ein m&ouml;glichst selbst&auml;ndiges Arbeiten m&ouml;glich und zu weiten Teilen auch erw&uuml;nscht. </p>
<p>Mittels Merge-Requests, welche auf einer Webanwendung zur Versionsverwaltung (GitLab) gestellt wurden, konnte durch einen Senior Developer zielgerichtetes Feedback und/oder ein Codereview gegeben werden. Dieses f&uuml;hrte dann entweder zu einer Annahme des erstellten Codes oder zu einem Request zur Adaptierung. Durch die anfangs eher einfacheren Tasks stellten sich bereits zu Beginn des Praktikums erste Erfolgserlebnisse ein, was mich sehr motivierte.</p>
<h5>So bin ich auf das Praktikum aufmerksam geworden:</h5>
<p>Durch einen Vortrag des Unternehmens von Daniel Reichenpfader auf dem eHealth Professional Day im Fr&uuml;hjahr 2022.</p>

            </div>
        </div>
            </div>
</div>

<div
    id=""
    class="wp-block-image-slider margin-bottom-normal"
>
    <div class="container-lg">
        <div class="row">
            <div class="col-12">
                <div class="swiper-outer-wrapper">
                    <div class="image-header">
                        <div class="swiper-navigation">
                            <div class="swiper-button-prev-custom">
                                <svg xmlns="http://www.w3.org/2000/svg" width="9" height="14" viewBox="0 0 9 14" fill="none">
  <path d="M8 13L2 7L8 1" stroke="" stroke-width="1.5" stroke-linecap="round"/>
</svg>                            </div>
                            <div class="swiper-button-next-custom">
                                <svg xmlns="http://www.w3.org/2000/svg" width="9" height="14" viewBox="0 0 9 14" fill="none">
  <path d="M1 1L7 7L1 13" stroke="" stroke-width="1.5" stroke-linecap="round"/>
</svg>                            </div>
                        </div>
                    </div>
                    <div class="swiper image-slider-swiper">
                        <div class="swiper-wrapper">
                                                                                                <div class="swiper-slide item">
                                        <picture>
                        <source
                media="(max-width: 576px)"
                srcset="https://cdn3.fh-joanneum.at/media/sites/3/2023/07/robert-zoettl-3.png, https://cdn3.fh-joanneum.at/media/sites/3/2023/07/robert-zoettl-3-768x544.png 2x"
            />
                    <source
                media="(max-width: 768px)"
                srcset="https://cdn3.fh-joanneum.at/media/sites/3/2023/07/robert-zoettl-3-768x544.png, https://cdn3.fh-joanneum.at/media/sites/3/2023/07/robert-zoettl-3-1024x725.png 2x"
            />
                    <source
                media="(max-width: 1024px)"
                srcset="https://cdn3.fh-joanneum.at/media/sites/3/2023/07/robert-zoettl-3-1024x725.png, https://cdn3.fh-joanneum.at/media/sites/3/2023/07/robert-zoettl-3.png 2x"
            />
                    <source
                media="(max-width: 1079px)"
                srcset="https://cdn3.fh-joanneum.at/media/sites/3/2023/07/robert-zoettl-3.png, https://cdn3.fh-joanneum.at/media/sites/3/2023/07/robert-zoettl-3.png 2x"
            />
                    <source
                media="(max-width: 1079px)"
                srcset="https://cdn3.fh-joanneum.at/media/sites/3/2023/07/robert-zoettl-3.png, https://cdn3.fh-joanneum.at/media/sites/3/2023/07/robert-zoettl-3.png 2x"
            />
                <img decoding="async"
        class="img-fluid"
        src="https://cdn3.fh-joanneum.at/media/sites/3/2023/07/robert-zoettl-3.png"
        alt="Robert Zöttl 1"
        title=""
         loading="lazy"             >
</picture>

                                                                                    <p class="text-muted mt-2">Unser Arbeitsplatz während des Praktikums. Das technisch gut ausgestattete Büro befindet sich in der Schanzelgasse 16 in 8010 Graz &#8211; Foto: Robert Zöttl</p>
                                                                            </div>
                                                                    <div class="swiper-slide item">
                                        <picture>
                        <source
                media="(max-width: 530px)"
                srcset="https://cdn3.fh-joanneum.at/media/sites/3/2023/07/robert-zoettl-4.png, https://cdn3.fh-joanneum.at/media/sites/3/2023/07/robert-zoettl-4.png 2x"
            />
                    <source
                media="(max-width: 645px)"
                srcset="https://cdn3.fh-joanneum.at/media/sites/3/2023/07/robert-zoettl-4.png, https://cdn3.fh-joanneum.at/media/sites/3/2023/07/robert-zoettl-4.png 2x"
            />
                    <source
                media="(max-width: 645px)"
                srcset="https://cdn3.fh-joanneum.at/media/sites/3/2023/07/robert-zoettl-4.png, https://cdn3.fh-joanneum.at/media/sites/3/2023/07/robert-zoettl-4.png 2x"
            />
                    <source
                media="(max-width: 645px)"
                srcset="https://cdn3.fh-joanneum.at/media/sites/3/2023/07/robert-zoettl-4.png, https://cdn3.fh-joanneum.at/media/sites/3/2023/07/robert-zoettl-4.png 2x"
            />
                    <source
                media="(max-width: 645px)"
                srcset="https://cdn3.fh-joanneum.at/media/sites/3/2023/07/robert-zoettl-4.png, https://cdn3.fh-joanneum.at/media/sites/3/2023/07/robert-zoettl-4.png 2x"
            />
                <img decoding="async"
        class="img-fluid"
        src="https://cdn3.fh-joanneum.at/media/sites/3/2023/07/robert-zoettl-4.png"
        alt="Robert Zöttl 2"
        title=""
         loading="lazy"             >
</picture>

                                                                                    <p class="text-muted mt-2">Im Bild v.l.n.r.: Robert Zöttl, Andreas Diensthuber, Teresa Marhöfler &#8211; Foto: Robert Zöttl</p>
                                                                            </div>
                                                                    <div class="swiper-slide item">
                                        <picture>
                        <source
                media="(max-width: 576px)"
                srcset="https://cdn3.fh-joanneum.at/media/sites/3/2023/07/robert-zoettl-5.png, https://cdn3.fh-joanneum.at/media/sites/3/2023/07/robert-zoettl-5-768x576.png 2x"
            />
                    <source
                media="(max-width: 768px)"
                srcset="https://cdn3.fh-joanneum.at/media/sites/3/2023/07/robert-zoettl-5-768x576.png, https://cdn3.fh-joanneum.at/media/sites/3/2023/07/robert-zoettl-5-1024x768.png 2x"
            />
                    <source
                media="(max-width: 1024px)"
                srcset="https://cdn3.fh-joanneum.at/media/sites/3/2023/07/robert-zoettl-5-1024x768.png, https://cdn3.fh-joanneum.at/media/sites/3/2023/07/robert-zoettl-5.png 2x"
            />
                    <source
                media="(max-width: 1079px)"
                srcset="https://cdn3.fh-joanneum.at/media/sites/3/2023/07/robert-zoettl-5.png, https://cdn3.fh-joanneum.at/media/sites/3/2023/07/robert-zoettl-5.png 2x"
            />
                    <source
                media="(max-width: 1079px)"
                srcset="https://cdn3.fh-joanneum.at/media/sites/3/2023/07/robert-zoettl-5.png, https://cdn3.fh-joanneum.at/media/sites/3/2023/07/robert-zoettl-5.png 2x"
            />
                <img decoding="async"
        class="img-fluid"
        src="https://cdn3.fh-joanneum.at/media/sites/3/2023/07/robert-zoettl-5.png"
        alt="Robert Zöttl 3"
        title=""
         loading="lazy"             >
</picture>

                                                                                    <p class="text-muted mt-2">Bei der Arbeit &#8211; das Notebook kann im Homeoffice als Workingstation genutzt werden. Dies nutzte ich persönlich an zwei Tagen/Woche und ersparte mir eine Menge Fahrtzeit &#8211; Foto: Robert Zöttl</p>
                                                                            </div>
                                                                                    </div>
                    </div>

                    <div class="swiper-navigation-pagination">
                        <div class="swiper-button-prev-custom">
                            <svg xmlns="http://www.w3.org/2000/svg" width="9" height="14" viewBox="0 0 9 14" fill="none">
  <path d="M8 13L2 7L8 1" stroke="" stroke-width="1.5" stroke-linecap="round"/>
</svg>                        </div>
                        <div class="swiper-pagination"></div>
                        <div class="swiper-button-next-custom">
                            <svg xmlns="http://www.w3.org/2000/svg" width="9" height="14" viewBox="0 0 9 14" fill="none">
  <path d="M1 1L7 7L1 13" stroke="" stroke-width="1.5" stroke-linecap="round"/>
</svg>                        </div>
                    </div>
                </div>
            </div>
        </div>
    </div>
</div>
