{"id":10000207,"date":"2019-10-17T15:02:22","date_gmt":"2019-10-17T13:02:22","guid":{"rendered":"https:\/\/www.fh-joanneum.at\/gesundheitsmanagement-und-public-health\/master\/?page_id=207"},"modified":"2019-10-22T15:13:42","modified_gmt":"2019-10-22T13:13:42","slug":"sandra-mueller-ba-ma","status":"publish","type":"page","link":"https:\/\/www.fh-joanneum.at\/gesundheitsmanagement-und-public-health\/master\/nach-dem-studium\/absolventinnen-absolventen\/sandra-mueller-ba-ma\/","title":{"rendered":"Sandra M\u00fcller, BA MA"},"content":{"rendered":"<div id=\"\" class=\"wp-block-text-content margin-bottom-normal\">\n    <div class=\"container-lg\">\n        <div class=\"row\">\n            <div class=\"col\">\n                <h4>Eckdaten:<\/h4>\n<p><strong>Jobbezeichnung:<\/strong> Assistentin der Pflegedirektorin  <br>\n<strong>Unternehmen:<\/strong> Stmk. Krankenanstaltengesellschaft m.b.H. &ndash; LKH-Univ. Klinikum Graz  <br>\n<strong>Ich arbeite in:<\/strong> Graz, Steiermark, &Ouml;sterreich <br>\n<strong>Ich arbeite hier seit:<\/strong> September 2015 am LKH-Univ. Klinikum Graz. In der Funktion als Assistentin der Pflegedirektorin seit M&auml;rz 2017<\/p>\n<p><a href=\"mailto:sandra.mueller@klinikum-graz.at\">Mein Kontakt<\/a>  <\/p>\n<p>Foto &copy; Marija Kanizaj<\/p>\n<h4>Was ich mache:<\/h4>\n<ul>\n<li>Unterst&uuml;tzung der Pflegedirektorin<\/li>\n<li>Vor- und Nachbereitung sowie teilweise die Durchf&uuml;hrung von Besprechungen, Hearings, Workshops, Veranstaltungen und Klausuren<\/li>\n<li>Koordination und Monitoring von Zielen- und Arbeitspaketen sowie mono- und interdisziplin&auml;ren Arbeits- und Projektgruppen<\/li>\n<\/ul>\n<h4>Was ich an meinem Beruf liebe:<\/h4>\n<ul>\n<li>die Vielf&auml;ltigkeit der Aufgaben<\/li>\n<li>die multiprofessionelle Zusammenarbeit<\/li>\n<li>den definierten Verantwortungsbereich mit eigenverantwortlichem Spielraum<\/li>\n<\/ul>\n<h4>Wichtige F&auml;higkeiten in meinem Job:<\/h4>\n<ul>\n<li>F&auml;higkeit zu selbstst&auml;ndigem, systematischem Arbeiten<\/li>\n<li>Planungs- und Organisationskompetenz<\/li>\n<li>F&auml;higkeit zu analytischem, vernetztem Denken<\/li>\n<\/ul>\n<h4>Mein bisher gr&ouml;&szlig;ter Erfolg in meiner Karriere<\/h4>\n<p>Besonders toll an meiner Funktion finde ich den eigenverantwortlichen Rahmen, den mir meine Vorgesetzte gibt. In diesem kann ich etwa die Leitung einer Arbeitsgruppe &uuml;bernehmen und eine vorher definierte Zielstellung verfolgen. Der Weg zum Ziel l&auml;sst sich durch meine Ideen gepaart mit theoretischem Grundwissen aus dem Studium und in multiprofessioneller Zusammenarbeit erreichen.<\/p>\n<h4>So bin ich zu meinem Job gekommen<\/h4>\n<p>Ich habe bereits 2014 in den Sommerferien ein zweimonatiges Praktikum im Bereich Personalmanagement (BPM) am LKH-Univ. Klinikum Graz absolviert. Nach Absolvierung der Masterpr&uuml;fung habe ich mich auf eine &ouml;ffentlich ausgeschriebene Stelle am LKH-Univ. Klinikum Graz beworben, wo ich allerdings keine Chance hatte. <\/p>\n<p>Eine Mitarbeiterin aus dem BPM hat mich angerufen und mir mitgeteilt, dass eine andere eventuell gut zu mir passende Stelle frei w&auml;re und ich k&ouml;nnte gerne zu einem Bewerbungsgespr&auml;ch kommen. Hierbei handelte es sich um die Stelle der Transplantkoordinatorin an der Univ. Klinik f&uuml;r Innere Medizin, Klinische Abteilung f&uuml;r H&auml;matologie. Dort arbeitete ich dann gut eineinhalb Jahre, bis die Position der Assistentin der Pflegedirektorin ausgeschrieben war und ich mich daraufhin offiziell beworben habe.<\/p>\n<h4>Das habe ich im Studium f&uuml;rs Berufsleben gelernt<\/h4>\n<p>Im Studium waren vor allem das Erlangen von Kenntnissen im Projekt- und Prozessmanagement, in Betriebswirtschaft, Public Health, in der Gesundheitsf&ouml;rderung und im generellen Management sowie die Einblicke in die Physiologie des Menschen, die Hygiene und die Betriebliche Gesundheitsf&ouml;rderung klar von Vorteil. Die Probleml&ouml;sungsf&auml;higkeit, Kooperations- und Konsensf&auml;higkeit sowie die Arbeit in Gruppen und Teams, welche ich im Studium trainieren durfte, sind mir aktuell sehr hilfreich, um nur einige davon zu nennen.<\/p>\n<h4>Die Jobchancen in meinem Bereich<\/h4>\n<p>In meiner aktuellen Funktion ist es Voraussetzung, entweder diplomierte Pflegeperson des gehobenen Dienstes f&uuml;r Gesundheits- und Krankenpflege mit mindestens f&uuml;nf Jahren Berufserfahrung beziehungsweise einer Weiterbildung f&uuml;r mittleres Pflegemanagement nach &sect; 64 GuKG oder Absolventin beziehungsweise Absolvent eines Studiums in den Bereichen Gesundheits- und Pflegemanagement oder Gesundheits- und Pflegewissenschaft zu sein. Aus meiner Sicht sind neben diesen Anforderungen die Kenntnisse von pflegerischen Prozessen sowie organisatorischen Abl&auml;ufen im Krankenhaus essenziell.<\/p>\n<h3>Ich bin:<\/h3>\n<ul>\n<li>strukturiert<\/li>\n<li>zuverl&auml;ssig<\/li>\n<li>kreativ<\/li>\n<\/ul>\n\n            <\/div>\n        <\/div>\n            <\/div>\n<\/div>\n\n<div\n    id=\"\"\n    class=\"wp-block-blockquote margin-bottom-normal\"\n>\n    <div class=\"container-lg\">\n        <div class=\"row\">\n            <div class=\"col\">\n                <div class=\"d-block mb-2 fs-5 major-text-color\">Bereits w\u00e4hrend meiner Ausbildung an der Handelsakademie hatte ich eine Vorstellung von einem sp\u00e4teren Job als Assistentin, obwohl ich noch nicht genau wusste, welche Aufgabengebiete diese Funktion umfasst. Nach dem Studium war ich froh, relativ rasch eine Anstellung am LKH-Univ. Klinikum Graz zu erhalten \u2013 mich pers\u00f6nlich fasziniert das Krankenhaus als Unternehmen, da hier rund um die Uhr mit Menschen gearbeitet wird. Mein erlerntes Wissen in der ersten Funktion verhalf mir, mich gut auf das Bewerbungsgespr\u00e4ch vorbereiten zu k\u00f6nnen. Im Hearing konnte ich dann meine jetzige Vorgesetzte sowie das Hearing-Komitee \u00fcberzeugen.<\/div>\n                <span class=\"d-flex justify-content-end\">Sandra M\u00fcller<\/span>\n            <\/div>\n        <\/div>\n    <\/div>\n<\/div>\n\n","protected":false},"excerpt":{"rendered":"<p>Sandra M\u00fcller ist Assistentin der Pflegedirektorin am LKH-Univ. Klinikum Graz. Das Krankenhaus als Unternehmen fasziniert sie, da hier rund um die Uhr mit Menschen gearbeitet wird. <\/p>\n","protected":false},"author":11,"featured_media":10000208,"parent":10000036,"menu_order":10,"comment_status":"closed","ping_status":"closed","template":"template-absolvent.blade.php","meta":{"_acf_changed":false,"footnotes":""},"acf":[],"aioseo_notices":[],"_links":{"self":[{"href":"https:\/\/www.fh-joanneum.at\/gesundheitsmanagement-und-public-health\/master\/wp-json\/wp\/v2\/pages\/10000207"}],"collection":[{"href":"https:\/\/www.fh-joanneum.at\/gesundheitsmanagement-und-public-health\/master\/wp-json\/wp\/v2\/pages"}],"about":[{"href":"https:\/\/www.fh-joanneum.at\/gesundheitsmanagement-und-public-health\/master\/wp-json\/wp\/v2\/types\/page"}],"author":[{"embeddable":true,"href":"https:\/\/www.fh-joanneum.at\/gesundheitsmanagement-und-public-health\/master\/wp-json\/wp\/v2\/users\/11"}],"replies":[{"embeddable":true,"href":"https:\/\/www.fh-joanneum.at\/gesundheitsmanagement-und-public-health\/master\/wp-json\/wp\/v2\/comments?post=10000207"}],"version-history":[{"count":0,"href":"https:\/\/www.fh-joanneum.at\/gesundheitsmanagement-und-public-health\/master\/wp-json\/wp\/v2\/pages\/10000207\/revisions"}],"up":[{"embeddable":true,"href":"https:\/\/www.fh-joanneum.at\/gesundheitsmanagement-und-public-health\/master\/wp-json\/wp\/v2\/pages\/10000036"}],"wp:featuredmedia":[{"embeddable":true,"href":"https:\/\/www.fh-joanneum.at\/gesundheitsmanagement-und-public-health\/master\/wp-json\/wp\/v2\/media\/10000208"}],"wp:attachment":[{"href":"https:\/\/www.fh-joanneum.at\/gesundheitsmanagement-und-public-health\/master\/wp-json\/wp\/v2\/media?parent=10000207"}],"curies":[{"name":"wp","href":"https:\/\/api.w.org\/{rel}","templated":true}]}}