{"id":10000043,"date":"2022-06-27T12:23:53","date_gmt":"2022-06-27T10:23:53","guid":{"rendered":"https:\/\/www.fh-joanneum.at\/gesundheitsoekonomie\/postgraduate\/?page_id=43"},"modified":"2022-10-13T10:41:14","modified_gmt":"2022-10-13T08:41:14","slug":"das-studium","status":"publish","type":"page","link":"https:\/\/www.fh-joanneum.at\/gesundheitsoekonomie\/postgraduate\/im-studium\/das-studium\/","title":{"rendered":"Das Studium"},"content":{"rendered":"<div id=\"\" class=\"wp-block-text-content margin-bottom-none\">\n    <div class=\"container-lg\">\n        <div class=\"row\">\n            <div class=\"col\">\n                <div class=\"module-migration-headline\">\n<h3>Die Schwerpunkte des Masterlehrgangs<\/h3>\n<\/div>\n\n            <\/div>\n        <\/div>\n            <\/div>\n<\/div>\n\n<div id=\"\" class=\"wp-block-text-content margin-bottom-normal\">\n    <div class=\"container-lg\">\n        <div class=\"row\">\n            <div class=\"col\">\n                <p>Der Masterlehrgang vermittelt Ihnen nicht nur fachspezifisches Wissen, sondern f&ouml;rdert die erforderlichen Kompetenzen, um alle im Gesundheitswesen notwendigen Leistungen, Produkte und Versorgungsangebote im Kontext knapper finanzieller Ressourcen evidenzbasiert zu planen, modellieren und evaluieren zu k&ouml;nnen.<\/p>\n<p>Im Studium vertiefen Sie Ihr multidisziplin&auml;res Wissen in den Bereichen Public Health, &Ouml;konomie und Health Economics Intelligence. Sie befassen sich mit aktuellen Herausforderungen sowie internationalen Trends und Best Practices der Gesundheits&ouml;konomie. In anwendungsorientierten &Uuml;bungen l&ouml;sen Sie gemeinsam mit Kolleginnen und Kollegen aus unterschiedlichen Fachbereichen konkrete Fallbeispiele.<\/p>\n<p>Sie erwerben unter anderem Kompetenzen in den Bereichen:<\/p>\n<ul>\n<li>Gesundheits&ouml;konomische Evaluation,<\/li>\n<li>Gesundheitsfolgenabsch&auml;tzung,<\/li>\n<li>Modellierungen, <\/li>\n<li>Gesundheits&ouml;konomische Reviews und Assessments,<\/li>\n<li>Quantitative und qualitative Forschungsmethoden, <\/li>\n<li>Berechnungsweisen f&uuml;r staatliche und private Gesundheitsausgaben sowie<\/li>\n<li>Wissenschaftskommunikation. <\/li>\n<\/ul>\n<p>Sie sind mit dem &ouml;sterreichischen Gesundheitssystem vertraut und lernen, wie Sie Gesundheits&ouml;konomie f&uuml;r unterschiedliche Stakeholder aufbereiten. Sie bekommen Einblicke in &ouml;konomische Rahmenbedingungen unterschiedlicher Settings der Gesundheit, die Analyse von Lebensqualit&auml;t sowie in aktuelle Themen wie Managed Care und E-Health. Innovationsprozesse im Gesundheitswesen, ihre Effizienz, Versorgungsgerechtigkeit und Qualit&auml;t stellen Sie in den Fokus.<\/p>\n<p>Sie schlie&szlig;en den Lehrgang mit einer wissenschaftlichen Masterarbeit ab.<\/p>\n\n            <\/div>\n        <\/div>\n            <\/div>\n<\/div>\n\n<div\n    id=\"\"\n    class=\"wp-block-blockquote margin-bottom-normal\"\n>\n    <div class=\"container-lg\">\n        <div class=\"row\">\n            <div class=\"col\">\n                <div class=\"d-block mb-2 fs-5 major-text-color\">\u201eUm im Kontext der steigenden Herausforderungen in allen Bereichen des Gesundheitswesens auch in Zukunft eine gerechte <br \/>\r\nVersorgung sicherstellen zu k\u00f6nnen, braucht es vermehrt Expert:innen der Gesundheits\u00f6konomie, die mit ihren Kompetenzen die Grundlagen f\u00fcr einen zielgerichteten und effektiven Ressourcenumgang legen. Der berufsbegleitende MBA-Lehrgang bef\u00e4higt, \u00f6konomische Fragen im multidisziplin\u00e4ren Gesundheitswesen zu analysieren und Innovationsprozesse durch effektiven und nachhaltigen Ressourceneinsatz zu erm\u00f6glichen.\u201c<br \/>\r\n<\/div>\n                <span class=\"d-flex justify-content-end\">Mag. Dr. Frank Michael Amort, Lehrgangsleiter<\/span>\n            <\/div>\n        <\/div>\n    <\/div>\n<\/div>\n\n<div\n    id=\"\"\n    class=\"wp-block-downloads margin-bottom-normal\"\n>\n    <div class=\"container-lg\">\n        <div class=\"row\">\n                                                                        <div class=\"col-12 col-md-6 mb-4\">\n                            <a\n                                download\n                                href=\"https:\/\/cdn3.fh-joanneum.at\/media\/sites\/96\/2022\/10\/LehrgFolder_GOL.pdf\"\n                                target=\"_blank\"\n                                class=\"d-block text-decoration-none major-text-color-hover border p-2\"\n                            >\n                                <div class=\"d-flex align-items-center\">\n                                    <?xml version=\"1.0\" encoding=\"UTF-8\"?>\n<svg class=\"me-2 flex-shrink-0\" xmlns=\"http:\/\/www.w3.org\/2000\/svg\"  width=\"44\" height=\"48\" viewBox=\"0 0 512 512\">\n      <path d=\"m21 53l0 406c0 29 24 53 54 53l170 0c6 0 11-5 11-11 0-6-5-10-11-10l-170 0c-18 0-32-15-32-32l0-363c9 7 20 11 32 11l352 0 0 128c0 6 4 10 10 10 6 0 11-4 11-10l0-150-373 0c-18 0-32-14-32-32 0-17 14-32 32-32l362 0c6 0 11-4 11-10 0-6-5-11-11-11l-362 0c-30 0-54 24-54 53z m342 459c-71 0-128-57-128-128 0-71 57-128 128-128 70 0 128 57 128 128 0 71-58 128-128 128z m-8-67c0 0 0 0 0 0l-43-43c-4-4-4-11 0-15 5-4 11-4 16 0l24 25 0-81c0-6 5-11 11-11 6 0 10 5 10 11l0 81 25-25c4-4 11-4 15 0 4 4 4 11 0 15l-43 43c0 0 0 0 0 0l-7 7z m8-168c-59 0-107 48-107 107 0 59 48 107 107 107 58 0 106-48 106-107 0-59-48-107-106-107z m-288-234l0 21 352 0 0-21z\"\/>\n<\/svg>                                    <div class=\"download-info\">\n                                        <span class=\"download-title fw-bold\">\n                                            Lehrgangsfolder\n                                        <\/span>\n\n                                        <div class=\"download-meta\">\n                                            <span class=\"download-size\">134 kB<\/span>\n                                            <span class=\"download-cta\">PDF<\/span>\n                                        <\/div>\n                                    <\/div>\n                                <\/div>\n                            <\/a>\n                        <\/div>\n                                                        <\/div>\n    <\/div>\n<\/div>\n\n","protected":false},"excerpt":{"rendered":"<p>Durch eine inhaltlich umfangreiche und fachlich fundierte Ausbildung schaffen wir die Basis f\u00fcr Ihre berufliche Karriere. Welche allgemeinen Inhalte, fachlichen Themen und spezifischen Schwerpunkte Sie im Studium erwarten, erfahren Sie hier.<\/p>\n","protected":false},"author":11,"featured_media":10000044,"parent":10000042,"menu_order":13,"comment_status":"closed","ping_status":"closed","template":"","meta":{"_acf_changed":false,"footnotes":""},"acf":[],"aioseo_notices":[],"_links":{"self":[{"href":"https:\/\/www.fh-joanneum.at\/gesundheitsoekonomie\/postgraduate\/wp-json\/wp\/v2\/pages\/10000043"}],"collection":[{"href":"https:\/\/www.fh-joanneum.at\/gesundheitsoekonomie\/postgraduate\/wp-json\/wp\/v2\/pages"}],"about":[{"href":"https:\/\/www.fh-joanneum.at\/gesundheitsoekonomie\/postgraduate\/wp-json\/wp\/v2\/types\/page"}],"author":[{"embeddable":true,"href":"https:\/\/www.fh-joanneum.at\/gesundheitsoekonomie\/postgraduate\/wp-json\/wp\/v2\/users\/11"}],"replies":[{"embeddable":true,"href":"https:\/\/www.fh-joanneum.at\/gesundheitsoekonomie\/postgraduate\/wp-json\/wp\/v2\/comments?post=10000043"}],"version-history":[{"count":0,"href":"https:\/\/www.fh-joanneum.at\/gesundheitsoekonomie\/postgraduate\/wp-json\/wp\/v2\/pages\/10000043\/revisions"}],"up":[{"embeddable":true,"href":"https:\/\/www.fh-joanneum.at\/gesundheitsoekonomie\/postgraduate\/wp-json\/wp\/v2\/pages\/10000042"}],"wp:featuredmedia":[{"embeddable":true,"href":"https:\/\/www.fh-joanneum.at\/gesundheitsoekonomie\/postgraduate\/wp-json\/wp\/v2\/media\/10000044"}],"wp:attachment":[{"href":"https:\/\/www.fh-joanneum.at\/gesundheitsoekonomie\/postgraduate\/wp-json\/wp\/v2\/media?parent=10000043"}],"curies":[{"name":"wp","href":"https:\/\/api.w.org\/{rel}","templated":true}]}}