{"id":10000012,"date":"2020-11-20T11:05:48","date_gmt":"2020-11-20T10:05:48","guid":{"rendered":"https:\/\/www.fh-joanneum.at\/global-leadership-and-hr-management\/master\/?page_id=12"},"modified":"2025-02-14T15:30:19","modified_gmt":"2025-02-14T14:30:19","slug":"aufnahmeverfahren","status":"publish","type":"page","link":"https:\/\/www.fh-joanneum.at\/global-leadership-and-hr-management\/master\/vor-dem-studium\/aufnahmeverfahren\/","title":{"rendered":"Aufnahmeverfahren"},"content":{"rendered":"<div id=\"\" class=\"wp-block-text-content margin-bottom-none\">\n    <div class=\"container-lg\">\n        <div class=\"row\">\n            <div class=\"col\">\n                <div class=\"module-migration-headline\">\n<h4>Aufnahmeverfahren<\/h4>\n<\/div>\n\n            <\/div>\n        <\/div>\n            <\/div>\n<\/div>\n\n\n\n\n<div id=\"\" class=\"wp-block-text-content margin-bottom-normal\">\n    <div class=\"container-lg\">\n        <div class=\"row\">\n            <div class=\"col\">\n                <p>Da es f&uuml;r die vier Studienrichtungen &bdquo;Global Strategic Decision Making&ldquo;, &bdquo;Global Leadership and HR Management&ldquo;, &bdquo;Global AI-powered Business Evolution&rdquo; und &bdquo;Global Green and Social Business&ldquo; des Masterstudiengangs &bdquo;Global Strategic Management&ldquo; in Summe j&auml;hrlich nur 40 Studienpl&auml;tze gibt, steht am Anfang eine sorgf&auml;ltige Auswahl der Studierenden im Rahmen des Aufnahmeverfahrens. Zu diesem Verfahren werden alle Bewerberinnen und Bewerber eingeladen, die die Zugangsvoraussetzungen erf&uuml;llen.<\/p>\n<p>Im Zuge der Bewerbung (das hei&szlig;t sp&auml;testens im Gespr&auml;ch mit der Aufnahmekommission) m&uuml;ssen Interessentinnen und Interessenten bereits bekannt geben, welche der vier Spezialisierungsrichtungen sie w&auml;hlen m&ouml;chten, wobei ein nachtr&auml;glicher Wechsel bis zum Ende des ersten Semesters grunds&auml;tzlich m&ouml;glich ist. Um den Austausch der Studierenden untereinander in der jeweiligen &bdquo;Spezialisierung&ldquo; sicherzustellen, kommt eine solche nur dann zustande, wenn es mindestens sechs Anmeldungen f&uuml;r diese Studienrichtung gibt.<\/p>\n<p>Alle Zulassungsentscheidungen werden auf objektive und transparente Weise getroffen, basierend auf dem Aufnahmeverfahren, das die folgenden Teile beinhaltet. Die jeweils unterschiedlichen Gewichtungen der Teile f&uuml;r die Zulassungsentscheidung sind in Klammer angef&uuml;hrt.<\/p>\n<ul>\n<li>Bearbeitung von methodischen, fachspezifischen und\/oder interdisziplin&auml;ren Aufgabenstellungen (35 %)<\/li>\n<li>Gespr&auml;ch mit der Aufnahmekommission (35 %)<\/li>\n<li>Gesamtbeurteilung der vorangegangenen berufsqualifizierenden Aus- und<br>\nWeiterbildung (15 %)<\/li>\n<li>Gesamtbeurteilung der vorangegangenen oder aktuellen berufspraktischen T&auml;tigkeiten (15 %)<\/li>\n<\/ul>\n<p>Das gesamte Aufnahmeverfahren wird in englischer Sprache durchgef&uuml;hrt.<\/p>\n\n            <\/div>\n        <\/div>\n            <\/div>\n<\/div>\n\n\n\n\n\n\n\n\n\n\n<div id=\"\" class=\"wp-block-text-content margin-bottom-normal\">\n    <div class=\"container-lg\">\n        <div class=\"row\">\n            <div class=\"col\">\n                <p>Das Aufnahmeverfahren setzt sich zusammen aus:<\/p>\n<ul>\n<li>einer vollst&auml;ndigen Bewerbung,<\/li>\n<li>einem Online-Gespr&auml;ch mit der Aufnahmekommission sowie<\/li>\n<li>der Bewertung der vorangegangenen Ausbildung und T&auml;tigkeiten.<\/li>\n<li>Der Assessment Test ist in Form von methodischen, fachspezifischen und \/ oder interdisziplin&auml;ren Fragestellungen in das Online-Gespr&auml;ch inkludiert.<\/li>\n<\/ul>\n<p>Die Form der Bewerbung flie&szlig;t in die Beurteilung ein.<\/p>\n<h4>Das Online-Gespr&auml;ch<\/h4>\n<p>Sie werden zu einem Gespr&auml;ch eingeladen, wenn Sie die Voraussetzungen f&uuml;r die Zulassung erf&uuml;llen und Ihre Bewerbung vollst&auml;ndig und fristgerecht eingereicht haben. Informationen mit allen Details zum Online-Gespr&auml;ch erhalten Sie zeitgerecht vor dem Termin per E-Mail.<\/p>\n<p>Betriebswirtschaftliches Basisverst&auml;ndnis, analytisches und folgerichtiges Denken sowie kritische Reflexions- und Argumentationsf&auml;higkeit sind unter anderem Themen des Gespr&auml;chs. Sie f&uuml;hren das Gespr&auml;ch in englischer Sprache mit der Aufnahmekommission des Studiengangs. Es dauert in etwa 15 bis 20 Minuten.<\/p>\n\n            <\/div>\n        <\/div>\n            <\/div>\n<\/div>\n\n\n<div\n    id=\"\"\n    class=\"wp-block-tipp-box margin-bottom-normal\"\n>\n    <div class=\"container-lg\">\n        <div class=\"row\">\n            <div class=\"col\">\n                <div class=\"tipp-box border border-warning\">\n                    <div class=\"tipp-box-inner p-2 p-md-3\">\n                        <h4 class=\"\">Tipp<\/h4>\n                        <p>Im Gespr\u00e4ch haben Sie die M\u00f6glichkeit, Ihr Fachwissen sowie Ihre Motivation, Eignung und Begabung f\u00fcr das Studium und den Beruf darzulegen. \u00dcberzeugen Sie sie durch Ihren Lebenslauf, Ihr Interesse an den Studieninhalten und Ihre Pers\u00f6nlichkeit. <\/p>\n\n                    <\/div>\n                <\/div>\n            <\/div>\n        <\/div>\n    <\/div>\n<\/div>\n\n\n<div id=\"\" class=\"wp-block-text-content margin-bottom-normal\">\n    <div class=\"container-lg\">\n        <div class=\"row\">\n            <div class=\"col\">\n                <h4>Bewertung der vorangegangenen Ausbildung und der beruflichen Erfahrung<\/h4>\n<p>Als zus&auml;tzliche Kriterien f&uuml;r die Aufnahmeentscheidung werden die beruflichen Erfahrungen sowie die berufsqualifizierende Aus- und Weiterbildung ber&uuml;cksichtigt.<\/p>\n\n            <\/div>\n        <\/div>\n            <\/div>\n<\/div>\n","protected":false},"excerpt":{"rendered":"<p>Im Zuge des Aufnahmeverfahrens ermitteln wir Ihre pers\u00f6nlichen F\u00e4higkeiten und Potenziale f\u00fcr das Studium. Was Sie genau erwartet, und wie Sie sich darauf vorbereiten k\u00f6nnen.<\/p>\n","protected":false},"author":11,"featured_media":0,"parent":10000008,"menu_order":18,"comment_status":"closed","ping_status":"closed","template":"","meta":{"_acf_changed":false,"footnotes":""},"acf":[],"aioseo_notices":[],"_links":{"self":[{"href":"https:\/\/www.fh-joanneum.at\/global-leadership-and-hr-management\/master\/wp-json\/wp\/v2\/pages\/10000012"}],"collection":[{"href":"https:\/\/www.fh-joanneum.at\/global-leadership-and-hr-management\/master\/wp-json\/wp\/v2\/pages"}],"about":[{"href":"https:\/\/www.fh-joanneum.at\/global-leadership-and-hr-management\/master\/wp-json\/wp\/v2\/types\/page"}],"author":[{"embeddable":true,"href":"https:\/\/www.fh-joanneum.at\/global-leadership-and-hr-management\/master\/wp-json\/wp\/v2\/users\/11"}],"replies":[{"embeddable":true,"href":"https:\/\/www.fh-joanneum.at\/global-leadership-and-hr-management\/master\/wp-json\/wp\/v2\/comments?post=10000012"}],"version-history":[{"count":3,"href":"https:\/\/www.fh-joanneum.at\/global-leadership-and-hr-management\/master\/wp-json\/wp\/v2\/pages\/10000012\/revisions"}],"predecessor-version":[{"id":10000243,"href":"https:\/\/www.fh-joanneum.at\/global-leadership-and-hr-management\/master\/wp-json\/wp\/v2\/pages\/10000012\/revisions\/10000243"}],"up":[{"embeddable":true,"href":"https:\/\/www.fh-joanneum.at\/global-leadership-and-hr-management\/master\/wp-json\/wp\/v2\/pages\/10000008"}],"wp:attachment":[{"href":"https:\/\/www.fh-joanneum.at\/global-leadership-and-hr-management\/master\/wp-json\/wp\/v2\/media?parent=10000012"}],"curies":[{"name":"wp","href":"https:\/\/api.w.org\/{rel}","templated":true}]}}