{"id":29,"date":"2025-06-27T09:57:57","date_gmt":"2025-06-27T07:57:57","guid":{"rendered":"https:\/\/www.fh-joanneum.at\/guideline-based-ultrasound-and-health-services\/postgraduate\/?page_id=29"},"modified":"2025-06-27T09:57:59","modified_gmt":"2025-06-27T07:57:59","slug":"voraussetzungen","status":"publish","type":"page","link":"https:\/\/www.fh-joanneum.at\/guideline-based-ultrasound-and-health-services\/postgraduate\/vor-dem-studium\/voraussetzungen\/","title":{"rendered":"Voraussetzungen"},"content":{"rendered":"<div id=\"\" class=\"wp-block-text-content margin-bottom-normal\">\n    <div class=\"container-lg\">\n        <div class=\"row\">\n            <div class=\"col\">\n                <h3>Voraussetzungen f&uuml;r die Zulassung<\/h3>\n<p>Der berufsbegleitende Masterlehrgang Guideline Based Ultrasound and Health Services (120 ECTS) richtet sich an alle Absolvent:innen von facheinschl&auml;gigen Gesundheitsstudieng&auml;ngen, &Auml;rzt:innen in Ausbildung oder mit Berufsbefugnis sowie Angeh&ouml;rige anderer Gesundheitsberufe mit postsekund&auml;rer Ausbildung in einem einschl&auml;gigen Bereich.<\/p>\n<p>Als facheinschl&auml;gig gelten jedenfalls folgende Bachelorabschl&uuml;sse:<\/p>\n<ul>\n<li>Humanmedizin<\/li>\n<li>Zahnmedizin<\/li>\n<li>Radiologietechnologie<\/li>\n<li>Hebammenwissenschaft<\/li>\n<li>Physiotherapie<\/li>\n<li>Biomedizinische Analytik<\/li>\n<li>Gesundheits- und Krankenpflege<\/li>\n<li>Di&auml;tologie<\/li>\n<\/ul>\n<p>F&uuml;r die Zulassung zum Studienplatz ist es erforderlich, dass Bewerber:innen bereits vor Studienbeginn die notwendigen Praktikumspl&auml;tze eigenst&auml;ndig organisieren und nachweisen k&ouml;nnen.<\/p>\n<h4>Zugangsvoraussetzungen<\/h4>\n<ul>\n<li>ein abgeschlossenes facheinschl&auml;giges Studium (mind. 180 ECTS)<br>\nODER<\/li>\n<li>der Abschluss eines anderen fachlich in Frage kommenden Studiums mindestens desselben hochschulischen Bildungsniveaus an einer anerkannten inl&auml;ndischen oder ausl&auml;ndischen postsekund&auml;ren Bildungseinrichtung<\/li>\n<li>Einschl&auml;gige Berufserfahrung im Gesundheitswesen (mind. 2 Jahre)<\/li>\n<li>Jeweils eine Praktikumsstelle im Ausma&szlig; von 2 Wochen (4 ECTS) f&uuml;r die Module:\n<ul>\n<li>Modul 2: Abdomen<\/li>\n<li>Modul 3: Blood vessels and Neck<\/li>\n<li>Modul 4: Gynecology &ndash; Obstetrics &ndash; Mamma<\/li>\n<li>Modul 5: Echocardiography and Lung<\/li>\n<li>Modul 6: Musculoskeletal System<\/li>\n<li>Modul 7: Spezialisierung<\/li>\n<\/ul>\n<\/li>\n<li>Sprachkenntnisse auf dem Niveau B2 in Englisch sowie Deutsch<\/li>\n<\/ul>\n\n            <\/div>\n        <\/div>\n            <\/div>\n<\/div>\n","protected":false},"excerpt":{"rendered":"<p>Welche Voraussetzungen m\u00fcssen Sie f\u00fcr den Lehrgang erf\u00fcllen? Die Antworten auf diese Frage geben wir Ihnen hier.<\/p>\n","protected":false},"author":143,"featured_media":0,"parent":15,"menu_order":20,"comment_status":"closed","ping_status":"closed","template":"","meta":{"_acf_changed":false,"footnotes":""},"acf":[],"aioseo_notices":[],"_links":{"self":[{"href":"https:\/\/www.fh-joanneum.at\/guideline-based-ultrasound-and-health-services\/postgraduate\/wp-json\/wp\/v2\/pages\/29"}],"collection":[{"href":"https:\/\/www.fh-joanneum.at\/guideline-based-ultrasound-and-health-services\/postgraduate\/wp-json\/wp\/v2\/pages"}],"about":[{"href":"https:\/\/www.fh-joanneum.at\/guideline-based-ultrasound-and-health-services\/postgraduate\/wp-json\/wp\/v2\/types\/page"}],"author":[{"embeddable":true,"href":"https:\/\/www.fh-joanneum.at\/guideline-based-ultrasound-and-health-services\/postgraduate\/wp-json\/wp\/v2\/users\/143"}],"replies":[{"embeddable":true,"href":"https:\/\/www.fh-joanneum.at\/guideline-based-ultrasound-and-health-services\/postgraduate\/wp-json\/wp\/v2\/comments?post=29"}],"version-history":[{"count":1,"href":"https:\/\/www.fh-joanneum.at\/guideline-based-ultrasound-and-health-services\/postgraduate\/wp-json\/wp\/v2\/pages\/29\/revisions"}],"predecessor-version":[{"id":30,"href":"https:\/\/www.fh-joanneum.at\/guideline-based-ultrasound-and-health-services\/postgraduate\/wp-json\/wp\/v2\/pages\/29\/revisions\/30"}],"up":[{"embeddable":true,"href":"https:\/\/www.fh-joanneum.at\/guideline-based-ultrasound-and-health-services\/postgraduate\/wp-json\/wp\/v2\/pages\/15"}],"wp:attachment":[{"href":"https:\/\/www.fh-joanneum.at\/guideline-based-ultrasound-and-health-services\/postgraduate\/wp-json\/wp\/v2\/media?parent=29"}],"curies":[{"name":"wp","href":"https:\/\/api.w.org\/{rel}","templated":true}]}}