{"id":10000064,"date":"2016-06-10T13:51:03","date_gmt":"2016-06-10T11:51:03","guid":{"rendered":"https:\/\/www.fh-joanneum.at\/health-care-and-hospital-management\/postgraduate\/?page_id=64"},"modified":"2023-08-30T11:24:05","modified_gmt":"2023-08-30T09:24:05","slug":"voraussetzungen","status":"publish","type":"page","link":"https:\/\/www.fh-joanneum.at\/health-care-and-hospital-management\/postgraduate\/vor-dem-studium\/voraussetzungen\/","title":{"rendered":"Voraussetzungen"},"content":{"rendered":"<div id=\"\" class=\"wp-block-text-content margin-bottom-none\">\n    <div class=\"container-lg\">\n        <div class=\"row\">\n            <div class=\"col\">\n                <div class=\"module-migration-headline\">\n<h3>Voraussetzungen<\/h3>\n<\/div>\n\n            <\/div>\n        <\/div>\n            <\/div>\n<\/div>\n\n\n<div id=\"\" class=\"wp-block-text-content margin-bottom-normal\">\n    <div class=\"container-lg\">\n        <div class=\"row\">\n            <div class=\"col\">\n                <p>Zugangsvoraussetzung f&uuml;r den postgradualen Masterlehrgang ist<\/p>\n<ul>\n<li>Abschluss eines fachlich in Frage kommenden Studiums mindestens auf Bachelorniveau und mit mindestens 180 ECTS-Anrechnungspunkten,<\/li>\n<\/ul>\n<p>oder<\/p>\n<ul>\n<li>Abschluss eines anderen fachlich in Frage kommenden Studiums mindestens desselben hochschulischen Bildungsniveaus an einer anerkannten inl&auml;ndischen oder ausl&auml;ndischen postsekund&auml;ren Bildungseinrichtung,<\/li>\n<\/ul>\n<p>und<\/p>\n<ul>\n<li>eine einschl&auml;gige Berufserfahrung im Ausma&szlig; von mindestens drei Jahren.<\/li>\n<\/ul>\n<p>Die F&auml;higkeiten zum Studium englischsprachiger Unterlagen beziehungsweise die Teilnahme an Unterrichtseinheiten in englischer Sprache werden vorausgesetzt.<\/p>\n\n            <\/div>\n        <\/div>\n            <\/div>\n<\/div>\n\n\n\n","protected":false},"excerpt":{"rendered":"<p>Welche Voraussetzungen m\u00fcssen Sie f\u00fcr das Studium erf\u00fcllen? Die Antwort auf diese Frage geben wir Ihnen hier.<\/p>\n","protected":false},"author":14,"featured_media":0,"parent":10000032,"menu_order":14,"comment_status":"closed","ping_status":"closed","template":"","meta":{"_acf_changed":false,"footnotes":""},"acf":[],"aioseo_notices":[],"_links":{"self":[{"href":"https:\/\/www.fh-joanneum.at\/health-care-and-hospital-management\/postgraduate\/wp-json\/wp\/v2\/pages\/10000064"}],"collection":[{"href":"https:\/\/www.fh-joanneum.at\/health-care-and-hospital-management\/postgraduate\/wp-json\/wp\/v2\/pages"}],"about":[{"href":"https:\/\/www.fh-joanneum.at\/health-care-and-hospital-management\/postgraduate\/wp-json\/wp\/v2\/types\/page"}],"author":[{"embeddable":true,"href":"https:\/\/www.fh-joanneum.at\/health-care-and-hospital-management\/postgraduate\/wp-json\/wp\/v2\/users\/14"}],"replies":[{"embeddable":true,"href":"https:\/\/www.fh-joanneum.at\/health-care-and-hospital-management\/postgraduate\/wp-json\/wp\/v2\/comments?post=10000064"}],"version-history":[{"count":0,"href":"https:\/\/www.fh-joanneum.at\/health-care-and-hospital-management\/postgraduate\/wp-json\/wp\/v2\/pages\/10000064\/revisions"}],"up":[{"embeddable":true,"href":"https:\/\/www.fh-joanneum.at\/health-care-and-hospital-management\/postgraduate\/wp-json\/wp\/v2\/pages\/10000032"}],"wp:attachment":[{"href":"https:\/\/www.fh-joanneum.at\/health-care-and-hospital-management\/postgraduate\/wp-json\/wp\/v2\/media?parent=10000064"}],"curies":[{"name":"wp","href":"https:\/\/api.w.org\/{rel}","templated":true}]}}