{"id":10000083,"date":"2015-08-11T09:28:30","date_gmt":"2015-08-11T09:28:30","guid":{"rendered":"https:\/\/www.fh-joanneum.at\/industrial-design\/master\/?page_id=83"},"modified":"2023-03-17T14:00:30","modified_gmt":"2023-03-17T14:00:30","slug":"aufnahmeverfahren","status":"publish","type":"page","link":"https:\/\/www.fh-joanneum.at\/industrial-design\/master\/vor-dem-studium\/aufnahmeverfahren\/","title":{"rendered":"Aufnahmeverfahren"},"content":{"rendered":"<div id=\"\" class=\"wp-block-text-content margin-bottom-none\">\n    <div class=\"container-lg\">\n        <div class=\"row\">\n            <div class=\"col\">\n                <div class=\"module-migration-headline\">\n<h3>Aufnahmeverfahren<\/h3>\n<\/div>\n\n            <\/div>\n        <\/div>\n            <\/div>\n<\/div>\n\n<div id=\"\" class=\"wp-block-text-content margin-bottom-normal\">\n    <div class=\"container-lg\">\n        <div class=\"row\">\n            <div class=\"col\">\n                <p>Das Aufnahmeverfahren setzt sich zusammen aus:<\/p>\n<ul>\n<li>einem zweiteiligen Eignungstest,<\/li>\n<li>einem Gespr&auml;ch mit der Aufnahmekommission sowie<\/li>\n<li>der Gesamtbeurteilung der vorangegangenen berufsqualifizierenden <br>\nAusbildung und T&auml;tigkeiten auf Basis des Portfolios bzw. der Bewerbung <\/li>\n<\/ul>\n<p>Im Zuge des Aufnahmeverfahrens werden die Sprachkenntnisse &uuml;berpr&uuml;ft, indem die fachlichen Aufgabenstellungen und das Aufnahmegespr&auml;ch in deutscher und englischer Sprache erfolgen. <\/p>\n\n            <\/div>\n        <\/div>\n            <\/div>\n<\/div>\n\n\n\n<div id=\"\" class=\"wp-block-text-content margin-bottom-normal\">\n    <div class=\"container-lg\">\n        <div class=\"row\">\n            <div class=\"col\">\n                <h4>Der zweiteilige Eignungstest<\/h4>\n<p>Sie werden zum weiteren Aufnahmeverfahren eingeladen, wenn Sie die Voraussetzungen f&uuml;r die Zulassung erf&uuml;llen und Ihre Bewerbung vollst&auml;ndig und fristgerecht eingereicht haben.<\/p>\n<p>Der zweiteilige Eignungstest soll zeigen, ob Sie sich f&uuml;r das Studium eignen und findet an einem festgelegten Termin statt.<\/p>\n<ul>\n<li>\n<p>Der erste Teil des Eignungstets beinhaltet die <strong>Erarbeitung einer kritischen Analyse zu einem vorgegebenen Designobjekt<\/strong> und dauert eine Stunde.<\/p>\n<\/li>\n<li>\n<p>Die <strong>Erarbeitung eines Designkonzepts anhand eines vorgegebenen Themas<\/strong> innerhalb von vier Stunden ist der zweite Teil des Tests.<\/p>\n<\/li>\n<\/ul>\n\n            <\/div>\n        <\/div>\n            <\/div>\n<\/div>\n\n<div id=\"\" class=\"wp-block-text-content margin-bottom-normal\">\n    <div class=\"container-lg\">\n        <div class=\"row\">\n            <div class=\"col\">\n                <h4>Das pers&ouml;nliche Gespr&auml;ch<\/h4>\n<p>Alle Teilnehmer:innen werden zu einem pers&ouml;nlichen Gespr&auml;ch eingeladen.<\/p>\n<p>Hier haben Sie die M&ouml;glichkeit, Ihre Motivation, Eignung und Begabung f&uuml;r das gew&auml;hlte Studium und den angestrebten Beruf darzulegen. <\/p>\n<p>Sie f&uuml;hren das Gespr&auml;ch mit der Aufnahmekommission des Studienganges. Es dauert in der Regel etwa 20 Minuten. <\/p>\n\n            <\/div>\n        <\/div>\n            <\/div>\n<\/div>\n\n<div\n    id=\"\"\n    class=\"wp-block-tipp-box margin-bottom-normal\"\n>\n    <div class=\"container-lg\">\n        <div class=\"row\">\n            <div class=\"col\">\n                <div class=\"tipp-box border border-warning\">\n                    <div class=\"tipp-box-inner p-2 p-md-3\">\n                        <h4 class=\"\">Tipp<\/h4>\n                        <p>\u00dcberzeugen Sie sie durch Ihren Lebenslauf, Ihr Interesse an den Studieninhalten und Ihre Pers\u00f6nlichkeit. <\/p>\n\n                    <\/div>\n                <\/div>\n            <\/div>\n        <\/div>\n    <\/div>\n<\/div>\n\n<div id=\"\" class=\"wp-block-text-content margin-bottom-normal\">\n    <div class=\"container-lg\">\n        <div class=\"row\">\n            <div class=\"col\">\n                <h4>Bewertung der vorangegangenen Ausbildung und der beruflichen Erfahrung<\/h4>\n<p>Neben der Beurteilung der vorangegangenen berufsqualifizierenden Ausbildung anhand des Nachweises berufspraktischer T&auml;tigkeiten auf Basis des <strong>Portfolios<\/strong> beziehungsweise der Bewerbung werden als zus&auml;tzliche Kriterien f&uuml;r die Aufnahmeentscheidung ber&uuml;cksichtigt:<\/p>\n<ul>\n<li>die bisherigen Studienabschl&uuml;sse<\/li>\n<li>die Begr&uuml;ndung zur Wahl des Studiengangs<\/li>\n<li>die F&auml;higkeiten im gestalterischen, darstellungstechnischen und technischen Bereich<\/li>\n<li>der Umgang mit den f&uuml;r das Masterstudium notwendigen Computerprogrammen<\/li>\n<li>die relevanten Praxiserfahrungen.<\/li>\n<\/ul>\n\n            <\/div>\n        <\/div>\n            <\/div>\n<\/div>\n\n","protected":false},"excerpt":{"rendered":"<p>Im Zuge des Aufnahmeverfahrens ermitteln wir Ihre pers\u00f6nlichen F\u00e4higkeiten und Potenziale f\u00fcr das Studium. Was Sie genau erwartet, und wie Sie sich darauf vorbereiten k\u00f6nnen.<\/p>\n","protected":false},"author":10,"featured_media":0,"parent":10000075,"menu_order":24,"comment_status":"closed","ping_status":"closed","template":"","meta":{"_acf_changed":false,"footnotes":""},"acf":[],"aioseo_notices":[],"_links":{"self":[{"href":"https:\/\/www.fh-joanneum.at\/industrial-design\/master\/wp-json\/wp\/v2\/pages\/10000083"}],"collection":[{"href":"https:\/\/www.fh-joanneum.at\/industrial-design\/master\/wp-json\/wp\/v2\/pages"}],"about":[{"href":"https:\/\/www.fh-joanneum.at\/industrial-design\/master\/wp-json\/wp\/v2\/types\/page"}],"author":[{"embeddable":true,"href":"https:\/\/www.fh-joanneum.at\/industrial-design\/master\/wp-json\/wp\/v2\/users\/10"}],"replies":[{"embeddable":true,"href":"https:\/\/www.fh-joanneum.at\/industrial-design\/master\/wp-json\/wp\/v2\/comments?post=10000083"}],"version-history":[{"count":0,"href":"https:\/\/www.fh-joanneum.at\/industrial-design\/master\/wp-json\/wp\/v2\/pages\/10000083\/revisions"}],"up":[{"embeddable":true,"href":"https:\/\/www.fh-joanneum.at\/industrial-design\/master\/wp-json\/wp\/v2\/pages\/10000075"}],"wp:attachment":[{"href":"https:\/\/www.fh-joanneum.at\/industrial-design\/master\/wp-json\/wp\/v2\/media?parent=10000083"}],"curies":[{"name":"wp","href":"https:\/\/api.w.org\/{rel}","templated":true}]}}