{"id":10000557,"date":"2020-03-26T17:22:09","date_gmt":"2020-03-26T17:22:09","guid":{"rendered":"https:\/\/www.fh-joanneum.at\/industrial-design\/master\/?page_id=557"},"modified":"2020-06-09T14:15:29","modified_gmt":"2020-06-09T14:15:29","slug":"di-fh-sylvia-feichtinger","status":"publish","type":"page","link":"https:\/\/www.fh-joanneum.at\/industrial-design\/master\/nach-dem-studium\/absolventinnen-absolventen\/di-fh-sylvia-feichtinger\/","title":{"rendered":"DI (FH) Sylvia Feichtinger"},"content":{"rendered":"<div id=\"\" class=\"wp-block-text-content margin-bottom-normal\">\n    <div class=\"container-lg\">\n        <div class=\"row\">\n            <div class=\"col\">\n                \n            <\/div>\n        <\/div>\n            <\/div>\n<\/div>\n\n<div\n    id=\"\"\n    class=\"wp-block-blockquote margin-bottom-normal\"\n>\n    <div class=\"container-lg\">\n        <div class=\"row\">\n            <div class=\"col\">\n                <div class=\"d-block mb-2 fs-5 major-text-color\">\u201eIn Zeiten von Social Media und Informations\u00fcberflutung besteht die Herausforderung darin, als Designerin wahre Werte zu vermitteln. Ohne viel L\u00e4rm Produkte zu entwickeln mit Klarheit und Zweck, die den Wert der Einfachheit zelebrieren. <br \/>\r\n<br \/>\r\nJedes Objekt mit Achtsamkeit zu gestalten, abseits von schnellen Trends, in klassischer, minimalistischer \u00c4sthetik. Bedachtes Design, Langlebigkeit und Qualit\u00e4t sollten dabei grundlegende Prinzipien sein, schon in Anbetracht auf die Lage unseres Planeten.\u201c<br \/>\r\n<br \/>\r\n<br \/>\r\n<br \/>\r\n<\/div>\n                <span class=\"d-flex justify-content-end\">Sylvia Feichtinger<\/span>\n            <\/div>\n        <\/div>\n    <\/div>\n<\/div>\n\n<div\n    id=\"\"\n    class=\"wp-block-blockquote margin-bottom-normal\"\n>\n    <div class=\"container-lg\">\n        <div class=\"row\">\n            <div class=\"col\">\n                <div class=\"d-block mb-2 fs-5 major-text-color\">\u201eWeiters haben wir als Designerinnen und Designer die Verantwortung, sensibel und wirkungsvoll auf gesellschaftliche Ver\u00e4nderungen zu reagieren, was ohne stetiges Beobachten und einer unermesslichen Neugierde unm\u00f6glich w\u00e4re.<br \/>\r\n<br \/>\r\nUnd letztendlich, seinen Instinkten vertrauen und seinen Werten treu bleiben, auch wenn diese nicht direkt und geradlinig zum Erfolg f\u00fchren, denn das wichtigste  lernen wir sowieso meist aus unseren Misserfolgen.\u201c<br \/>\r\n<\/div>\n                <span class=\"d-flex justify-content-end\">Sylvia Feichtinger<\/span>\n            <\/div>\n        <\/div>\n    <\/div>\n<\/div>\n\n","protected":false},"excerpt":{"rendered":"<p>Sylvia Feichtinger ist Creative Lead bei Peloton, New York City, in der Jury des IF Design Award und Austrian Design Award sowie Mitglied der Industrial Designers Society of America. Davor war sie Creative Director bei frog design, San Francisco Bay Area.<\/p>\n","protected":false},"author":11,"featured_media":10000555,"parent":10000113,"menu_order":5,"comment_status":"closed","ping_status":"closed","template":"template-absolvent.blade.php","meta":{"_acf_changed":false,"footnotes":""},"acf":[],"aioseo_notices":[],"_links":{"self":[{"href":"https:\/\/www.fh-joanneum.at\/industrial-design\/master\/wp-json\/wp\/v2\/pages\/10000557"}],"collection":[{"href":"https:\/\/www.fh-joanneum.at\/industrial-design\/master\/wp-json\/wp\/v2\/pages"}],"about":[{"href":"https:\/\/www.fh-joanneum.at\/industrial-design\/master\/wp-json\/wp\/v2\/types\/page"}],"author":[{"embeddable":true,"href":"https:\/\/www.fh-joanneum.at\/industrial-design\/master\/wp-json\/wp\/v2\/users\/11"}],"replies":[{"embeddable":true,"href":"https:\/\/www.fh-joanneum.at\/industrial-design\/master\/wp-json\/wp\/v2\/comments?post=10000557"}],"version-history":[{"count":0,"href":"https:\/\/www.fh-joanneum.at\/industrial-design\/master\/wp-json\/wp\/v2\/pages\/10000557\/revisions"}],"up":[{"embeddable":true,"href":"https:\/\/www.fh-joanneum.at\/industrial-design\/master\/wp-json\/wp\/v2\/pages\/10000113"}],"wp:featuredmedia":[{"embeddable":true,"href":"https:\/\/www.fh-joanneum.at\/industrial-design\/master\/wp-json\/wp\/v2\/media\/10000555"}],"wp:attachment":[{"href":"https:\/\/www.fh-joanneum.at\/industrial-design\/master\/wp-json\/wp\/v2\/media?parent=10000557"}],"curies":[{"name":"wp","href":"https:\/\/api.w.org\/{rel}","templated":true}]}}