{"id":10000178,"date":"2022-01-12T19:09:28","date_gmt":"2022-01-12T18:09:28","guid":{"rendered":"https:\/\/www.fh-joanneum.at\/industrielle-mechatronik\/bachelor\/?page_id=178"},"modified":"2024-10-22T11:18:25","modified_gmt":"2024-10-22T09:18:25","slug":"quereinstieg-ins-2-semester","status":"publish","type":"page","link":"https:\/\/www.fh-joanneum.at\/industrielle-mechatronik\/bachelor\/vor-dem-studium\/quereinstieg-ins-2-semester\/","title":{"rendered":"Quereinstieg ins 2. Semester"},"content":{"rendered":"<div id=\"\" class=\"wp-block-text-content margin-bottom-none\">\n    <div class=\"container-lg\">\n        <div class=\"row\">\n            <div class=\"col\">\n                <div class=\"module-migration-headline\">\n<h3>Quereinstieg ins 2. Semester <\/h3>\n<\/div>\n\n            <\/div>\n        <\/div>\n            <\/div>\n<\/div>\n\n\n<div id=\"\" class=\"wp-block-text-content margin-bottom-normal\">\n    <div class=\"container-lg\">\n        <div class=\"row\">\n            <div class=\"col\">\n                <p>Absolvent:innen einer facheinschl&auml;gigen H&ouml;heren Technischen Lehranstalt (HTL) k&ouml;nnen ohne Zusatzpr&uuml;fungen direkt in das <strong>2. Semester<\/strong> einsteigen.<\/p>\n<p>Es ist jedenfalls wichtig, sich rechtzeitig zu bewerben, da nur durch eine erfolgreiche Bewerbung auch ein Studienplatz garantiert werden kann. Ihre Fragen senden Sie an <a href=\"mailto:mec@fh-joanneum.at\">mec@fh-joanneum.at<\/a>. Wir beraten Sie gerne.<\/p>\n<p>Sie erf&uuml;llen die Voraussetzungen mit einem Abschluss an einer der folgenden &ouml;sterreichischen Schulen (sollte Ihre HTL \/ Fachrichtung nicht gelistet sein, fragen Sie bitte bei uns nach):<\/p>\n<ul>\n<li>HTL Hollabrunn: Mechatronik<\/li>\n<li>HTL Kaindorf: Automatisierung, Mechatronik, Robotik<\/li>\n<li>HTL Kapfenberg: Mechatronik, Automatisierung und Robotik<\/li>\n<li>HTL Lastenstra&szlig;e: Mechatronik<\/li>\n<li>HTL Rennweg: Mechatronik<\/li>\n<li>HTL Steyr: Elektronik, Informationstechnologien, Mechatronik<\/li>\n<li>HTL Wolfsberg: Mechatronik<\/li>\n<\/ul>\n\n            <\/div>\n        <\/div>\n            <\/div>\n<\/div>\n\n\n\n\n<div\n    id=\"\"\n    class=\"wp-block-downloads margin-bottom-normal\"\n>\n    <div class=\"container-lg\">\n        <div class=\"row\">\n                                                                        <div class=\"col-12 col-md-6 mb-4\">\n                            <a\n                                download\n                                href=\"https:\/\/cdn3.fh-joanneum.at\/media\/sites\/82\/2022\/01\/D_Antrag-auf-Quereinstieg_Wiedereinstieg_in-ein-h\u00f6heres-Semester_ausfuellbar.pdf\"\n                                target=\"_blank\"\n                                class=\"d-block text-decoration-none major-text-color-hover border p-2\"\n                            >\n                                <div class=\"d-flex align-items-center\">\n                                    <?xml version=\"1.0\" encoding=\"UTF-8\"?>\n<svg class=\"me-2 flex-shrink-0\" xmlns=\"http:\/\/www.w3.org\/2000\/svg\"  width=\"44\" height=\"48\" viewBox=\"0 0 512 512\">\n      <path d=\"m21 53l0 406c0 29 24 53 54 53l170 0c6 0 11-5 11-11 0-6-5-10-11-10l-170 0c-18 0-32-15-32-32l0-363c9 7 20 11 32 11l352 0 0 128c0 6 4 10 10 10 6 0 11-4 11-10l0-150-373 0c-18 0-32-14-32-32 0-17 14-32 32-32l362 0c6 0 11-4 11-10 0-6-5-11-11-11l-362 0c-30 0-54 24-54 53z m342 459c-71 0-128-57-128-128 0-71 57-128 128-128 70 0 128 57 128 128 0 71-58 128-128 128z m-8-67c0 0 0 0 0 0l-43-43c-4-4-4-11 0-15 5-4 11-4 16 0l24 25 0-81c0-6 5-11 11-11 6 0 10 5 10 11l0 81 25-25c4-4 11-4 15 0 4 4 4 11 0 15l-43 43c0 0 0 0 0 0l-7 7z m8-168c-59 0-107 48-107 107 0 59 48 107 107 107 58 0 106-48 106-107 0-59-48-107-106-107z m-288-234l0 21 352 0 0-21z\"\/>\n<\/svg>                                    <div class=\"download-info\">\n                                        <span class=\"download-title fw-bold\">\n                                            Antrag auf Quereinstieg\n                                        <\/span>\n\n                                        <div class=\"download-meta\">\n                                            <span class=\"download-size\">4 MB<\/span>\n                                            <span class=\"download-cta\">PDF<\/span>\n                                        <\/div>\n                                    <\/div>\n                                <\/div>\n                            <\/a>\n                        <\/div>\n                                                        <\/div>\n    <\/div>\n<\/div>\n\n\n","protected":false},"excerpt":{"rendered":"<p>Absolvent:innen einer facheinschl\u00e4gigen HTL k\u00f6nnen ohne Zusatzpr\u00fcfungen direkt in das 2. Semester einstiegen. <\/p>\n","protected":false},"author":11,"featured_media":0,"parent":10000007,"menu_order":12,"comment_status":"closed","ping_status":"closed","template":"","meta":{"_acf_changed":false,"footnotes":""},"acf":[],"aioseo_notices":[],"_links":{"self":[{"href":"https:\/\/www.fh-joanneum.at\/industrielle-mechatronik\/bachelor\/wp-json\/wp\/v2\/pages\/10000178"}],"collection":[{"href":"https:\/\/www.fh-joanneum.at\/industrielle-mechatronik\/bachelor\/wp-json\/wp\/v2\/pages"}],"about":[{"href":"https:\/\/www.fh-joanneum.at\/industrielle-mechatronik\/bachelor\/wp-json\/wp\/v2\/types\/page"}],"author":[{"embeddable":true,"href":"https:\/\/www.fh-joanneum.at\/industrielle-mechatronik\/bachelor\/wp-json\/wp\/v2\/users\/11"}],"replies":[{"embeddable":true,"href":"https:\/\/www.fh-joanneum.at\/industrielle-mechatronik\/bachelor\/wp-json\/wp\/v2\/comments?post=10000178"}],"version-history":[{"count":1,"href":"https:\/\/www.fh-joanneum.at\/industrielle-mechatronik\/bachelor\/wp-json\/wp\/v2\/pages\/10000178\/revisions"}],"predecessor-version":[{"id":10000265,"href":"https:\/\/www.fh-joanneum.at\/industrielle-mechatronik\/bachelor\/wp-json\/wp\/v2\/pages\/10000178\/revisions\/10000265"}],"up":[{"embeddable":true,"href":"https:\/\/www.fh-joanneum.at\/industrielle-mechatronik\/bachelor\/wp-json\/wp\/v2\/pages\/10000007"}],"wp:attachment":[{"href":"https:\/\/www.fh-joanneum.at\/industrielle-mechatronik\/bachelor\/wp-json\/wp\/v2\/media?parent=10000178"}],"curies":[{"name":"wp","href":"https:\/\/api.w.org\/{rel}","templated":true}]}}