{"id":10000012,"date":"2020-12-01T10:01:10","date_gmt":"2020-12-01T09:01:10","guid":{"rendered":"https:\/\/www.fh-joanneum.at\/inklusive-kinder-jugend-und-gemeinwesenarbeit\/academic_certificate_programme\/?page_id=12"},"modified":"2021-01-20T10:57:24","modified_gmt":"2021-01-20T09:57:24","slug":"ausbildung","status":"publish","type":"page","link":"https:\/\/www.fh-joanneum.at\/inklusive-kinder-jugend-und-gemeinwesenarbeit\/academic_certificate_programme\/im-lehrgang\/ausbildung\/","title":{"rendered":"Ausbildung"},"content":{"rendered":"<div\n    id=\"\"\n    class=\"wp-block-blockquote margin-bottom-normal\"\n>\n    <div class=\"container-lg\">\n        <div class=\"row\">\n            <div class=\"col\">\n                <div class=\"d-block mb-2 fs-5 major-text-color\">Jugend ist eine zentrale Lebensphase \u2013 pers\u00f6nlich und f\u00fcr die Gesellschaft. Eine professionelle Jugendarbeit bringt daf\u00fcr ein breites methodisches Repertoire ein \u2013 vom Gespr\u00e4ch bis zur Entwicklung der Infrastruktur f\u00fcr Jugendliche.<br \/>\r\n<\/div>\n                <span class=\"d-flex justify-content-end\">Univ.-Prof. Mag. Dr. Arno Heimgartner Karl-Franzens-Universit\u00e4t Graz, Institut f\u00fcr Bildungs- und Erziehungswissenschaften<\/span>\n            <\/div>\n        <\/div>\n    <\/div>\n<\/div>\n\n<div id=\"\" class=\"wp-block-text-content margin-bottom-normal\">\n    <div class=\"container-lg\">\n        <div class=\"row\">\n            <div class=\"col\">\n                <p>Der akademische Lehrgang &bdquo;Inklusive Kinder-, Jugend- und Gemeinwesenarbeit &ndash; INJUG&ldquo; qualifiziert f&uuml;r eine Basis- und Frontline-T&auml;tigkeit im Praxisfeld der Offenen Jugendarbeit, der Verbandlichen Jugendarbeit wie Arbeit in diversen Vereinen und angrenzenden Aufgabenfeldern, zum Beispiel im Bereich der Kinder- und Jugendhilfe. Ziel ist die professionelle und partizipative Arbeit mit Kindern, Jugendlichen und Familien in Sozialr&auml;umen sowie im Gemeinwesen.<\/p>\n\n            <\/div>\n        <\/div>\n            <\/div>\n<\/div>\n\n<div id=\"\" class=\"wp-block-text-content margin-bottom-none\">\n    <div class=\"container-lg\">\n        <div class=\"row\">\n            <div class=\"col\">\n                <div class=\"module-migration-headline\">\n<h3>Ausbildungsziele<\/h3>\n<\/div>\n\n            <\/div>\n        <\/div>\n            <\/div>\n<\/div>\n\n<div id=\"\" class=\"wp-block-text-content margin-bottom-normal\">\n    <div class=\"container-lg\">\n        <div class=\"row\">\n            <div class=\"col\">\n                <p>Im Lehrgang werden neben der unmittelbaren Jugendarbeit auch Kinder-, Familien- und Gemeinwesenarbeit behandelt. F&uuml;r die Weiterbildung wurden vier Modul-Cluster definiert, die f&uuml;r die Arbeit mit Jugendlichen und Familien eine akademische Basisausbildung gew&auml;hrleisten. <\/p>\n<ul>\n<li>\n<p>Cluster 1 <strong>Methoden<\/strong>: Hier werden Themen wie Beratung, Umgang mit Lebenswelten und Systemen sowie Formen von Kreativit&auml;t behandelt.<\/p>\n<\/li>\n<li>\n<p>Cluster 2 <strong>Jugendthemen<\/strong>: Fragen rund um Identit&auml;t und Entwicklung sowie rechtliche Rahmenbedingungen kennzeichnen Cluster 2.<\/p>\n<\/li>\n<li>\n<p>Cluster 3 <strong>Theorie und Praxis<\/strong>: Dieser Cluster dient zur Reflexion von praktischen Erfahrungen, dem Umgang mit N&auml;he und Distanz sowie mit diagnostischen und theoretischen Einordnungen.<\/p>\n<\/li>\n<li>\n<p>Cluster 4 <strong>Labor INJUG<\/strong>: Hier erfolgt eine Einf&uuml;hrung in wissenschaftliches Arbeiten und die Entwicklung und Dokumentation eines eigenen Projekts.<\/p>\n<\/li>\n<\/ul>\n<p>Die Teilnehmenden erwerben grundlegendes Wissen zu Methodik, Fachthemen, Reflexionsarbeit und wissenschaftlicher Dokumentation von Fallarbeit und Projekten. Unter anderem werden folgende Kompetenzen gezielt geschult:<\/p>\n<ul>\n<li>Kommunikations- und Beratungskompetenz mit Jugendlichen und ihrem Umfeld wie beispielsweise Familie, Schule, Arbeitgeber und Peer-Group<\/li>\n<li>Fachkompetenz und rechtliches Know-how zu Jugend- und Familienthemen, Haftung und Datenschutz<\/li>\n<li>Kompetenz zur Entwicklung von Empathie und Beziehungsarbeit<\/li>\n<li>Kompetenz zur Erstellung von Ziel- und Entwicklungspl&auml;nen und zur Dokumentation von Betreuungen<\/li>\n<li>Kompetenz zu interdisziplin&auml;ren Kooperationen <\/li>\n<li>Diversit&auml;tskompetenz &ndash; die F&auml;higkeit zum Umgang mit Vielfalt<\/li>\n<li>Reflexionskompetenz und die F&auml;higkeit zum Aufbau einer ethischen Grundhaltung<\/li>\n<li>F&auml;higkeit zum Einbezug von Sozialr&auml;umen, Gemeinwesen und Lebenswelten<\/li>\n<\/ul>\n\n            <\/div>\n        <\/div>\n            <\/div>\n<\/div>\n\n<div id=\"\" class=\"wp-block-links-block margin-bottom-normal\">\n    <div class=\"container-lg\">\n        <div class=\"row\">\n            <div class=\"col-12\">\n                <div>\n                    <h4><\/h4>\n                    \n                <\/div>\n            <\/div>\n                            <div class=\"col-12\">\n                    <div class=\" border-bottom  border-top py-3\">\n                                                    <a href=\"https:\/\/www.youtube.com\/channel\/UC78aCnWDSRrfwKtzHI7AHrQ\" target=\"_blank\" class=\"link arrow-link large-arrow major-text-color-hover text-decoration-none\" data-analytics=\"\" rel=\"noopener noreferrer\">\n                                <div class=\"link-content w-100\">\n                                    <div class=\"d-flex align-items-center\">\n                                        <h5 class=\"w-100  mb-0 me-2 \">\n                                            Das Institut Soziale Arbeit auf YouTube<\/h5>\n                                        <svg width=\"9\" height=\"15\" viewbox=\"0 0 9 15\" fill=\"none\" xmlns=\"http:\/\/www.w3.org\/2000\/svg\">\n    <path id=\"chevron_right\" d=\"M1.5 1.5L7.5 7.5L1.5 13.5\" stroke=\"\" stroke-width=\"1.5\" stroke-linecap=\"round\"><\/path>\n<\/svg>                                    <\/div>\n                                    \n                                <\/div>\n                            <\/a>\n                                            <\/div>\n                <\/div>\n                    <\/div>\n    <\/div>\n<\/div>\n\n<div\n    id=\"\"\n    class=\"wp-block-downloads margin-bottom-normal\"\n>\n    <div class=\"container-lg\">\n        <div class=\"row\">\n                                                                        <div class=\"col-12 col-md-6 mb-4\">\n                            <a\n                                download\n                                href=\"https:\/\/cdn3.fh-joanneum.at\/media\/sites\/88\/2021\/01\/AK_LG_Folder_JUA.pdf\"\n                                target=\"_blank\"\n                                class=\"d-block text-decoration-none major-text-color-hover border p-2\"\n                            >\n                                <div class=\"d-flex align-items-center\">\n                                    <?xml version=\"1.0\" encoding=\"UTF-8\"?>\n<svg class=\"me-2 flex-shrink-0\" xmlns=\"http:\/\/www.w3.org\/2000\/svg\"  width=\"44\" height=\"48\" viewBox=\"0 0 512 512\">\n      <path d=\"m21 53l0 406c0 29 24 53 54 53l170 0c6 0 11-5 11-11 0-6-5-10-11-10l-170 0c-18 0-32-15-32-32l0-363c9 7 20 11 32 11l352 0 0 128c0 6 4 10 10 10 6 0 11-4 11-10l0-150-373 0c-18 0-32-14-32-32 0-17 14-32 32-32l362 0c6 0 11-4 11-10 0-6-5-11-11-11l-362 0c-30 0-54 24-54 53z m342 459c-71 0-128-57-128-128 0-71 57-128 128-128 70 0 128 57 128 128 0 71-58 128-128 128z m-8-67c0 0 0 0 0 0l-43-43c-4-4-4-11 0-15 5-4 11-4 16 0l24 25 0-81c0-6 5-11 11-11 6 0 10 5 10 11l0 81 25-25c4-4 11-4 15 0 4 4 4 11 0 15l-43 43c0 0 0 0 0 0l-7 7z m8-168c-59 0-107 48-107 107 0 59 48 107 107 107 58 0 106-48 106-107 0-59-48-107-106-107z m-288-234l0 21 352 0 0-21z\"\/>\n<\/svg>                                    <div class=\"download-info\">\n                                        <span class=\"download-title fw-bold\">\n                                            Informationsfolder\n                                        <\/span>\n\n                                        <div class=\"download-meta\">\n                                            <span class=\"download-size\">147 kB<\/span>\n                                            <span class=\"download-cta\">PDF<\/span>\n                                        <\/div>\n                                    <\/div>\n                                <\/div>\n                            <\/a>\n                        <\/div>\n                                                        <\/div>\n    <\/div>\n<\/div>\n\n","protected":false},"excerpt":{"rendered":"<p>Welche allgemeinen Inhalte, fachlichen Themen und spezifischen Ausbildungsschwerpunkte Sie am Lehrgang erwarten, erfahren Sie hier.<\/p>\n","protected":false},"author":11,"featured_media":10000040,"parent":10000011,"menu_order":12,"comment_status":"closed","ping_status":"closed","template":"","meta":{"_acf_changed":false,"footnotes":""},"acf":[],"aioseo_notices":[],"_links":{"self":[{"href":"https:\/\/www.fh-joanneum.at\/inklusive-kinder-jugend-und-gemeinwesenarbeit\/academic_certificate_programme\/wp-json\/wp\/v2\/pages\/10000012"}],"collection":[{"href":"https:\/\/www.fh-joanneum.at\/inklusive-kinder-jugend-und-gemeinwesenarbeit\/academic_certificate_programme\/wp-json\/wp\/v2\/pages"}],"about":[{"href":"https:\/\/www.fh-joanneum.at\/inklusive-kinder-jugend-und-gemeinwesenarbeit\/academic_certificate_programme\/wp-json\/wp\/v2\/types\/page"}],"author":[{"embeddable":true,"href":"https:\/\/www.fh-joanneum.at\/inklusive-kinder-jugend-und-gemeinwesenarbeit\/academic_certificate_programme\/wp-json\/wp\/v2\/users\/11"}],"replies":[{"embeddable":true,"href":"https:\/\/www.fh-joanneum.at\/inklusive-kinder-jugend-und-gemeinwesenarbeit\/academic_certificate_programme\/wp-json\/wp\/v2\/comments?post=10000012"}],"version-history":[{"count":0,"href":"https:\/\/www.fh-joanneum.at\/inklusive-kinder-jugend-und-gemeinwesenarbeit\/academic_certificate_programme\/wp-json\/wp\/v2\/pages\/10000012\/revisions"}],"up":[{"embeddable":true,"href":"https:\/\/www.fh-joanneum.at\/inklusive-kinder-jugend-und-gemeinwesenarbeit\/academic_certificate_programme\/wp-json\/wp\/v2\/pages\/10000011"}],"wp:featuredmedia":[{"embeddable":true,"href":"https:\/\/www.fh-joanneum.at\/inklusive-kinder-jugend-und-gemeinwesenarbeit\/academic_certificate_programme\/wp-json\/wp\/v2\/media\/10000040"}],"wp:attachment":[{"href":"https:\/\/www.fh-joanneum.at\/inklusive-kinder-jugend-und-gemeinwesenarbeit\/academic_certificate_programme\/wp-json\/wp\/v2\/media?parent=10000012"}],"curies":[{"name":"wp","href":"https:\/\/api.w.org\/{rel}","templated":true}]}}