{"id":10000032,"date":"2019-06-05T14:53:06","date_gmt":"2019-06-05T12:53:06","guid":{"rendered":"https:\/\/www.fh-joanneum.at\/inklusive-kinder-jugend-und-gemeinwesenarbeit\/postgraduate\/?page_id=32"},"modified":"2020-03-04T14:38:08","modified_gmt":"2020-03-04T13:38:08","slug":"das-studium","status":"publish","type":"page","link":"https:\/\/www.fh-joanneum.at\/inklusive-kinder-jugend-und-gemeinwesenarbeit\/postgraduate\/im-studium\/das-studium\/","title":{"rendered":"Das Studium"},"content":{"rendered":"<div id=\"\" class=\"wp-block-text-content margin-bottom-normal\">\n    <div class=\"container-lg\">\n        <div class=\"row\">\n            <div class=\"col\">\n                <p>Die Ausbildung bereitet Sie darauf vor, auf Ver&auml;nderungen in der Kinder-, Jugend- und Gemeinwesenarbeit ad&auml;quat reagieren zu k&ouml;nnen. Tendenziell werden die Grenzen zwischen der Offenen Jugendarbeit zu anderen Praxisfeldern, wie beispielsweise Kinder- und Jugendhilfe sowie Schulsozialarbeit, durchl&auml;ssiger. So steigen auch die Qualifikationserfordernisse der Besch&auml;ftigten im jeweiligen Feld. Beispielsweise geht es in der Jugendarbeit zunehmend auch um Lern- und Hausaufgabenhilfe, Unterst&uuml;tzung bei der Arbeitssuche und Bildungsberatung. <\/p>\n<p>Neben Gespr&auml;chs- und Beratungsangeboten wird ein Augenmerk auf einen passenden Umgang mit Diversit&auml;t beziehungsweise auf gender-, generations- und migrationsspezifische Angebote gelegt. Diese erneuerten Anforderungen sind f&uuml;r Projektkonzeptionen und Leitungsaufgaben zu ber&uuml;cksichtigen.<\/p>\n\n            <\/div>\n        <\/div>\n            <\/div>\n<\/div>\n\n<div\n    id=\"\"\n    class=\"wp-block-blockquote margin-bottom-normal\"\n>\n    <div class=\"container-lg\">\n        <div class=\"row\">\n            <div class=\"col\">\n                <div class=\"d-block mb-2 fs-5 major-text-color\">\u201eIm dynamischen Feld der partizipativen Kinder-, Jugend- und Familienarbeit steigen die Anforderungen an die Mitarbeiterinnen, Mitarbeiter und F\u00fchrungskr\u00e4fte stetig. Um den vielf\u00e4ltigen Bed\u00fcrfnissen der Zielgruppe gerecht zu werden und f\u00fcr diese professionell eintreten zu k\u00f6nnen, bef\u00e4higt der Masterlehrgang \u201eInklusive Kinder-, Jugend- und Gemeinwesenarbeit\u201c die Teilnehmenden mit praxisorientierten Methoden und einer wissenschaftlich fundierten Ausbildung zur Leitung von Organisationen und Projekten.\u201c<\/div>\n                <span class=\"d-flex justify-content-end\">Dr. Marie-Therese Sagl, Lehrgangsleiterin<\/span>\n            <\/div>\n        <\/div>\n    <\/div>\n<\/div>\n\n<div id=\"\" class=\"wp-block-text-content margin-bottom-normal\">\n    <div class=\"container-lg\">\n        <div class=\"row\">\n            <div class=\"col\">\n                <h3>Ausbildungsziele und Schwerpunkte<\/h3>\n<p>Im Masterlehrgang werden Herausforderungen und Ver&auml;nderungen in der Kinder-, Jugend- und Gemeinwesenarbeit vorgestellt sowie theoretisch und praxisnah reflektiert. Denn f&uuml;r die Arbeit mit Jugendlichen und Familien ist es wesentlich, einen beziehungsvollen Raum zur Verf&uuml;gung zu stellen, partizipativ eine sinnvolle und aktive Freizeitgestaltung zu entwickeln sowie Beratung f&uuml;r alle Lebensbereiche, wie beispielsweise zu Ausbildung, Beziehungsfragen oder Lebenskrisen, anzubieten. Daf&uuml;r sind spezifische Kenntnisse und Methoden erforderlich, die den Teilnehmerinnen und Teilnehmern in vier Modul-Clustern vermittelt werden:<\/p>\n<h5>Cluster 1 &ndash; Methoden f&uuml;r die Arbeit im Praxisfeld<\/h5>\n<p>Cluster 1 beinhaltet Methoden zur Herstellung von Beziehungsarbeit, Sozial- und Case-Management, kreative Techniken zur L&ouml;sung von Krisen und Konflikten sowie Methodik der Einzelfall-, Gruppen- und Gemeinwesenarbeit. Der Fokus im Sozialmanagement liegt auf Konzeptentwicklung, Projektmanagement und praktischen Tools f&uuml;r die Steuerung sowie Gestaltung des Berufsalltags.<\/p>\n<h5>Cluster 2 &ndash; Jugendthemen<\/h5>\n<p>Der inhaltliche Schwerpunkt wird im Cluster 2 auf Themen gelegt, die im Alltag der Zielgruppe relevant sind. Sie lernen alle rechtlichen Belange der Altersgruppe und von Betreuungsaufgaben im &Uuml;berblick kennen. Zudem befassen Sie sich mit den Rahmenbedingungen der Schul- und Berufsausbildung sowie mit Sozialen Medien, Digitalisierung, Familienkrisen, Geschlecht und Identit&auml;ten.<\/p>\n<h5>Cluster 3 &ndash; Theorie und Praxis<\/h5>\n<p>Cluster 3 vermittelt Ihnen Kenntnisse in Psychologie, P&auml;dagogik oder Soziologie sowie &uuml;ber den praktischen Einsatz von Reflexions- und Supervisionstechniken. Die eigene praktische T&auml;tigkeit und Person werden zum Lerngegenstand und zur Lernaufgabe: Selbsterfahrung f&uuml;hrt so zu einer professionellen Haltung im Umgang mit der Zielgruppe und der eigenen Rolle.<\/p>\n<h5>Cluster 4 &ndash; Labor INJUG<\/h5>\n<p>Kompetenzen des wissenschaftlichen Arbeitens und der empirischen Sozialforschung, den Umgang mit digitalen Lernumgebungen sowie das Verfassen und Pr&auml;sentieren einer wissenschaftlichen Projektarbeit umfasst Cluster 4.<\/p>\n<h4>Kompetenzen<\/h4>\n<p>Im Masterlehrgang werden folgende Kompetenzen gezielt geschult: <\/p>\n<ul>\n<li>Kommunikationskompetenz im Umgang mit <\/li>\n<li>Kindern und Jugendlichen<\/li>\n<li>Herkunfts-, Patchwork- und Ersatzfamilien und ihrem Umfeld<\/li>\n<li>Projektpartnerinnen und Projektpartnern<\/li>\n<li>F&ouml;rdergeberinnen und F&ouml;rdergebern<\/li>\n<li>Beratungskompetenz<\/li>\n<li>F&auml;higkeit Ziel- und Entwicklungspl&auml;ne umzusetzen sowie Betreuungen zu dokumentieren<\/li>\n<li>Kompetenz zum Aufbau von interdisziplin&auml;ren Kooperationen und zur Zusammenarbeit in Netzwerken<\/li>\n<li>Diversit&auml;tskompetenz<\/li>\n<li>Managementkompetenz<\/li>\n<li>Kompetenz zur Entwicklung und Durchf&uuml;hrung von Projekten, Events und Workshops<\/li>\n<li>Reflexionskompetenz &ndash; Intervision, Supervision und Selbsterfahrung<\/li>\n<li>F&uuml;hrungskompetenz <\/li>\n<li>Rechtliches Know-how und Verweisungskompetenz im Bedarfsfall<\/li>\n<\/ul>\n<p>Sie erwerben also grundlegendes und vertieftes Wissen zu Methodik, Fachthemen und Reflexionsarbeit. &Uuml;berdies sind Sie mit der Konzeption und Erstellung wissenschaftlicher Arbeiten vertraut. In der Masterarbeit bearbeiten Sie eine empirische Fragestellung aus der Praxis und bereiten die Ergebnisse entsprechend den sozialwissenschaftlichen Standards auf.<\/p>\n\n            <\/div>\n        <\/div>\n            <\/div>\n<\/div>\n\n<div\n    id=\"\"\n    class=\"wp-block-downloads margin-bottom-normal\"\n>\n    <div class=\"container-lg\">\n        <div class=\"row\">\n                                                                        <div class=\"col-12 col-md-6 mb-4\">\n                            <a\n                                download\n                                href=\"https:\/\/cdn3.fh-joanneum.at\/media\/sites\/76\/2020\/03\/LG_Folder_JUL.pdf\"\n                                target=\"_blank\"\n                                class=\"d-block text-decoration-none major-text-color-hover border p-2\"\n                            >\n                                <div class=\"d-flex align-items-center\">\n                                    <?xml version=\"1.0\" encoding=\"UTF-8\"?>\n<svg class=\"me-2 flex-shrink-0\" xmlns=\"http:\/\/www.w3.org\/2000\/svg\"  width=\"44\" height=\"48\" viewBox=\"0 0 512 512\">\n      <path d=\"m21 53l0 406c0 29 24 53 54 53l170 0c6 0 11-5 11-11 0-6-5-10-11-10l-170 0c-18 0-32-15-32-32l0-363c9 7 20 11 32 11l352 0 0 128c0 6 4 10 10 10 6 0 11-4 11-10l0-150-373 0c-18 0-32-14-32-32 0-17 14-32 32-32l362 0c6 0 11-4 11-10 0-6-5-11-11-11l-362 0c-30 0-54 24-54 53z m342 459c-71 0-128-57-128-128 0-71 57-128 128-128 70 0 128 57 128 128 0 71-58 128-128 128z m-8-67c0 0 0 0 0 0l-43-43c-4-4-4-11 0-15 5-4 11-4 16 0l24 25 0-81c0-6 5-11 11-11 6 0 10 5 10 11l0 81 25-25c4-4 11-4 15 0 4 4 4 11 0 15l-43 43c0 0 0 0 0 0l-7 7z m8-168c-59 0-107 48-107 107 0 59 48 107 107 107 58 0 106-48 106-107 0-59-48-107-106-107z m-288-234l0 21 352 0 0-21z\"\/>\n<\/svg>                                    <div class=\"download-info\">\n                                        <span class=\"download-title fw-bold\">\n                                            Informationsfolder mit Modul\u00fcbersicht\n                                        <\/span>\n\n                                        <div class=\"download-meta\">\n                                            <span class=\"download-size\">99 kB<\/span>\n                                            <span class=\"download-cta\">PDF<\/span>\n                                        <\/div>\n                                    <\/div>\n                                <\/div>\n                            <\/a>\n                        <\/div>\n                                                        <\/div>\n    <\/div>\n<\/div>\n\n","protected":false},"excerpt":{"rendered":"","protected":false},"author":11,"featured_media":0,"parent":10000030,"menu_order":21,"comment_status":"closed","ping_status":"closed","template":"","meta":{"_acf_changed":false,"footnotes":""},"acf":[],"aioseo_notices":[],"_links":{"self":[{"href":"https:\/\/www.fh-joanneum.at\/inklusive-kinder-jugend-und-gemeinwesenarbeit\/postgraduate\/wp-json\/wp\/v2\/pages\/10000032"}],"collection":[{"href":"https:\/\/www.fh-joanneum.at\/inklusive-kinder-jugend-und-gemeinwesenarbeit\/postgraduate\/wp-json\/wp\/v2\/pages"}],"about":[{"href":"https:\/\/www.fh-joanneum.at\/inklusive-kinder-jugend-und-gemeinwesenarbeit\/postgraduate\/wp-json\/wp\/v2\/types\/page"}],"author":[{"embeddable":true,"href":"https:\/\/www.fh-joanneum.at\/inklusive-kinder-jugend-und-gemeinwesenarbeit\/postgraduate\/wp-json\/wp\/v2\/users\/11"}],"replies":[{"embeddable":true,"href":"https:\/\/www.fh-joanneum.at\/inklusive-kinder-jugend-und-gemeinwesenarbeit\/postgraduate\/wp-json\/wp\/v2\/comments?post=10000032"}],"version-history":[{"count":0,"href":"https:\/\/www.fh-joanneum.at\/inklusive-kinder-jugend-und-gemeinwesenarbeit\/postgraduate\/wp-json\/wp\/v2\/pages\/10000032\/revisions"}],"up":[{"embeddable":true,"href":"https:\/\/www.fh-joanneum.at\/inklusive-kinder-jugend-und-gemeinwesenarbeit\/postgraduate\/wp-json\/wp\/v2\/pages\/10000030"}],"wp:attachment":[{"href":"https:\/\/www.fh-joanneum.at\/inklusive-kinder-jugend-und-gemeinwesenarbeit\/postgraduate\/wp-json\/wp\/v2\/media?parent=10000032"}],"curies":[{"name":"wp","href":"https:\/\/api.w.org\/{rel}","templated":true}]}}