{"id":10000061,"date":"2017-10-20T14:40:07","date_gmt":"2017-10-20T12:40:07","guid":{"rendered":"https:\/\/www.fh-joanneum.at\/gesundheitstourismus-und-freizeitmanagement\/master\/?page_id=61"},"modified":"2024-06-05T22:30:09","modified_gmt":"2024-06-05T20:30:09","slug":"praxisprojekte","status":"publish","type":"page","link":"https:\/\/www.fh-joanneum.at\/lebensqualitaet-und-nachhaltigkeit-im-tourismus\/master\/im-studium\/praxisprojekte\/","title":{"rendered":"Praxisprojekte"},"content":{"rendered":"<div id=\"\" class=\"wp-block-text-content margin-bottom-none\">\n    <div class=\"container-lg\">\n        <div class=\"row\">\n            <div class=\"col\">\n                <div class=\"module-migration-headline\">\n<h3>Praxisprojekte im Studium<\/h3>\n<\/div>\n\n            <\/div>\n        <\/div>\n            <\/div>\n<\/div>\n\n<div id=\"\" class=\"wp-block-text-content margin-bottom-normal\">\n    <div class=\"container-lg\">\n        <div class=\"row\">\n            <div class=\"col\">\n                <p>Neben den theoretischen Inhalten stehen im Masterstudium &bdquo;Gesundheitstourismus und Freizeitmanagement&ldquo; die praxisbezogenen Erfahrungen im Vordergrund. In den Lehrveranstaltungen &bdquo;Forschungs- und Projektarbeit I und II&ldquo; entwickeln Sie im Team ein Projekt Ihrer Wahl, das von einem realen Kunden beauftragt wurde. Sie arbeiten mit Bachelorstudierenden zusammen und realisieren gemeinsam das Projektvorhaben. Diese Erfahrung gibt Ihnen den ersten Kickstart in das Berufsleben: Sie kommunizieren mit Auftraggebern beispielsweise &uuml;ber Anforderungen an das Projekt, stellen bisherigen Arbeitsfortschritte dar oder beweisen sich auch in der Teamleitung sowie in ihrer Kommunikations- und Organisationsf&auml;higkeit.<\/p>\n\n            <\/div>\n        <\/div>\n            <\/div>\n<\/div>\n\n<div id=\"\" class=\"wp-block-text-content margin-bottom-none\">\n    <div class=\"container-lg\">\n        <div class=\"row\">\n            <div class=\"col\">\n                <div class=\"module-migration-headline\">\n<h3>Aktuelle Projekte von Studierenden<\/h3>\n<\/div>\n\n            <\/div>\n        <\/div>\n            <\/div>\n<\/div>\n\n<div\n    id=\"\"\n    class=\"wp-block-project-cards margin-bottom-normal\"\n>\n    <div class=\"container-lg\">\n        <div class=\"row\">\n                                                            <div class=\"col-12 col-sm-6 col-md-6 col-lg-6 col-xl-4 mb-4\">\n                        <a href=\"https:\/\/www.fh-joanneum.at\/projekt\/sonnenkollektiv\/\"\n      class=\"project-card\">\n      <div class=\"border border-light h-100\">\n\n          <div class=\"image-wrapper\">\n              <picture>\n                        <source\n                media=\"(max-width: 505px)\"\n                srcset=\"https:\/\/cdn3.fh-joanneum.at\/media\/2020\/06\/sonnenkollektiv-4.jpg, https:\/\/cdn3.fh-joanneum.at\/media\/2020\/06\/sonnenkollektiv-4.jpg 2x\"\n            \/>\n                    <source\n                media=\"(max-width: 528px)\"\n                srcset=\"https:\/\/cdn3.fh-joanneum.at\/media\/2020\/06\/sonnenkollektiv-4.jpg, https:\/\/cdn3.fh-joanneum.at\/media\/2020\/06\/sonnenkollektiv-4.jpg 2x\"\n            \/>\n                    <source\n                media=\"(max-width: 528px)\"\n                srcset=\"https:\/\/cdn3.fh-joanneum.at\/media\/2020\/06\/sonnenkollektiv-4.jpg, https:\/\/cdn3.fh-joanneum.at\/media\/2020\/06\/sonnenkollektiv-4.jpg 2x\"\n            \/>\n                    <source\n                media=\"(max-width: 528px)\"\n                srcset=\"https:\/\/cdn3.fh-joanneum.at\/media\/2020\/06\/sonnenkollektiv-4.jpg, https:\/\/cdn3.fh-joanneum.at\/media\/2020\/06\/sonnenkollektiv-4.jpg 2x\"\n            \/>\n                    <source\n                media=\"(max-width: 528px)\"\n                srcset=\"https:\/\/cdn3.fh-joanneum.at\/media\/2020\/06\/sonnenkollektiv-4.jpg, https:\/\/cdn3.fh-joanneum.at\/media\/2020\/06\/sonnenkollektiv-4.jpg 2x\"\n            \/>\n                <img decoding=\"async\"\n        class=\"img-fluid\"\n        src=\"https:\/\/cdn3.fh-joanneum.at\/media\/2020\/06\/sonnenkollektiv-4.jpg\"\n        alt=\"Sonnenkollektiv 3\"\n        title=\"\"\n         loading=\"lazy\"             >\n<\/picture>\n\n          <\/div>\n          <div class=\"p-2 p-xl-3\">\n                                    <p class=\"mb-1\">Projekt<\/p>\n                                <h6 class=\"\">Sonnenkollektiv<\/h6>\n                                    <p class=\"mb-0\">Zukunftsorientierung, Zusammenhalt und innovative Forschung \u2212 mit der Errichtung einer Photovoltaikanlage am Standort der FH JOANNEUM in Bad Gleichenberg setzen sich Studierende aktiv f\u00fcr den Klimaschutz ein.<\/p>\n                          <\/div>\n      <\/div>\n  <\/a>\n                    <\/div>\n                                    <div class=\"col-12 col-sm-6 col-md-6 col-lg-6 col-xl-4 mb-4\">\n                        <a href=\"https:\/\/www.fh-joanneum.at\/projekt\/milestones-our-projects-your-future\/\"\n      class=\"project-card\">\n      <div class=\"border border-light h-100\">\n\n          <div class=\"image-wrapper\">\n              <picture>\n                        <source\n                media=\"(max-width: 576px)\"\n                srcset=\"https:\/\/cdn3.fh-joanneum.at\/media\/2020\/06\/milestones-our-projects-your-future-4.jpeg, https:\/\/cdn3.fh-joanneum.at\/media\/2020\/06\/milestones-our-projects-your-future-4-768x576.jpeg 2x\"\n            \/>\n                    <source\n                media=\"(max-width: 768px)\"\n                srcset=\"https:\/\/cdn3.fh-joanneum.at\/media\/2020\/06\/milestones-our-projects-your-future-4-768x576.jpeg, https:\/\/cdn3.fh-joanneum.at\/media\/2020\/06\/milestones-our-projects-your-future-4-1024x768.jpeg 2x\"\n            \/>\n                    <source\n                media=\"(max-width: 1024px)\"\n                srcset=\"https:\/\/cdn3.fh-joanneum.at\/media\/2020\/06\/milestones-our-projects-your-future-4-1024x768.jpeg, https:\/\/cdn3.fh-joanneum.at\/media\/2020\/06\/milestones-our-projects-your-future-4.jpeg 2x\"\n            \/>\n                    <source\n                media=\"(max-width: 1536px)\"\n                srcset=\"https:\/\/cdn3.fh-joanneum.at\/media\/2020\/06\/milestones-our-projects-your-future-4.jpeg, https:\/\/cdn3.fh-joanneum.at\/media\/2020\/06\/milestones-our-projects-your-future-4.jpeg 2x\"\n            \/>\n                    <source\n                media=\"(max-width: 2048px)\"\n                srcset=\"https:\/\/cdn3.fh-joanneum.at\/media\/2020\/06\/milestones-our-projects-your-future-4.jpeg, https:\/\/cdn3.fh-joanneum.at\/media\/2020\/06\/milestones-our-projects-your-future-4.jpeg 2x\"\n            \/>\n                <img decoding=\"async\"\n        class=\"img-fluid\"\n        src=\"https:\/\/cdn3.fh-joanneum.at\/media\/2020\/06\/milestones-our-projects-your-future-4.jpeg\"\n        alt=\"Milestones \u2013 our Projects, your Future 3\"\n        title=\"\"\n         loading=\"lazy\"             >\n<\/picture>\n\n          <\/div>\n          <div class=\"p-2 p-xl-3\">\n                                    <p class=\"mb-1\">Projekt<\/p>\n                                <h6 class=\"\">Milestones \u2013 our projects, your future<\/h6>\n                                    <p class=\"mb-0\">Studierende des Studiengangs \u201eSport- und Eventmanagement\u201c geben im Zuge ihrer Forschungs- und Projektarbeit allen Masterstudierenden die M\u00f6glichkeit, die Inhalte und Ergebnisse ihrer Projekte 2019\/2020 in einem virtuellen Rahmen der \u00d6ffentlichkeit zu pr\u00e4sentieren.<\/p>\n                          <\/div>\n      <\/div>\n  <\/a>\n                    <\/div>\n                                    <div class=\"col-12 col-sm-6 col-md-6 col-lg-6 col-xl-4 mb-4\">\n                        <a href=\"https:\/\/www.fh-joanneum.at\/projekt\/fachkraeftemangel-im-tourismus\/\"\n      class=\"project-card\">\n      <div class=\"border border-light h-100\">\n\n          <div class=\"image-wrapper\">\n              <picture>\n                        <source\n                media=\"(max-width: 576px)\"\n                srcset=\"https:\/\/cdn3.fh-joanneum.at\/media\/2019\/05\/fachkraeftemangel-im-tourismus.jpg, https:\/\/cdn3.fh-joanneum.at\/media\/2019\/05\/fachkraeftemangel-im-tourismus-768x513.jpg 2x\"\n            \/>\n                    <source\n                media=\"(max-width: 768px)\"\n                srcset=\"https:\/\/cdn3.fh-joanneum.at\/media\/2019\/05\/fachkraeftemangel-im-tourismus-768x513.jpg, https:\/\/cdn3.fh-joanneum.at\/media\/2019\/05\/fachkraeftemangel-im-tourismus-1024x683.jpg 2x\"\n            \/>\n                    <source\n                media=\"(max-width: 1024px)\"\n                srcset=\"https:\/\/cdn3.fh-joanneum.at\/media\/2019\/05\/fachkraeftemangel-im-tourismus-1024x683.jpg, https:\/\/cdn3.fh-joanneum.at\/media\/2019\/05\/fachkraeftemangel-im-tourismus.jpg 2x\"\n            \/>\n                    <source\n                media=\"(max-width: 1536px)\"\n                srcset=\"https:\/\/cdn3.fh-joanneum.at\/media\/2019\/05\/fachkraeftemangel-im-tourismus.jpg, https:\/\/cdn3.fh-joanneum.at\/media\/2019\/05\/fachkraeftemangel-im-tourismus.jpg 2x\"\n            \/>\n                    <source\n                media=\"(max-width: 2048px)\"\n                srcset=\"https:\/\/cdn3.fh-joanneum.at\/media\/2019\/05\/fachkraeftemangel-im-tourismus.jpg, https:\/\/cdn3.fh-joanneum.at\/media\/2019\/05\/fachkraeftemangel-im-tourismus.jpg 2x\"\n            \/>\n                <img decoding=\"async\"\n        class=\"img-fluid\"\n        src=\"https:\/\/cdn3.fh-joanneum.at\/media\/2019\/05\/fachkraeftemangel-im-tourismus.jpg\"\n        alt=\"Fachkr\u00e4ftemangel im Tourismus\"\n        title=\"\"\n         loading=\"lazy\"             >\n<\/picture>\n\n          <\/div>\n          <div class=\"p-2 p-xl-3\">\n                                    <p class=\"mb-1\">Projekt<\/p>\n                                <h6 class=\"\">Fachkr\u00e4ftemangel im Tourismus<\/h6>\n                                    <p class=\"mb-0\">Studierende des Instituts Gesundheits- und Tourismusmanagement der FH JOANNEUM erheben die Motive von Sch\u00fclerinnen und Sch\u00fclern f\u00fcr eine Ausbildung im Tourismus. <\/p>\n                          <\/div>\n      <\/div>\n  <\/a>\n                    <\/div>\n                                    <div class=\"col-12 col-sm-6 col-md-6 col-lg-6 col-xl-4 mb-4\">\n                        <a href=\"https:\/\/www.fh-joanneum.at\/projekt\/evaluierung-der-genusscard\/\"\n      class=\"project-card\">\n      <div class=\"border border-light h-100\">\n\n          <div class=\"image-wrapper\">\n              <picture>\n                        <source\n                media=\"(max-width: 576px)\"\n                srcset=\"https:\/\/cdn3.fh-joanneum.at\/media\/2019\/06\/evaluierung-der-genusscard-2.jpg, https:\/\/cdn3.fh-joanneum.at\/media\/2019\/06\/evaluierung-der-genusscard-2-768x500.jpg 2x\"\n            \/>\n                    <source\n                media=\"(max-width: 768px)\"\n                srcset=\"https:\/\/cdn3.fh-joanneum.at\/media\/2019\/06\/evaluierung-der-genusscard-2-768x500.jpg, https:\/\/cdn3.fh-joanneum.at\/media\/2019\/06\/evaluierung-der-genusscard-2-1024x667.jpg 2x\"\n            \/>\n                    <source\n                media=\"(max-width: 1024px)\"\n                srcset=\"https:\/\/cdn3.fh-joanneum.at\/media\/2019\/06\/evaluierung-der-genusscard-2-1024x667.jpg, https:\/\/cdn3.fh-joanneum.at\/media\/2019\/06\/evaluierung-der-genusscard-2.jpg 2x\"\n            \/>\n                    <source\n                media=\"(max-width: 1536px)\"\n                srcset=\"https:\/\/cdn3.fh-joanneum.at\/media\/2019\/06\/evaluierung-der-genusscard-2.jpg, https:\/\/cdn3.fh-joanneum.at\/media\/2019\/06\/evaluierung-der-genusscard-2.jpg 2x\"\n            \/>\n                    <source\n                media=\"(max-width: 2048px)\"\n                srcset=\"https:\/\/cdn3.fh-joanneum.at\/media\/2019\/06\/evaluierung-der-genusscard-2.jpg, https:\/\/cdn3.fh-joanneum.at\/media\/2019\/06\/evaluierung-der-genusscard-2.jpg 2x\"\n            \/>\n                <img decoding=\"async\"\n        class=\"img-fluid\"\n        src=\"https:\/\/cdn3.fh-joanneum.at\/media\/2019\/06\/evaluierung-der-genusscard-2.jpg\"\n        alt=\"Evaluierung der GenussCard\"\n        title=\"\"\n         loading=\"lazy\"             >\n<\/picture>\n\n          <\/div>\n          <div class=\"p-2 p-xl-3\">\n                                    <p class=\"mb-1\">Projekt<\/p>\n                                <h6 class=\"\">Evaluierung der GenussCard<\/h6>\n                                    <p class=\"mb-0\">Studierende des Instituts Gesundheits- und Tourismusmanagement der FH JOANNEUM Bad Gleichenberg f\u00fchrten eine Evaluierung der steirischen GenussCard durch.<\/p>\n                          <\/div>\n      <\/div>\n  <\/a>\n                    <\/div>\n                                    <\/div>\n    <\/div>\n<\/div>\n\n<div id=\"\" class=\"wp-block-text-content margin-bottom-none\">\n    <div class=\"container-lg\">\n        <div class=\"row\">\n            <div class=\"col\">\n                <div class=\"module-migration-headline\">\n<h4>Customer Journey &ndash; die Reise des Gastes <\/h4>\n<\/div>\n\n            <\/div>\n        <\/div>\n            <\/div>\n<\/div>\n\n<div id=\"\" class=\"wp-block-text-content margin-bottom-normal\">\n    <div class=\"container-lg\">\n        <div class=\"row\">\n            <div class=\"col\">\n                <p>In den letzten Jahren haben sich die Anspr&uuml;che der G&auml;ste aufgrund der Digitalisierung enorm ver&auml;ndert. Die Herausforderung besteht nun darin, dass nicht mehr ausschlie&szlig;lich Einweg-Kommunikation betrieben wird. G&auml;ste kaufen Produkte, reden dar&uuml;ber und bringen so Dritte zum Handeln. Dadurch steigt das Verlangen nach Emotion. <\/p>\n<p>Im Projekt &bdquo;Customer Journey&ldquo; analysierten Studierende die Ist-Situation der g&auml;sterelevanten Interaktionspunkte in der Parktherme Bad Radkersburg. Im Anschluss daran wurden diese digital visualisiert. Basierend auf dieser Analyse wurden Ableitungen und Empfehlungen bezogen auf operative Marketing-Ma&szlig;nahmen gemacht. <\/p>\n<ul>\n<li>Dauer: zwei Semester  <\/li>\n<li>Semester: erstes und zweites Semester <\/li>\n<li>Projektleitung \/ Ansprechperson: Lisa Markl     <\/li>\n<li>Projektstudierende:<\/li>\n<li>Lisa Markl <\/li>\n<li>Isabel Lipps  <\/li>\n<li>Katharina Reinisch  <\/li>\n<\/ul>\n\n            <\/div>\n        <\/div>\n            <\/div>\n<\/div>\n\n\n\n","protected":false},"excerpt":{"rendered":"<p>Die vielseitige Ausbildung erm\u00f6glicht Ihnen, im Studium an verschiedenen Projekten zu arbeiten. Hier erfahren Sie mehr dar\u00fcber.<\/p>\n","protected":false},"author":11,"featured_media":0,"parent":10000381,"menu_order":12,"comment_status":"closed","ping_status":"closed","template":"","meta":{"_acf_changed":false,"footnotes":""},"acf":[],"aioseo_notices":[],"_links":{"self":[{"href":"https:\/\/www.fh-joanneum.at\/lebensqualitaet-und-nachhaltigkeit-im-tourismus\/master\/wp-json\/wp\/v2\/pages\/10000061"}],"collection":[{"href":"https:\/\/www.fh-joanneum.at\/lebensqualitaet-und-nachhaltigkeit-im-tourismus\/master\/wp-json\/wp\/v2\/pages"}],"about":[{"href":"https:\/\/www.fh-joanneum.at\/lebensqualitaet-und-nachhaltigkeit-im-tourismus\/master\/wp-json\/wp\/v2\/types\/page"}],"author":[{"embeddable":true,"href":"https:\/\/www.fh-joanneum.at\/lebensqualitaet-und-nachhaltigkeit-im-tourismus\/master\/wp-json\/wp\/v2\/users\/11"}],"replies":[{"embeddable":true,"href":"https:\/\/www.fh-joanneum.at\/lebensqualitaet-und-nachhaltigkeit-im-tourismus\/master\/wp-json\/wp\/v2\/comments?post=10000061"}],"version-history":[{"count":1,"href":"https:\/\/www.fh-joanneum.at\/lebensqualitaet-und-nachhaltigkeit-im-tourismus\/master\/wp-json\/wp\/v2\/pages\/10000061\/revisions"}],"predecessor-version":[{"id":10000387,"href":"https:\/\/www.fh-joanneum.at\/lebensqualitaet-und-nachhaltigkeit-im-tourismus\/master\/wp-json\/wp\/v2\/pages\/10000061\/revisions\/10000387"}],"up":[{"embeddable":true,"href":"https:\/\/www.fh-joanneum.at\/lebensqualitaet-und-nachhaltigkeit-im-tourismus\/master\/wp-json\/wp\/v2\/pages\/10000381"}],"wp:attachment":[{"href":"https:\/\/www.fh-joanneum.at\/lebensqualitaet-und-nachhaltigkeit-im-tourismus\/master\/wp-json\/wp\/v2\/media?parent=10000061"}],"curies":[{"name":"wp","href":"https:\/\/api.w.org\/{rel}","templated":true}]}}