{"id":10000248,"date":"2019-10-01T13:57:32","date_gmt":"2019-10-01T11:57:32","guid":{"rendered":"https:\/\/www.fh-joanneum.at\/gesundheitstourismus-und-freizeitmanagement\/master\/?page_id=248"},"modified":"2019-10-01T14:04:49","modified_gmt":"2019-10-01T12:04:49","slug":"lisa-markl-ba-mba-ma","status":"publish","type":"page","link":"https:\/\/www.fh-joanneum.at\/lebensqualitaet-und-nachhaltigkeit-im-tourismus\/master\/nach-dem-studium\/absolventinnen-absolventen\/lisa-markl-ba-mba-ma\/","title":{"rendered":"Lisa Markl, BA MBA MA"},"content":{"rendered":"<div id=\"\" class=\"wp-block-text-content margin-bottom-normal\">\n    <div class=\"container-lg\">\n        <div class=\"row\">\n            <div class=\"col\">\n                <h4>Eckdaten:<\/h4>\n<p><strong>Jobbezeichnung:<\/strong> Assistant Spa Manager  <br>\n<strong>Unternehmen:<\/strong> Six Senses   <br>\n<strong>Ich arbeite in:<\/strong> Koh Kood, Thailand  <br>\n<strong>Ich arbeite hier seit:<\/strong> November 2018    <\/p>\n<p>Meine Social URLs:<\/p>\n<p><a href=\"https:\/\/de-de.facebook.com\/lisa.markl\" target=\"_blank\" rel=\"noopener noreferrer\">Facebook<\/a> <br>\n<a href=\"https:\/\/www.instagram.com\/lisbethmarkl\/\" target=\"_blank\" rel=\"noopener noreferrer\">Instagram<\/a><\/p>\n<h4>Was ich mache<\/h4>\n<p><strong>Leadership:<\/strong>  <br>\nIch manage ein 13-k&ouml;pfiges Spa-Team und vertrete die Interessen des Spas im Resort.<\/p>\n<p><strong>Quality Management:<\/strong>  <br>\nIch &uuml;berpr&uuml;fe, ob die Standards eingehalten werden, organisiere Schulungen und stelle die G&auml;stezufriedenheit sicher.<\/p>\n<p><strong>Finance &amp; Accounting:<\/strong>  <br>\nIch erstelle laufend Berichte zur finanziellen Lage des Spas, die ich auch evaluiere, und schn&uuml;re Pakete sowie Angebote f&uuml;r verschiedene Zielgruppen. &Uuml;berdies bin ich f&uuml;r die Erstellung und Erreichung des Budgets und des Business Plans verantwortlich.<\/p>\n<h4>Was ich an meinem Beruf liebe<\/h4>\n<p><strong>Weiterbildungsm&ouml;glichkeiten:<\/strong>   <br>\nMeine bisherigen Zusatzausbildungen im Rahmen meines Jobs: Yogalehrerausbildung, Seifenherstellung, Online-Spa-Management-Kurs, Six-Senses-Fortbildungen und Massage-Cross-Training. Es gibt einen Entwicklungsplan f&uuml;r jede Mitarbeiterin sowie jeden Mitarbeiter, in dem Schulungen und Ausbildungen je nach Interesse und Karriereplanung geplant werden.<\/p>\n<p><strong>Arbeitsgestaltung:<\/strong>  <br>\nIch kann mir meinen Tag relativ flexibel einteilen, was mir eine schnelle Reaktion auf Betriebs-, G&auml;ste-, oder Mitarbeiterbed&uuml;rfnisse erm&ouml;glicht. Au&szlig;erdem ist jeder Tag anders und mir wird nie langweilig. <\/p>\n<p><strong>Unternehmenskultur:<\/strong>  <br>\nIch bin noch immer v&ouml;llig begeistert von Six Senses. Die nachhaltige Philosophie, die Karrierem&ouml;glichkeiten und die Art und Weise, wie man sich um die Mitarbeiter k&uuml;mmert, sind nur einige Beispiele, warum ich sicher noch einige Jahre bei diesem Unternehmen bleiben werde.<\/p>\n<h4>Was ich an meinem Job nicht so mag<\/h4>\n<p><strong>Unterkunft &amp; Verpflegung:<\/strong>  <br>\nIch bin sehr dankbar &uuml;ber die gratis Kost und Logis in der Mitarbeiterunterkunft. Ich habe ein Zimmer mit eigenem Bad und habe immer Zugang zur Mitarbeiterkantine. Jedoch fehlende Kochm&ouml;glichkeiten, ein begrenzter Wohnraum, dessen Zustand nicht mit &ouml;sterreichischen Standards vergleichbar ist, und die limitierte Auswahl an gesunden Mahlzeiten in der Kantine sind die Abstriche, die mit dem Job einhergehen. <\/p>\n<p><strong>Zusammenarbeit mit dem Resort:<\/strong> <br>\nDas Spa ist ein sogenanntes Partner-Spa, also das Spa geh&ouml;rt zu Six Senses und das Resort ist Soneva &ndash; zwei verschiedene und voneinander unabh&auml;ngige Unternehmen. Die Kommunikation gestaltet sich teilweise aufgrund unterschiedlicher Interessen und Priorit&auml;ten schwer. <\/p>\n<h4>Wichtige F&auml;higkeiten in meinem Job<\/h4>\n<p><strong>Selbstsicheres Auftreten:<\/strong>   <br>\nKern meines Jobs ist es zu entscheiden und hinter meinen Entscheidungen zu stehen. Ich bekomme laufend Beschwerden von G&auml;sten, vom Resort und von meinen Mitarbeiterinnen und Mitarbeitern. Da gilt es St&auml;rke zu zeigen und vor allem sich seiner Entscheidung sicher zu sein.  <\/p>\n<p><strong>L&ouml;sungsorientierung:<\/strong>   <br>\nProbleme sind uninteressant. Wichtig ist es, schnelle und gute L&ouml;sungen parat zu haben.<\/p>\n<p><strong>Empathie:<\/strong>  <br>\nIn einem interkulturellen Unternehmen ist es &auml;u&szlig;erst wichtig, sich in die unterschiedlichen Personen einzuf&uuml;hlen und deren Sichtweise und Bed&uuml;rfnisse nachzuvollziehen, um Problemen entgegenwirken zu k&ouml;nnen, noch bevor sie entstehen.<\/p>\n<h4>Mein bisher gr&ouml;&szlig;ter Erfolg in meiner Karriere<\/h4>\n<p>Eine meiner bisher gr&ouml;&szlig;ten Herausforderungen war die Budgetplanung 2020. Ich musste ins kalte Wasser springen und trug die Hauptverantwortung, ohne spezifische Vorkenntnisse. Das Budget hat mir vieles abverlangt und ich bin an meine Grenzen gekommen, aber schlussendlich hat alles Sinn ergeben. Ich bekam sehr positives Feedback und mein Budgetplan wurde genehmigt.<\/p>\n\n            <\/div>\n        <\/div>\n            <\/div>\n<\/div>\n\n<div\n    id=\"\"\n    class=\"wp-block-content-image margin-bottom-normal\"\n>\n    <div class=\"container-lg\">\n        <div class=\"row\">\n            <div class=\"col-12\">\n                <div  x-data=\"{ modal: false }\" >\n\n                    <div class=\"image-wrapper\">\n                        <picture>\n                        <source\n                media=\"(max-width: 576px)\"\n                srcset=\"https:\/\/cdn3.fh-joanneum.at\/media\/sites\/70\/2019\/10\/lisa-markl-ba-mba-ma-3.jpeg, https:\/\/cdn3.fh-joanneum.at\/media\/sites\/70\/2019\/10\/lisa-markl-ba-mba-ma-3-768x576.jpeg 2x\"\n            \/>\n                    <source\n                media=\"(max-width: 768px)\"\n                srcset=\"https:\/\/cdn3.fh-joanneum.at\/media\/sites\/70\/2019\/10\/lisa-markl-ba-mba-ma-3-768x576.jpeg, https:\/\/cdn3.fh-joanneum.at\/media\/sites\/70\/2019\/10\/lisa-markl-ba-mba-ma-3-1024x768.jpeg 2x\"\n            \/>\n                    <source\n                media=\"(max-width: 1024px)\"\n                srcset=\"https:\/\/cdn3.fh-joanneum.at\/media\/sites\/70\/2019\/10\/lisa-markl-ba-mba-ma-3-1024x768.jpeg, https:\/\/cdn3.fh-joanneum.at\/media\/sites\/70\/2019\/10\/lisa-markl-ba-mba-ma-3.jpeg 2x\"\n            \/>\n                    <source\n                media=\"(max-width: 1536px)\"\n                srcset=\"https:\/\/cdn3.fh-joanneum.at\/media\/sites\/70\/2019\/10\/lisa-markl-ba-mba-ma-3.jpeg, https:\/\/cdn3.fh-joanneum.at\/media\/sites\/70\/2019\/10\/lisa-markl-ba-mba-ma-3.jpeg 2x\"\n            \/>\n                    <source\n                media=\"(max-width: 2048px)\"\n                srcset=\"https:\/\/cdn3.fh-joanneum.at\/media\/sites\/70\/2019\/10\/lisa-markl-ba-mba-ma-3.jpeg, https:\/\/cdn3.fh-joanneum.at\/media\/sites\/70\/2019\/10\/lisa-markl-ba-mba-ma-3.jpeg 2x\"\n            \/>\n                <img decoding=\"async\"\n        class=\"img-fluid @if ($image_credit || $media_subtitle) mb-2 @endif @if ($lightbox) modal-trigger @endif\" @click=\"modal = !modal\" aria-expanded=\"false\"\n        src=\"https:\/\/cdn3.fh-joanneum.at\/media\/sites\/70\/2019\/10\/lisa-markl-ba-mba-ma-3.jpeg\"\n        alt=\"Lisa Markl, BA MBA MA 1\"\n        title=\"\"\n         loading=\"lazy\"             >\n<\/picture>\n\n                                                                    <\/div>\n\n                                            <div\n                            class=\"modal-wrapper\"\n                            :class=\"{ 'active': modal }\"\n                        >\n                            <div\n                                class=\"backdrop\"\n                                x-show.transition.opacity.duration.600ms=\"modal\"\n                                @click=\"modal = false\"\n                                style=\"display: none;\"\n                            ><\/div>\n                            <button\n                                class=\"close-btn\"\n                                @click=\"modal = false\"\n                            >\n                                <svg class=\"fill\" id=\"icon-close\" viewBox=\"0 0 512 512\" xmlns=\"http:\/\/www.w3.org\/2000\/svg\">\n  <path d=\"m308 256l193-194c15-14 15-37 0-51-14-15-37-15-51 0l-194 193-194-193c-14-15-37-15-51 0-15 14-15 37 0 51l193 194-193 194c-15 14-15 37 0 51 7 7 16 11 26 11 9 0 18-4 25-11l194-193 194 193c7 7 16 11 25 11 10 0 19-4 26-11 15-14 15-37 0-51z\"\/>\n<\/svg>                            <\/button>\n                            <div class=\"modal-panel\">\n                                <picture>\n                        <source\n                media=\"(max-width: 576px)\"\n                srcset=\"https:\/\/cdn3.fh-joanneum.at\/media\/sites\/70\/2019\/10\/lisa-markl-ba-mba-ma-3.jpeg, https:\/\/cdn3.fh-joanneum.at\/media\/sites\/70\/2019\/10\/lisa-markl-ba-mba-ma-3-768x576.jpeg 2x\"\n            \/>\n                    <source\n                media=\"(max-width: 768px)\"\n                srcset=\"https:\/\/cdn3.fh-joanneum.at\/media\/sites\/70\/2019\/10\/lisa-markl-ba-mba-ma-3-768x576.jpeg, https:\/\/cdn3.fh-joanneum.at\/media\/sites\/70\/2019\/10\/lisa-markl-ba-mba-ma-3-1024x768.jpeg 2x\"\n            \/>\n                    <source\n                media=\"(max-width: 1024px)\"\n                srcset=\"https:\/\/cdn3.fh-joanneum.at\/media\/sites\/70\/2019\/10\/lisa-markl-ba-mba-ma-3-1024x768.jpeg, https:\/\/cdn3.fh-joanneum.at\/media\/sites\/70\/2019\/10\/lisa-markl-ba-mba-ma-3.jpeg 2x\"\n            \/>\n                    <source\n                media=\"(max-width: 1536px)\"\n                srcset=\"https:\/\/cdn3.fh-joanneum.at\/media\/sites\/70\/2019\/10\/lisa-markl-ba-mba-ma-3.jpeg, https:\/\/cdn3.fh-joanneum.at\/media\/sites\/70\/2019\/10\/lisa-markl-ba-mba-ma-3.jpeg 2x\"\n            \/>\n                    <source\n                media=\"(max-width: 2048px)\"\n                srcset=\"https:\/\/cdn3.fh-joanneum.at\/media\/sites\/70\/2019\/10\/lisa-markl-ba-mba-ma-3.jpeg, https:\/\/cdn3.fh-joanneum.at\/media\/sites\/70\/2019\/10\/lisa-markl-ba-mba-ma-3.jpeg 2x\"\n            \/>\n                <img decoding=\"async\"\n        class=\"img-fluid\"\n        src=\"https:\/\/cdn3.fh-joanneum.at\/media\/sites\/70\/2019\/10\/lisa-markl-ba-mba-ma-3.jpeg\"\n        alt=\"Lisa Markl, BA MBA MA 1\"\n        title=\"\"\n         loading=\"lazy\"             >\n<\/picture>\n\n                            <\/div>\n                        <\/div>\n                                    <\/div>\n\n            <\/div>\n        <\/div>\n    <\/div>\n<\/div>\n\n<div id=\"\" class=\"wp-block-text-content margin-bottom-normal\">\n    <div class=\"container-lg\">\n        <div class=\"row\">\n            <div class=\"col\">\n                <h4>So bin ich zu meinem Job gekommen<\/h4>\n<p>Im Bachelorstudium kam ich &uuml;ber Daniel Binder und Carina Lipold mit Six Senses in Kontakt und absolvierte mein Pflichtpraktikum im Six Senses Laamu, Malediven. Dort konnte ich weitere wertvolle Kontakte kn&uuml;pfen und machte ein weiteres Praktikum im Six Senses Qing Cheng Mountain, China und im Six Senses Yao Noi, Thailand. Ich pflegte meine Kontakte und bewarb mich &uuml;ber diese um eine Stelle nach meinem Master.<\/p>\n<h4>Das habe ich im Studium f&uuml;rs Berufsleben gelernt<\/h4>\n<p>Meine gesammelten Erfahrungen im Bachelor und Master durch meine zwei Auslandssemester, drei Auslandspraktika, zahlreiche Exkursionen und Teamarbeiten haben mir den Umgang mit anderen Kulturen und das n&ouml;tige Durchhalteverm&ouml;gen gelehrt. Aus den Lehrveranstaltungen konnte ich das kritische Denken, Analysieren, Evaluieren und einige Managementtools mitnehmen. <\/p>\n<h4>Die Jobchancen in meinem Bereich<\/h4>\n<p>Wen die Leidenschaft zum Spa gepackt hat und wer bereit ist, in einem anderen Land zu arbeiten und Abstriche im Lifestyle zu machen, der hat gute Chancen einen Job in der internationalen Spa-Branche zu bekommen.<br>\nJedoch sollte man ein gutes Netzwerk nicht untersch&auml;tzen &ndash; fr&uuml;hzeitig Kontakte zu kn&uuml;pfen und diese zu pflegen erleichtert den Einstieg.<\/p>\n<h3>Ich bin:<\/h3>\n<ul>\n<li>zielstrebig &amp; fokussiert <\/li>\n<li>hilfsbereit<\/li>\n<li>ehrlich<\/li>\n<\/ul>\n<h4>Ich in Zukunft<\/h4>\n<p>Ich wusste schon sehr fr&uuml;h ganz genau, welche Karriere ich einschlagen will und konnte somit meine Praktika, Wahlf&auml;cher, Zusatzausbildungen, etc. darauf abstimmen. Momentan bin ich Assistant Spa Managerin in einem gro&szlig;artigen Spa in Thailand. Doch mein Ziel ist es, Wellness Director in einem gr&ouml;&szlig;eren Spa in Europa zu werden. <\/p>\n<p>Mein derzeitiger Job ist perfekt, um zu lernen, Fehler zu machen und schnell zu wachsen. Und all das in einer Kultur, die mich immer wieder auf die Probe stellt und mich st&auml;ndig zwingt andere Blickwinkel einzunehmen sowie meinen Managementstil zu &uuml;berdenken und anzupassen. <\/p>\n\n            <\/div>\n        <\/div>\n            <\/div>\n<\/div>\n\n<div\n    id=\"\"\n    class=\"wp-block-blockquote margin-bottom-normal\"\n>\n    <div class=\"container-lg\">\n        <div class=\"row\">\n            <div class=\"col\">\n                <div class=\"d-block mb-2 fs-5 major-text-color\">Es ist sehr wichtig, sich ein klares Ziel zu setzen und sich darauf zu fokussieren. Falls man sich noch nicht sicher ist, was man einmal sein m\u00f6chte, dann w\u00fcrde ich auf jeden Fall so viel wie m\u00f6glich ausprobieren und offen f\u00fcr Unbekanntes sein: sowohl im als auch au\u00dferhalb des Studiums an der FH. Wenn man nicht wei\u00df, wof\u00fcr man brennt, dann ist es ein guter Anfang zu wissen, wof\u00fcr man nicht brennt. <br \/>\r\n<br \/>\r\n<\/div>\n                <span class=\"d-flex justify-content-end\">Lisa Markl<\/span>\n            <\/div>\n        <\/div>\n    <\/div>\n<\/div>\n\n","protected":false},"excerpt":{"rendered":"<p>Lisa Markl arbeitet als Assistant Spa Manger bei Six Senses in Koh Kood, Thailand. Zuk\u00fcnftig sieht sie sich als Wellness Director in einem gr\u00f6\u00dferen Spa in Europa. <\/p>\n","protected":false},"author":11,"featured_media":10000253,"parent":10000067,"menu_order":44,"comment_status":"closed","ping_status":"closed","template":"template-absolvent.blade.php","meta":{"_acf_changed":false,"footnotes":""},"acf":[],"aioseo_notices":[],"_links":{"self":[{"href":"https:\/\/www.fh-joanneum.at\/lebensqualitaet-und-nachhaltigkeit-im-tourismus\/master\/wp-json\/wp\/v2\/pages\/10000248"}],"collection":[{"href":"https:\/\/www.fh-joanneum.at\/lebensqualitaet-und-nachhaltigkeit-im-tourismus\/master\/wp-json\/wp\/v2\/pages"}],"about":[{"href":"https:\/\/www.fh-joanneum.at\/lebensqualitaet-und-nachhaltigkeit-im-tourismus\/master\/wp-json\/wp\/v2\/types\/page"}],"author":[{"embeddable":true,"href":"https:\/\/www.fh-joanneum.at\/lebensqualitaet-und-nachhaltigkeit-im-tourismus\/master\/wp-json\/wp\/v2\/users\/11"}],"replies":[{"embeddable":true,"href":"https:\/\/www.fh-joanneum.at\/lebensqualitaet-und-nachhaltigkeit-im-tourismus\/master\/wp-json\/wp\/v2\/comments?post=10000248"}],"version-history":[{"count":0,"href":"https:\/\/www.fh-joanneum.at\/lebensqualitaet-und-nachhaltigkeit-im-tourismus\/master\/wp-json\/wp\/v2\/pages\/10000248\/revisions"}],"up":[{"embeddable":true,"href":"https:\/\/www.fh-joanneum.at\/lebensqualitaet-und-nachhaltigkeit-im-tourismus\/master\/wp-json\/wp\/v2\/pages\/10000067"}],"wp:featuredmedia":[{"embeddable":true,"href":"https:\/\/www.fh-joanneum.at\/lebensqualitaet-und-nachhaltigkeit-im-tourismus\/master\/wp-json\/wp\/v2\/media\/10000253"}],"wp:attachment":[{"href":"https:\/\/www.fh-joanneum.at\/lebensqualitaet-und-nachhaltigkeit-im-tourismus\/master\/wp-json\/wp\/v2\/media?parent=10000248"}],"curies":[{"name":"wp","href":"https:\/\/api.w.org\/{rel}","templated":true}]}}