{"id":10000561,"date":"2017-04-12T09:42:37","date_gmt":"2017-04-12T07:42:37","guid":{"rendered":"https:\/\/www.fh-joanneum.at\/logopaedie\/bachelor\/?page_id=561"},"modified":"2017-04-12T14:04:17","modified_gmt":"2017-04-12T12:04:17","slug":"lisa-maria-zengerers-und-melanie-trieb","status":"publish","type":"page","link":"https:\/\/www.fh-joanneum.at\/logopaedie\/bachelor\/im-studium\/praktikum\/lisa-maria-zengerers-und-melanie-trieb\/","title":{"rendered":"Lisa-Maria Zengerers und Melanie Trieb"},"content":{"rendered":"<div id=\"\" class=\"wp-block-text-content margin-bottom-normal\">\n    <div class=\"container-lg\">\n        <div class=\"row\">\n            <div class=\"col\">\n                <h4>Eckdaten<\/h4>\n<p><strong>Jobbezeichnung:<\/strong> Logop&auml;din   <br>\n<strong>Unternehmen:<\/strong> Klinik f&uuml;r H&ouml;r-, Stimm- und Sprachst&ouml;rungen des Tiroler Landeskrankenhauses Innsbruck   <br>\n<strong>Ort:<\/strong> Innsbruck, &Ouml;sterreich <br>\nWir absolvierten unser Praktikum von Mai bis Juni 2014.   <br>\n<a href=\"mailto:Melanie.Trieb@edu.fh-joanneum.at\" title=\"E-Mail an Melanie Trieb senden\">Melanie Triebs Kontakt<\/a>     <br>\n<a href=\"mailto:Lisa-Maria.Zengerer@edu.fh-joanneum.at\" title=\"E-Mail an Lisa-Maria Zengerer senden\">Lisa-Maria Zengerer Kontakt<\/a>   <\/p>\n<h4>Was wir machten:<\/h4>\n<ul>\n<li>Anamneseerhebung: Erfragen der Krankengeschichte der Patientinnen und Patienten     <\/li>\n<li>Audiometrie: Durchf&uuml;hrung von subjektiven und objektiven H&ouml;rtests    <\/li>\n<li>Hospitation: Schnuppern in angrenzende Berufsfelder wie zum Beispiel beim Einsetzung eines H&ouml;rimplantates oder der Anpassung von H&ouml;rger&auml;ten    <\/li>\n<\/ul>\n<h4>Warum uns das Praktikum Spa&szlig; machte:<\/h4>\n<ul>\n<li>Fachliche und pers&ouml;nliche Betreuung    <\/li>\n<li>Vermittlung des theoretischen Hintergrundes    <\/li>\n<li>Selbstst&auml;ndiges Arbeiten    <\/li>\n<li>Zus&auml;tzliche Hospitationsm&ouml;glichkeiten    <\/li>\n<\/ul>\n<h4>Das haben wir gelernt:<\/h4>\n<p>Praktische Anwendung des theoretischen Wissens. Arbeit mit den Patientinnen und Patienten. &Uuml;ber den &bdquo;Tellerrand&ldquo; des eigenen Berufes schauen.     <\/p>\n<h4>Unser gr&ouml;&szlig;ter Erfolg \/ unser bestes Erlebnis:<\/h4>\n<p>Die t&auml;gliche Arbeit und die dadurch erhaltene Routine bei der Durchf&uuml;hrung von audiologischen Messungen war eine wertvolle Erfahrung. Aber die zus&auml;tzlichen M&ouml;glichkeiten, die uns geboten wurden, machten das Praktikum zu einem wahren Hit!     <\/p>\n<h4>Wie wir dieses Praktikum bekommen haben:<\/h4>\n<p>Durch eine offizielle Bewerbung durch die Studiengangsleitung, die bereits Kontakte zur Praktikumsstelle hatte.      <\/p>\n<h4>Das m&ouml;chten wir in Zukunft tun:<\/h4>\n<p>Die Logop&auml;die ist eine breitgef&auml;cherte Disziplin. Die Audiologie ist hierbei ein Teil, der uns interessiert und bei dem wir uns vorstellen k&ouml;nnen, auch in Zukunft dort zu arbeiten, allerdings m&ouml;chten wir uns nicht nur auf einen Bereich fixieren. Das Praktikum an der Innsbrucker Klinik hat uns davon &uuml;berzeugt, die Audiologie als zuk&uuml;nftigen Berufsschwerpunkt zu sehen.    <\/p>\n\n            <\/div>\n        <\/div>\n            <\/div>\n<\/div>\n\n","protected":false},"excerpt":{"rendered":"<p>Unser Praktikum bei der Klinik f\u00fcr H\u00f6r-, Stimm- und Sprachst\u00f6rungen des Tiroler Landeskrankenhauses Innsbruck.<\/p>\n","protected":false},"author":103,"featured_media":10000511,"parent":10000270,"menu_order":23,"comment_status":"closed","ping_status":"closed","template":"template-absolvent.blade.php","meta":{"_acf_changed":false,"footnotes":""},"acf":[],"aioseo_notices":[],"_links":{"self":[{"href":"https:\/\/www.fh-joanneum.at\/logopaedie\/bachelor\/wp-json\/wp\/v2\/pages\/10000561"}],"collection":[{"href":"https:\/\/www.fh-joanneum.at\/logopaedie\/bachelor\/wp-json\/wp\/v2\/pages"}],"about":[{"href":"https:\/\/www.fh-joanneum.at\/logopaedie\/bachelor\/wp-json\/wp\/v2\/types\/page"}],"author":[{"embeddable":true,"href":"https:\/\/www.fh-joanneum.at\/logopaedie\/bachelor\/wp-json\/wp\/v2\/users\/103"}],"replies":[{"embeddable":true,"href":"https:\/\/www.fh-joanneum.at\/logopaedie\/bachelor\/wp-json\/wp\/v2\/comments?post=10000561"}],"version-history":[{"count":0,"href":"https:\/\/www.fh-joanneum.at\/logopaedie\/bachelor\/wp-json\/wp\/v2\/pages\/10000561\/revisions"}],"up":[{"embeddable":true,"href":"https:\/\/www.fh-joanneum.at\/logopaedie\/bachelor\/wp-json\/wp\/v2\/pages\/10000270"}],"wp:featuredmedia":[{"embeddable":true,"href":"https:\/\/www.fh-joanneum.at\/logopaedie\/bachelor\/wp-json\/wp\/v2\/media\/10000511"}],"wp:attachment":[{"href":"https:\/\/www.fh-joanneum.at\/logopaedie\/bachelor\/wp-json\/wp\/v2\/media?parent=10000561"}],"curies":[{"name":"wp","href":"https:\/\/api.w.org\/{rel}","templated":true}]}}