{"id":10000505,"date":"2021-03-29T09:23:24","date_gmt":"2021-03-29T09:23:24","guid":{"rendered":"https:\/\/www.fh-joanneum.at\/luftfahrt\/master\/?page_id=505"},"modified":"2021-04-19T13:10:10","modified_gmt":"2021-04-19T13:10:10","slug":"luis-trojer-bsc","status":"publish","type":"page","link":"https:\/\/www.fh-joanneum.at\/luftfahrt\/master\/im-studium\/praktikum\/luis-trojer-bsc\/","title":{"rendered":"Luis Trojer, BSc"},"content":{"rendered":"<div\n    id=\"\"\n    class=\"wp-block-blockquote margin-bottom-normal\"\n>\n    <div class=\"container-lg\">\n        <div class=\"row\">\n            <div class=\"col\">\n                <div class=\"d-block mb-2 fs-5 major-text-color\">\u201eIm Zuge einer Zusammenarbeit zwischen der FH JOANNEUM und dem jungen Wiener Start-up Torpedojet habe ich bei der Entwicklung und Optimierung von Hydrofoils (Tragfl\u00e4chen unter Wasser) einen Beitrag zum neuesten Projekt von Torpedojet leisten k\u00f6nnen. Die Firma hat es sich zum Ziel gesetzt, ein zweisitziges Elektroboot auf Hydrofoils zu entwickeln. <br>Sowohl fluiddynamische Berechnungen und konstruktionstechnische Problemstellungen als auch fertigungstechnische und finanzielle \u00dcberlegungen waren Teil der Arbeiten w\u00e4hrend des Praktikums. Testfahrten mit einem weiteren Produkt von Torpedojet, einem e-Foil, waren ebenfalls m\u00f6glich. Mit hoher Wahrscheinlichkeit habe ich nach dem Praktikum die M\u00f6glichkeit, Teil des Torpedojet-Teams zu werden.\u201c<\/div>\n                <span class=\"d-flex justify-content-end\">Luis Trojer<\/span>\n            <\/div>\n        <\/div>\n    <\/div>\n<\/div>\n\n<div\n    id=\"\"\n    class=\"wp-block-content-image margin-bottom-normal\"\n>\n    <div class=\"container-lg\">\n        <div class=\"row\">\n            <div class=\"col-12\">\n                <div  x-data=\"{ modal: false }\" >\n\n                    <div class=\"image-wrapper\">\n                        <picture>\n                        <source\n                media=\"(max-width: 576px)\"\n                srcset=\"https:\/\/cdn3.fh-joanneum.at\/media\/sites\/18\/2021\/04\/luis-trojer-bsc-2.png, https:\/\/cdn3.fh-joanneum.at\/media\/sites\/18\/2021\/04\/luis-trojer-bsc-2-768x363.png 2x\"\n            \/>\n                    <source\n                media=\"(max-width: 768px)\"\n                srcset=\"https:\/\/cdn3.fh-joanneum.at\/media\/sites\/18\/2021\/04\/luis-trojer-bsc-2-768x363.png, https:\/\/cdn3.fh-joanneum.at\/media\/sites\/18\/2021\/04\/luis-trojer-bsc-2-1024x484.png 2x\"\n            \/>\n                    <source\n                media=\"(max-width: 1024px)\"\n                srcset=\"https:\/\/cdn3.fh-joanneum.at\/media\/sites\/18\/2021\/04\/luis-trojer-bsc-2-1024x484.png, https:\/\/cdn3.fh-joanneum.at\/media\/sites\/18\/2021\/04\/luis-trojer-bsc-2.png 2x\"\n            \/>\n                    <source\n                media=\"(max-width: 1536px)\"\n                srcset=\"https:\/\/cdn3.fh-joanneum.at\/media\/sites\/18\/2021\/04\/luis-trojer-bsc-2.png, https:\/\/cdn3.fh-joanneum.at\/media\/sites\/18\/2021\/04\/luis-trojer-bsc-2.png 2x\"\n            \/>\n                    <source\n                media=\"(max-width: 1600px)\"\n                srcset=\"https:\/\/cdn3.fh-joanneum.at\/media\/sites\/18\/2021\/04\/luis-trojer-bsc-2.png, https:\/\/cdn3.fh-joanneum.at\/media\/sites\/18\/2021\/04\/luis-trojer-bsc-2.png 2x\"\n            \/>\n                <img decoding=\"async\"\n        class=\"img-fluid @if ($image_credit || $media_subtitle) mb-2 @endif @if ($lightbox) modal-trigger @endif\" @click=\"modal = !modal\" aria-expanded=\"false\"\n        src=\"https:\/\/cdn3.fh-joanneum.at\/media\/sites\/18\/2021\/04\/luis-trojer-bsc-2.png\"\n        alt=\"Luis Trojer, BSc\"\n        title=\"\"\n         loading=\"lazy\"             >\n<\/picture>\n\n                                                                    <\/div>\n\n                                            <div\n                            class=\"modal-wrapper\"\n                            :class=\"{ 'active': modal }\"\n                        >\n                            <div\n                                class=\"backdrop\"\n                                x-show.transition.opacity.duration.600ms=\"modal\"\n                                @click=\"modal = false\"\n                                style=\"display: none;\"\n                            ><\/div>\n                            <button\n                                class=\"close-btn\"\n                                @click=\"modal = false\"\n                            >\n                                <svg class=\"fill\" id=\"icon-close\" viewBox=\"0 0 512 512\" xmlns=\"http:\/\/www.w3.org\/2000\/svg\">\n  <path d=\"m308 256l193-194c15-14 15-37 0-51-14-15-37-15-51 0l-194 193-194-193c-14-15-37-15-51 0-15 14-15 37 0 51l193 194-193 194c-15 14-15 37 0 51 7 7 16 11 26 11 9 0 18-4 25-11l194-193 194 193c7 7 16 11 25 11 10 0 19-4 26-11 15-14 15-37 0-51z\"\/>\n<\/svg>                            <\/button>\n                            <div class=\"modal-panel\">\n                                <picture>\n                        <source\n                media=\"(max-width: 576px)\"\n                srcset=\"https:\/\/cdn3.fh-joanneum.at\/media\/sites\/18\/2021\/04\/luis-trojer-bsc-2.png, https:\/\/cdn3.fh-joanneum.at\/media\/sites\/18\/2021\/04\/luis-trojer-bsc-2-768x363.png 2x\"\n            \/>\n                    <source\n                media=\"(max-width: 768px)\"\n                srcset=\"https:\/\/cdn3.fh-joanneum.at\/media\/sites\/18\/2021\/04\/luis-trojer-bsc-2-768x363.png, https:\/\/cdn3.fh-joanneum.at\/media\/sites\/18\/2021\/04\/luis-trojer-bsc-2-1024x484.png 2x\"\n            \/>\n                    <source\n                media=\"(max-width: 1024px)\"\n                srcset=\"https:\/\/cdn3.fh-joanneum.at\/media\/sites\/18\/2021\/04\/luis-trojer-bsc-2-1024x484.png, https:\/\/cdn3.fh-joanneum.at\/media\/sites\/18\/2021\/04\/luis-trojer-bsc-2.png 2x\"\n            \/>\n                    <source\n                media=\"(max-width: 1536px)\"\n                srcset=\"https:\/\/cdn3.fh-joanneum.at\/media\/sites\/18\/2021\/04\/luis-trojer-bsc-2.png, https:\/\/cdn3.fh-joanneum.at\/media\/sites\/18\/2021\/04\/luis-trojer-bsc-2.png 2x\"\n            \/>\n                    <source\n                media=\"(max-width: 1600px)\"\n                srcset=\"https:\/\/cdn3.fh-joanneum.at\/media\/sites\/18\/2021\/04\/luis-trojer-bsc-2.png, https:\/\/cdn3.fh-joanneum.at\/media\/sites\/18\/2021\/04\/luis-trojer-bsc-2.png 2x\"\n            \/>\n                <img decoding=\"async\"\n        class=\"img-fluid\"\n        src=\"https:\/\/cdn3.fh-joanneum.at\/media\/sites\/18\/2021\/04\/luis-trojer-bsc-2.png\"\n        alt=\"Luis Trojer, BSc\"\n        title=\"\"\n         loading=\"lazy\"             >\n<\/picture>\n\n                            <\/div>\n                        <\/div>\n                                    <\/div>\n\n            <\/div>\n        <\/div>\n    <\/div>\n<\/div>\n\n","protected":false},"excerpt":{"rendered":"<p>Mein Masterpraktikum bei der FH JOANNEUM in Kooperation mit Torpedojet GmbH.<\/p>\n","protected":false},"author":11,"featured_media":10000525,"parent":10000122,"menu_order":13,"comment_status":"closed","ping_status":"closed","template":"template-absolvent.blade.php","meta":{"_acf_changed":false,"footnotes":""},"acf":[],"aioseo_notices":[],"_links":{"self":[{"href":"https:\/\/www.fh-joanneum.at\/luftfahrt\/master\/wp-json\/wp\/v2\/pages\/10000505"}],"collection":[{"href":"https:\/\/www.fh-joanneum.at\/luftfahrt\/master\/wp-json\/wp\/v2\/pages"}],"about":[{"href":"https:\/\/www.fh-joanneum.at\/luftfahrt\/master\/wp-json\/wp\/v2\/types\/page"}],"author":[{"embeddable":true,"href":"https:\/\/www.fh-joanneum.at\/luftfahrt\/master\/wp-json\/wp\/v2\/users\/11"}],"replies":[{"embeddable":true,"href":"https:\/\/www.fh-joanneum.at\/luftfahrt\/master\/wp-json\/wp\/v2\/comments?post=10000505"}],"version-history":[{"count":0,"href":"https:\/\/www.fh-joanneum.at\/luftfahrt\/master\/wp-json\/wp\/v2\/pages\/10000505\/revisions"}],"up":[{"embeddable":true,"href":"https:\/\/www.fh-joanneum.at\/luftfahrt\/master\/wp-json\/wp\/v2\/pages\/10000122"}],"wp:featuredmedia":[{"embeddable":true,"href":"https:\/\/www.fh-joanneum.at\/luftfahrt\/master\/wp-json\/wp\/v2\/media\/10000525"}],"wp:attachment":[{"href":"https:\/\/www.fh-joanneum.at\/luftfahrt\/master\/wp-json\/wp\/v2\/media?parent=10000505"}],"curies":[{"name":"wp","href":"https:\/\/api.w.org\/{rel}","templated":true}]}}