{"id":10000062,"date":"2016-11-02T13:34:13","date_gmt":"2016-11-02T12:34:13","guid":{"rendered":"https:\/\/www.fh-joanneum.at\/luftverkehrsmanagement\/postgraduate\/?page_id=62"},"modified":"2025-03-05T08:52:09","modified_gmt":"2025-03-05T07:52:09","slug":"bewerbung","status":"publish","type":"page","link":"https:\/\/www.fh-joanneum.at\/luftverkehrsmanagement\/postgraduate\/vor-dem-studium\/bewerbung\/","title":{"rendered":"Bewerbung"},"content":{"rendered":"<div id=\"\" class=\"wp-block-text-content margin-bottom-none\">\n    <div class=\"container-lg\">\n        <div class=\"row\">\n            <div class=\"col\">\n                <div class=\"module-migration-headline\">\n<h3>Bewerbung<\/h3>\n<\/div>\n\n            <\/div>\n        <\/div>\n            <\/div>\n<\/div>\n\n\n\n\n<div id=\"\" class=\"wp-block-text-content margin-bottom-normal\">\n    <div class=\"container-lg\">\n        <div class=\"row\">\n            <div class=\"col\">\n                <p>Grundlage f&uuml;r die Aufnahme in den Lehrgang &bdquo;Luftverkehrsmanagement&ldquo; ist neben der Erf&uuml;llung der Zugangsvoraussetzungen eine Onlinebewerbung an die FH JOANNEUM. Dabei sind Vorbildungen, Abschl&uuml;sse und berufliche Praxis mit Zeugnissen und Best&auml;tigungen nachzuweisen.<\/p>\n<p>Die Unterlagen werden vertraulich behandelt.<\/p>\n<p>Wenn Sie die Voraussetzungen erf&uuml;llen, k&ouml;nnen Sie sich f&uuml;r den Lehrgang bewerben. Dazu ben&ouml;tigen Sie die folgenden Unterlagen:<\/p>\n<ul>\n<li>unterzeichnetes Bewerbungsschreiben \/ Motivationsschreiben<\/li>\n<li>unterzeichneter Lebenslauf<\/li>\n<li>Kopie des Staatsb&uuml;rgerschaftsnachweises oder des Reisepasses<\/li>\n<li>Nachweis &uuml;ber den Abschluss eines Bachelorstudiums (mind. 180 ECTS) oder Masterstudiums und Nachweis einer mehrj&auml;hrigen einschl&auml;gigen Berufserfahrung im Bereich der Luftfahrt<br>\noder<\/li>\n<li>Nachweis einer Allgemeinen Hochschulreife und Abschluss einer der folgenden luftfahrerischen Ausbildungen:\n<ul>\n<li>Air Transport Pilot License (ATPL)<\/li>\n<li>Air-Traffic-Controller- (ATCO Lizenz)<\/li>\n<li>Lizenz nach EASA Part 66 (Flugzeugwart)<\/li>\n<li>Flugdienstberater mit Lizenz<\/li>\n<li>sowie mehrj&auml;hrige einschl&auml;gige Berufserfahrung<br>\noder<\/li>\n<\/ul>\n<\/li>\n<li>Nachweis &uuml;ber den Abschluss einer HTL f&uuml;r Flugtechnik sowie &uuml;ber mehrere Jahre Berufserfahrung im luftfahrttechnischen Bereich<br>\noder<\/li>\n<li>Nachweis &uuml;ber den Abschluss einer HTL f&uuml;r Elektrotechnik (Nachrichtentechnik) sowie &uuml;ber mehrere Jahre Berufserfahrung im Bereich der Flugsicherung<br>\noder<\/li>\n<li>Nachweis &uuml;ber die Allgemeine Hochschulreife oder eine abgeschlossene berufliche Ausbildung mit qualifiziertem Abschluss. Zudem ist eine mehrj&auml;hrige einschl&auml;gige Berufserfahrung nachzuweisen.<\/li>\n<\/ul>\n\n            <\/div>\n        <\/div>\n            <\/div>\n<\/div>\n\n\n<div\n    id=\"\"\n    class=\"wp-block-tipp-box margin-bottom-normal\"\n>\n    <div class=\"container-lg\">\n        <div class=\"row\">\n            <div class=\"col\">\n                <div class=\"tipp-box border border-info\">\n                    <div class=\"tipp-box-inner p-2 p-md-3\">\n                        <h4 class=\"\">Hinweis<\/h4>\n                        <p><strong>Welche Regeln gelten f\u00fcr internationalen Dokumente?<\/strong><\/p>\n<p>F\u00fcr nicht-\u00f6sterreichische Dokumente gibt es Sonderregeln. Diese m\u00fcssen Sie einhalten, damit Ihre Bewerbung akzeptiert werden kann. Welche Richtlinien einzuhalten sind, h\u00e4ngt davon ab, in welchem Land die Dokumente ausgestellt wurden: <a href=\"https:\/\/www.fh-joanneum.at\/beglaubigungs-und-uebersetzungsrichtlinien\/\">Beglaubigungs- und \u00dcbersetzungsrichtlinien nach L\u00e4ndern<\/a>. <\/p>\n\n                    <\/div>\n                <\/div>\n            <\/div>\n        <\/div>\n    <\/div>\n<\/div>\n\n\n<div\n    id=\"\"\n    class=\"wp-block-tipp-box margin-bottom-normal\"\n>\n    <div class=\"container-lg\">\n        <div class=\"row\">\n            <div class=\"col\">\n                <div class=\"tipp-box border border-warning\">\n                    <div class=\"tipp-box-inner p-2 p-md-3\">\n                        <h4 class=\"\">Tipp<\/h4>\n                        <p>Falls Sie die Dokumente (Bachelor- oder Diplomurkunde) zum Zeitpunkt der Bewerbung noch nicht haben, k\u00f6nnen Sie diese bis zum Studienbeginn nachreichen.<\/p>\n\n                    <\/div>\n                <\/div>\n            <\/div>\n        <\/div>\n    <\/div>\n<\/div>\n\n\n<div id=\"\" class=\"wp-block-text-content margin-bottom-normal\">\n    <div class=\"container-lg\">\n        <div class=\"row\">\n            <div class=\"col\">\n                <h5>Onlinebewerbung<\/h5>\n<p><strong><a href=\"https:\/\/www.fh-joanneum.at\/studium\/online-bewerbung\/\">Hier geht es zur Onlinebewerbung.<\/a><\/strong><\/p>\n\n            <\/div>\n        <\/div>\n            <\/div>\n<\/div>\n\n\n<div id=\"\" class=\"wp-block-text-content margin-bottom-normal\">\n    <div class=\"container-lg\">\n        <div class=\"row\">\n            <div class=\"col\">\n                <h4>Einladung zum pers&ouml;nlichen Gespr&auml;ch<\/h4>\n<p>Ihre Bewerbung wird von der Lehrgangsleitung &uuml;berpr&uuml;ft. Alle Bewerber:innen, die die formalen Voraussetzungen erf&uuml;llen, werden zu einem pers&ouml;nlichen Gespr&auml;ch eingeladen. <\/p>\n\n            <\/div>\n        <\/div>\n            <\/div>\n<\/div>\n","protected":false},"excerpt":{"rendered":"","protected":false},"author":11,"featured_media":0,"parent":10000059,"menu_order":23,"comment_status":"closed","ping_status":"closed","template":"","meta":{"_acf_changed":false,"footnotes":""},"acf":[],"aioseo_notices":[],"_links":{"self":[{"href":"https:\/\/www.fh-joanneum.at\/luftverkehrsmanagement\/postgraduate\/wp-json\/wp\/v2\/pages\/10000062"}],"collection":[{"href":"https:\/\/www.fh-joanneum.at\/luftverkehrsmanagement\/postgraduate\/wp-json\/wp\/v2\/pages"}],"about":[{"href":"https:\/\/www.fh-joanneum.at\/luftverkehrsmanagement\/postgraduate\/wp-json\/wp\/v2\/types\/page"}],"author":[{"embeddable":true,"href":"https:\/\/www.fh-joanneum.at\/luftverkehrsmanagement\/postgraduate\/wp-json\/wp\/v2\/users\/11"}],"replies":[{"embeddable":true,"href":"https:\/\/www.fh-joanneum.at\/luftverkehrsmanagement\/postgraduate\/wp-json\/wp\/v2\/comments?post=10000062"}],"version-history":[{"count":1,"href":"https:\/\/www.fh-joanneum.at\/luftverkehrsmanagement\/postgraduate\/wp-json\/wp\/v2\/pages\/10000062\/revisions"}],"predecessor-version":[{"id":10000258,"href":"https:\/\/www.fh-joanneum.at\/luftverkehrsmanagement\/postgraduate\/wp-json\/wp\/v2\/pages\/10000062\/revisions\/10000258"}],"up":[{"embeddable":true,"href":"https:\/\/www.fh-joanneum.at\/luftverkehrsmanagement\/postgraduate\/wp-json\/wp\/v2\/pages\/10000059"}],"wp:attachment":[{"href":"https:\/\/www.fh-joanneum.at\/luftverkehrsmanagement\/postgraduate\/wp-json\/wp\/v2\/media?parent=10000062"}],"curies":[{"name":"wp","href":"https:\/\/api.w.org\/{rel}","templated":true}]}}