{"id":10000933,"date":"2019-02-27T11:00:11","date_gmt":"2019-02-27T09:00:11","guid":{"rendered":"https:\/\/www.fh-joanneum.at\/management-internationaler-geschaeftsprozesse\/bachelor\/?page_id=933"},"modified":"2019-03-13T11:19:44","modified_gmt":"2019-03-13T09:19:44","slug":"paul-kutschera","status":"publish","type":"page","link":"https:\/\/www.fh-joanneum.at\/management-internationaler-geschaeftsprozesse\/bachelor\/nach-dem-studium\/absolventinnen-absolventen\/paul-kutschera\/","title":{"rendered":"Paul Kutschera"},"content":{"rendered":"<div id=\"\" class=\"wp-block-text-content margin-bottom-normal\">\n    <div class=\"container-lg\">\n        <div class=\"row\">\n            <div class=\"col\">\n                <h4>Eckdaten<\/h4>\n<p><strong>Jobbezeichnung:<\/strong> Internationaler Account Manager<br>\n<strong>Unternehmen:<\/strong> AT &amp; S<br>\n<strong>Ich arbeite in:<\/strong> Leoben \/ Graz<br>\n<strong>Ich arbeite hier seit:<\/strong> 11.06.2016<br>\n<a href=\"mailto:p.kutschera@ats.net\" title=\"E-Mail an Paul Kutschera senden\">Mein Kontakt<\/a>  <\/p>\n<h4>Was ich mache<\/h4>\n<p>AT&amp;S produziert High-Tech-Leiterplatten f&uuml;r eine Vielzahl von Branchen. Als Account Manager bin ich f&uuml;r das Management bestehender und die Entwicklung neuer Kunden im medizinischen Bereich verantwortlich. Dies umfasst den gesamten Verkaufsprozess von der technischen Machbarkeitsstudie bis hin zu den After-Sales-Prozessen und erfordert das Management verschiedener Teams innerhalb des Unternehmens.<br>\nNeben den klassischen Alltagsaufgaben, wie Preis- und Vertragsverhandlungen, ist ein Account Manager auch f&uuml;r das segmentspezifische Marketing verantwortlich. Dazu geh&ouml;ren Pressemitteilungen, Social Media Marketing oder die Organisation von branchenspezifischen Messen und Ausstellungen.<\/p>\n<h4>Warum ich meinen Beruf liebe<\/h4>\n<ul>\n<li>Unterst&uuml;tzung von Unternehmen bei der Realisierung ihrer Produkte  <\/li>\n<li>Eine gro&szlig;e Vielfalt an unterschiedlichen Aufgaben  <\/li>\n<li>Mein Team  <\/li>\n<\/ul>\n<h4>Wichtige F&auml;higkeiten in meinem Job<\/h4>\n<ul>\n<li>People skills  <\/li>\n<li>Holistic view  <\/li>\n<li>Presentation skills  <\/li>\n<li>Technical understanding  <\/li>\n<\/ul>\n<h4>Mein bisher gr&ouml;&szlig;ter Erfolg in meiner Karriere<\/h4>\n<p>Gewinn des ersten neuen Kunden nach rund einem Jahr intensiver Vorbereitung und Verhandlung.  <\/p>\n<h4>So bin ich zu meinem Job gekommen<\/h4>\n<p>Meine Frau und ich haben zwischen den Jobs eine 6-monatige Pause eingelegt und w&auml;hrend wir auf Bali gesurft haben, habe ich die Stellenausschreibung online gefunden. Online beworben, hatte eine Videokonferenz eine Woche sp&auml;ter und wurde nach unserer R&uuml;ckkehr nach &Ouml;sterreich eingestellt.  <\/p>\n<h4>Das habe ich im Studium an der FH JOANNEUM f&uuml;r&rsquo;s Berufsleben gelernt<\/h4>\n<ul>\n<li>Managing people in matrix organizations  <\/li>\n<li>Presentation &amp; negotiations skills  <\/li>\n<li>A holistic view about how an organization works  <\/li>\n<\/ul>\n<h4>Die Jobchancen in meinem Bereich<\/h4>\n<ul>\n<li>Sales Director  <\/li>\n<li>CSO  <\/li>\n<\/ul>\n\n            <\/div>\n        <\/div>\n            <\/div>\n<\/div>\n\n","protected":false},"excerpt":{"rendered":"<p>Vertriebsexperte mit langj\u00e4hriger Business Development Erfahrung in der Region Asien \/ Pazifik. Strategisches Denken und Ergebnisorientierung mit nachgewiesener Erfolgsbilanz bei der Erreichung \u00fcbererf\u00fcllter Umsatzziele in wettbewerbsintensiven Branchen. Charismatisch und leicht zug\u00e4nglich, kann Paul schnell Beziehungen zu wichtigen Entscheidungstr\u00e4gern aufbauen.<\/p>\n","protected":false},"author":11,"featured_media":10000958,"parent":10000286,"menu_order":85,"comment_status":"closed","ping_status":"closed","template":"template-absolvent.blade.php","meta":{"_acf_changed":false,"footnotes":""},"acf":[],"aioseo_notices":[],"_links":{"self":[{"href":"https:\/\/www.fh-joanneum.at\/management-internationaler-geschaeftsprozesse\/bachelor\/wp-json\/wp\/v2\/pages\/10000933"}],"collection":[{"href":"https:\/\/www.fh-joanneum.at\/management-internationaler-geschaeftsprozesse\/bachelor\/wp-json\/wp\/v2\/pages"}],"about":[{"href":"https:\/\/www.fh-joanneum.at\/management-internationaler-geschaeftsprozesse\/bachelor\/wp-json\/wp\/v2\/types\/page"}],"author":[{"embeddable":true,"href":"https:\/\/www.fh-joanneum.at\/management-internationaler-geschaeftsprozesse\/bachelor\/wp-json\/wp\/v2\/users\/11"}],"replies":[{"embeddable":true,"href":"https:\/\/www.fh-joanneum.at\/management-internationaler-geschaeftsprozesse\/bachelor\/wp-json\/wp\/v2\/comments?post=10000933"}],"version-history":[{"count":0,"href":"https:\/\/www.fh-joanneum.at\/management-internationaler-geschaeftsprozesse\/bachelor\/wp-json\/wp\/v2\/pages\/10000933\/revisions"}],"up":[{"embeddable":true,"href":"https:\/\/www.fh-joanneum.at\/management-internationaler-geschaeftsprozesse\/bachelor\/wp-json\/wp\/v2\/pages\/10000286"}],"wp:featuredmedia":[{"embeddable":true,"href":"https:\/\/www.fh-joanneum.at\/management-internationaler-geschaeftsprozesse\/bachelor\/wp-json\/wp\/v2\/media\/10000958"}],"wp:attachment":[{"href":"https:\/\/www.fh-joanneum.at\/management-internationaler-geschaeftsprozesse\/bachelor\/wp-json\/wp\/v2\/media?parent=10000933"}],"curies":[{"name":"wp","href":"https:\/\/api.w.org\/{rel}","templated":true}]}}