{"id":10001379,"date":"2023-12-20T12:58:51","date_gmt":"2023-12-20T10:58:51","guid":{"rendered":"https:\/\/www.fh-joanneum.at\/management-internationaler-geschaeftsprozesse\/bachelor\/?page_id=1379"},"modified":"2023-12-20T12:58:51","modified_gmt":"2023-12-20T10:58:51","slug":"andrea-buessenschuett-2","status":"publish","type":"page","link":"https:\/\/www.fh-joanneum.at\/management-internationaler-geschaeftsprozesse\/bachelor\/nach-dem-studium\/absolventinnen-absolventen\/andrea-buessenschuett-2\/","title":{"rendered":"Andrea B\u00fcssensch\u00fctt"},"content":{"rendered":"<div id=\"\" class=\"wp-block-text-content margin-bottom-normal\">\n    <div class=\"container-lg\">\n        <div class=\"row\">\n            <div class=\"col\">\n                <h4>Eckdaten<\/h4>\n<p><strong>Jobbezeichnung:<\/strong> Head of Continuous Improvement Methods<br>\n<strong>Unternehmen:<\/strong> Lenzing AG<br>\n<strong>Ich arbeite in:<\/strong> Global an unseren Standorten: Lenzing &amp; Heiligenkreuz (beide &Ouml;sterreich), UK, US, Brasilien, Indonesien, China, Thailand, Tschechien<br>\n<strong>Ich arbeite hier seit:<\/strong> 2017<br>\n<strong>Meine Social URL:<\/strong> https:\/\/www.linkedin.com\/in\/a-buess\/<\/p>\n<h4>Was ich mache<\/h4>\n<ul>\n<li>Prozesse und Abl&auml;ufe analysieren, visualisieren und verbessern (egal in welchem Bereich)  <\/li>\n<li>Einen Beitrag zum Erfolg des Unternehmens leisten  <\/li>\n<\/ul>\n<p>Im Unternehmen helfen, dass wir  <\/p>\n<ul>\n<li>die richtigen Dinge tun = ausw&auml;hlen was am meisten bringt  <\/li>\n<li>die Dinge richtig tun = die beste Methode finden  <\/li>\n<\/ul>\n<h4>Warum ich meinen Beruf liebe<\/h4>\n<ul>\n<li>Mit Menschen auf allen Ebenen, Abteilungen und an allen unseren Werken zusammenarbeiten kann  <\/li>\n<li>Einblicke in alle Bereiche des Unternehmens zu bekommen und somit viele M&ouml;glichkeiten etwas zu ver&auml;ndern  <\/li>\n<li>Ein tolles internationales Team leiten darf  <\/li>\n<\/ul>\n<h4>Wichtige F&auml;higkeiten in meinem Job<\/h4>\n<ul>\n<li>Details sehen ohne den Blick aufs Gro&szlig;e Ganze zu verlieren  <\/li>\n<li>Verstehen wo mein Gegeb&uuml;ber steht und jedem auf die Reise mitnehmen  <\/li>\n<li>Unterschiedliche Abteilungen und Ebenen zusammenbringen und Prozesse verkn&uuml;pfen  <\/li>\n<\/ul>\n<h4>Mein bisher gr&ouml;&szlig;ter Erfolg in meiner Karriere<\/h4>\n<ul>\n<li>Ein Jahr in Hong Kong leben und arbeiten.  <\/li>\n<li>Ein internationales Team aufbauen   <\/li>\n<\/ul>\n<h4>So bin ich zu meinem Job gekommen<\/h4>\n<p>Zur Lenzing &uuml;ber den Anruf eines Headhunters, zu meiner jetzigen Position &uuml;ber eine interne Bewerbung.  <\/p>\n<h4>Das habe ich im Studium an der FH JOANNEUM f&uuml;r&rsquo;s Berufsleben gelernt<\/h4>\n<p>Vielf&auml;ltigkeit und Interdisziplinarit&auml;t. Nat&uuml;rlich sind auch die Basics in den einzelnen F&auml;chern wichtig. Das hilfreichste ist der bunte Werkzeugkasten auf den man zur&uuml;ckgreifen kann und die M&ouml;glichkeit in unterschiedliche Themen hineinzudenken bzw. and Themenbereiche anzukn&uuml;pfen.  <\/p>\n<h4>Die Jobchancen in meinem Bereich<\/h4>\n<p>Grunds&auml;tzlich sind die Chancen in meinem Bereich gut. Das wichtigste ist eine offene Haltung, dazu kommt Prozessverst&auml;ndnis. Kenntnisse im Bereich Lean Managament sowie Six Sigma werden h&auml;ufig vorausgesetzt; die sollte man sich vorher noch aneignen. Ansonsten kann man in dem Bereich enorm viel lernen und bekommt gute Einblicke weshalb sich der Bereich sehr gut als Sprungbrett eignet.  <\/p>\n<h4>Drei Eigenschaften, die mich auszeichnen<\/h4>\n<ul>\n<li>Sehr energiegeladen  <\/li>\n<li>Schnell im kombinieren  <\/li>\n<li>Facettenreich  <\/li>\n<\/ul>\n<h4>Mein Rat:<\/h4>\n\n            <\/div>\n        <\/div>\n            <\/div>\n<\/div>\n\n<div\n    id=\"\"\n    class=\"wp-block-blockquote margin-bottom-normal\"\n>\n    <div class=\"container-lg\">\n        <div class=\"row\">\n            <div class=\"col\">\n                <div class=\"d-block mb-2 fs-5 major-text-color\">Open Heart, Open Mind, Open Will &#8211; <br \/>\r\n<br \/>\r\nIch hatte einen Masterplan, den hab ich in meinem ersten Arbeitsjahr 3 mal \u00fcber Board geworfen. Ein Plan ist nichts, was aber nicht hei\u00dft, dass man planen sollte. F\u00fcr mich hei\u00dft das immer offen zu sein und sich auf Neues einzulassen.  <\/div>\n                <span class=\"d-flex justify-content-end\">Andrea B\u00fcssensch\u00fctt<\/span>\n            <\/div>\n        <\/div>\n    <\/div>\n<\/div>\n\n<div\n    id=\"\"\n    class=\"wp-block-blockquote margin-bottom-normal\"\n>\n    <div class=\"container-lg\">\n        <div class=\"row\">\n            <div class=\"col\">\n                <div class=\"d-block mb-2 fs-5 major-text-color\">Raus aus der Komfort-Zone &#8211; <br \/>\r\n<br \/>\r\nSich zu entwickeln hei\u00dft immer wieder bewusst die Komfort-Zone zu verlassen (kleiner Hinweis: die Komfort-Zone zu erkennen braucht viel Ehrlichkeit zu sich selbst). Die coolsten Erfahrungen macht man beim Lernen, dazu muss man sich wagen Fehler zu machen.  <br \/>\r\n<\/div>\n                <span class=\"d-flex justify-content-end\">Andrea B\u00fcssensch\u00fctt<\/span>\n            <\/div>\n        <\/div>\n    <\/div>\n<\/div>\n\n<div\n    id=\"\"\n    class=\"wp-block-blockquote margin-bottom-normal\"\n>\n    <div class=\"container-lg\">\n        <div class=\"row\">\n            <div class=\"col\">\n                <div class=\"d-block mb-2 fs-5 major-text-color\">Stay Curious &#8211; <br \/>\r\n<br \/>\r\nBleibt neugierig denn es gibt so viel zu entdecken. Das meiste ist off the beaten track. <br \/>\r\n<\/div>\n                <span class=\"d-flex justify-content-end\">Andrea B\u00fcssensch\u00fctt<\/span>\n            <\/div>\n        <\/div>\n    <\/div>\n<\/div>\n\n","protected":false},"excerpt":{"rendered":"<p>Als Head of Continuous Improvement bei Lenzing AG optimiere ich weltweit Prozesse f\u00fcr den Unternehmenserfolg. Mit meiner energiegeladenen, facettenreichen Pers\u00f6nlichkeit f\u00f6rdere ich die Zusammenarbeit, kombiniere eine schnelle Denkweise und betone Offenheit, Neugier und den Mut zur Ver\u00e4nderung.<\/p>\n","protected":false},"author":38,"featured_media":10001384,"parent":10000286,"menu_order":67,"comment_status":"closed","ping_status":"closed","template":"template-absolvent.blade.php","meta":{"_acf_changed":false,"footnotes":""},"acf":[],"aioseo_notices":[],"_links":{"self":[{"href":"https:\/\/www.fh-joanneum.at\/management-internationaler-geschaeftsprozesse\/bachelor\/wp-json\/wp\/v2\/pages\/10001379"}],"collection":[{"href":"https:\/\/www.fh-joanneum.at\/management-internationaler-geschaeftsprozesse\/bachelor\/wp-json\/wp\/v2\/pages"}],"about":[{"href":"https:\/\/www.fh-joanneum.at\/management-internationaler-geschaeftsprozesse\/bachelor\/wp-json\/wp\/v2\/types\/page"}],"author":[{"embeddable":true,"href":"https:\/\/www.fh-joanneum.at\/management-internationaler-geschaeftsprozesse\/bachelor\/wp-json\/wp\/v2\/users\/38"}],"replies":[{"embeddable":true,"href":"https:\/\/www.fh-joanneum.at\/management-internationaler-geschaeftsprozesse\/bachelor\/wp-json\/wp\/v2\/comments?post=10001379"}],"version-history":[{"count":0,"href":"https:\/\/www.fh-joanneum.at\/management-internationaler-geschaeftsprozesse\/bachelor\/wp-json\/wp\/v2\/pages\/10001379\/revisions"}],"up":[{"embeddable":true,"href":"https:\/\/www.fh-joanneum.at\/management-internationaler-geschaeftsprozesse\/bachelor\/wp-json\/wp\/v2\/pages\/10000286"}],"wp:featuredmedia":[{"embeddable":true,"href":"https:\/\/www.fh-joanneum.at\/management-internationaler-geschaeftsprozesse\/bachelor\/wp-json\/wp\/v2\/media\/10001384"}],"wp:attachment":[{"href":"https:\/\/www.fh-joanneum.at\/management-internationaler-geschaeftsprozesse\/bachelor\/wp-json\/wp\/v2\/media?parent=10001379"}],"curies":[{"name":"wp","href":"https:\/\/api.w.org\/{rel}","templated":true}]}}