{"id":10000119,"date":"2017-11-23T17:47:45","date_gmt":"2017-11-23T16:47:45","guid":{"rendered":"https:\/\/www.fh-joanneum.at\/mobile-software-development\/bachelor\/?page_id=119"},"modified":"2021-03-26T14:03:34","modified_gmt":"2021-03-26T13:03:34","slug":"studienabschluss","status":"publish","type":"page","link":"https:\/\/www.fh-joanneum.at\/mobile-software-development\/bachelor\/im-studium\/studienabschluss\/","title":{"rendered":"Studienabschluss"},"content":{"rendered":"<div id=\"\" class=\"wp-block-text-content margin-bottom-none\">\n    <div class=\"container-lg\">\n        <div class=\"row\">\n            <div class=\"col\">\n                <div class=\"module-migration-headline\">\n<h3>Voraussetzungen f&uuml;r den Studienabschluss<\/h3>\n<\/div>\n\n            <\/div>\n        <\/div>\n            <\/div>\n<\/div>\n\n<div id=\"\" class=\"wp-block-text-content margin-bottom-normal\">\n    <div class=\"container-lg\">\n        <div class=\"row\">\n            <div class=\"col\">\n                <p>Um das Studium &bdquo;Mobile Software Development&ldquo; positiv abzuschlie&szlig;en, m&uuml;ssen Sie:<\/p>\n<ul>\n<li>alle Lehrveranstaltungen und die Berufspraktika positiv absolvieren<\/li>\n<li>eine Bachelorarbeit verfassen, die positiv bewertet werden muss<\/li>\n<li>die Bachelorpr&uuml;fung positiv ablegen<\/li>\n<\/ul>\n<p>Ihr Titel nach dem Studienabschluss lautet &bdquo;Bachelor of Science in Engineering (BSc)&ldquo;.<\/p>\n\n            <\/div>\n        <\/div>\n            <\/div>\n<\/div>\n\n<div id=\"\" class=\"wp-block-text-content margin-bottom-none\">\n    <div class=\"container-lg\">\n        <div class=\"row\">\n            <div class=\"col\">\n                <div class=\"module-migration-headline\">\n<h4>Bachelorarbeit<\/h4>\n<\/div>\n\n            <\/div>\n        <\/div>\n            <\/div>\n<\/div>\n\n<div id=\"\" class=\"wp-block-text-content margin-bottom-normal\">\n    <div class=\"container-lg\">\n        <div class=\"row\">\n            <div class=\"col\">\n                <p>Unsere Studierenden verfassen ihre Bachelorarbeit im sechsten Semester. Die Erarbeitung der Bachelorarbeit wird in einem Begleitseminar und durch individuelle Betreuung unterst&uuml;tzt. Inhaltlich relevante IKT-Fragestellungen zu entwickeln und mit wissenschaftlichen Methoden zu bearbeiten sind F&auml;higkeiten, die im Zuge der Arbeit vermittelt werden. Die Fragestellung der Bachelorarbeit kann in Verbindung mit den Berufspraktika im Ausbildungsunternehmen stehen. <\/p>\n\n            <\/div>\n        <\/div>\n            <\/div>\n<\/div>\n\n\n<div id=\"\" class=\"wp-block-text-content margin-bottom-none\">\n    <div class=\"container-lg\">\n        <div class=\"row\">\n            <div class=\"col\">\n                <div class=\"module-migration-headline\">\n<h4>Bachelorpr&uuml;fung<\/h4>\n<\/div>\n\n            <\/div>\n        <\/div>\n            <\/div>\n<\/div>\n\n<div id=\"\" class=\"wp-block-text-content margin-bottom-normal\">\n    <div class=\"container-lg\">\n        <div class=\"row\">\n            <div class=\"col\">\n                <p>Es gibt drei Pr&uuml;fungstermine pro Jahr:<\/p>\n<ul>\n<li>Fr&uuml;htermin: Ende des sechsten Semesters, in der Regel Anfang Juli<\/li>\n<li>Haupttermin: vor Start des folgenden Wintersemesters, in der Regel im Oktober<\/li>\n<li>Sp&auml;ttermin: im J&auml;nner des darauffolgenden Jahres<\/li>\n<\/ul>\n<p>Die Pr&uuml;fung wir vor einer Kommission abgelegt und umfasst:<\/p>\n<ul>\n<li>die Pr&auml;sentation der Bachelorarbeit in Englisch <\/li>\n<li>ein Pr&uuml;fungsgespr&auml;ch &uuml;ber die Bachelorarbeit in Deutsch<\/li>\n<li>eine Pr&uuml;fung &uuml;ber ein weiteres Fachgebiet<\/li>\n<\/ul>\n\n            <\/div>\n        <\/div>\n            <\/div>\n<\/div>\n\n<div id=\"\" class=\"wp-block-text-content margin-bottom-none\">\n    <div class=\"container-lg\">\n        <div class=\"row\">\n            <div class=\"col\">\n                <div class=\"module-migration-headline\">\n<h3>Nach dem Bachelorabschluss<\/h3>\n<\/div>\n\n            <\/div>\n        <\/div>\n            <\/div>\n<\/div>\n\n<div id=\"\" class=\"wp-block-text-content margin-bottom-normal\">\n    <div class=\"container-lg\">\n        <div class=\"row\">\n            <div class=\"col\">\n                <p>Absolventinnen und Absolventen k&ouml;nnen nach Abschluss des Bachelorstudiums &bdquo;Mobile Software Development&ldquo; entweder direkt in ihr Berufsleben starten oder ihre akademische und \/ oder berufliche Karriere fortsetzen. Beispielsweise stehen ihnen die beiden berufsbegleitenden <a href=\"https:\/\/fh-joanneum.at\/it-und-mobile-security\/master\/\">&bdquo;IT &amp; Mobile Security&ldquo;<\/a> und <a href=\"https:\/\/fh-joanneum.at\/it-recht-und-management\/master\/\">&bdquo;IT-Recht &amp; Management&ldquo;<\/a> an der FH JOANNEUM offen. Auch f&uuml;r andere Studieng&auml;nge der FH JOANNEUM und Studienrichtungen anderer Hochschulen im Informatikbereich erf&uuml;llen unsere Absolventinnen und Absolventen die Zugangsvoraussetzungen. <\/p>\n\n            <\/div>\n        <\/div>\n            <\/div>\n<\/div>\n\n","protected":false},"excerpt":{"rendered":"<p>Mit Ihrem Abschluss legen Sie den Grundstein f\u00fcr Ihre berufliche Zukunft. Welche Voraussetzungen Sie f\u00fcr den erfolgreichen Abschluss Ihres Studiums ben\u00f6tigen und alles, was Sie sonst noch wissen sollten, verraten wir Ihnen hier.<\/p>\n","protected":false},"author":11,"featured_media":0,"parent":10000078,"menu_order":40,"comment_status":"closed","ping_status":"closed","template":"","meta":{"_acf_changed":false,"footnotes":""},"acf":[],"aioseo_notices":[],"_links":{"self":[{"href":"https:\/\/www.fh-joanneum.at\/mobile-software-development\/bachelor\/wp-json\/wp\/v2\/pages\/10000119"}],"collection":[{"href":"https:\/\/www.fh-joanneum.at\/mobile-software-development\/bachelor\/wp-json\/wp\/v2\/pages"}],"about":[{"href":"https:\/\/www.fh-joanneum.at\/mobile-software-development\/bachelor\/wp-json\/wp\/v2\/types\/page"}],"author":[{"embeddable":true,"href":"https:\/\/www.fh-joanneum.at\/mobile-software-development\/bachelor\/wp-json\/wp\/v2\/users\/11"}],"replies":[{"embeddable":true,"href":"https:\/\/www.fh-joanneum.at\/mobile-software-development\/bachelor\/wp-json\/wp\/v2\/comments?post=10000119"}],"version-history":[{"count":0,"href":"https:\/\/www.fh-joanneum.at\/mobile-software-development\/bachelor\/wp-json\/wp\/v2\/pages\/10000119\/revisions"}],"up":[{"embeddable":true,"href":"https:\/\/www.fh-joanneum.at\/mobile-software-development\/bachelor\/wp-json\/wp\/v2\/pages\/10000078"}],"wp:attachment":[{"href":"https:\/\/www.fh-joanneum.at\/mobile-software-development\/bachelor\/wp-json\/wp\/v2\/media?parent=10000119"}],"curies":[{"name":"wp","href":"https:\/\/api.w.org\/{rel}","templated":true}]}}