{"id":10000052,"date":"2021-11-22T15:06:04","date_gmt":"2021-11-22T14:06:04","guid":{"rendered":"https:\/\/www.fh-joanneum.at\/mobility-technologies\/master\/?page_id=52"},"modified":"2025-12-18T08:20:39","modified_gmt":"2025-12-18T07:20:39","slug":"aufnahmeverfahren","status":"publish","type":"page","link":"https:\/\/www.fh-joanneum.at\/mobility-technologies\/master\/vor-dem-studium\/aufnahmeverfahren\/","title":{"rendered":"Aufnahmeverfahren"},"content":{"rendered":"<div id=\"\" class=\"wp-block-text-content margin-bottom-none\">\n    <div class=\"container-lg\">\n        <div class=\"row\">\n            <div class=\"col\">\n                <div class=\"module-migration-headline\">\n<h3>Aufnahmeverfahren<\/h3>\n<\/div>\n\n            <\/div>\n        <\/div>\n            <\/div>\n<\/div>\n\n\n\n\n\n\n\n\n\n\n<div id=\"\" class=\"wp-block-text-content margin-bottom-normal\">\n    <div class=\"container-lg\">\n        <div class=\"row\">\n            <div class=\"col\">\n                <p>Das Aufnahmeverfahren setzt sich zusammen aus:<\/p>\n<ul>\n<li>einer vollst&auml;ndigen Bewerbung,<\/li>\n<li>einem Online-Gespr&auml;ch mit der Aufnahmekommission sowie<\/li>\n<li>der Bewertung der vorangegangenen Ausbildung und T&auml;tigkeiten. <\/li>\n<\/ul>\n<p>Die Form der Bewerbung flie&szlig;t in die Beurteilung ein.<\/p>\n<h4>Das Online-Gespr&auml;ch<\/h4>\n<p>Sie werden zu einem Gespr&auml;ch eingeladen, wenn Sie die Voraussetzungen f&uuml;r die Zulassung erf&uuml;llen und Ihre Bewerbung vollst&auml;ndig und fristgerecht eingereicht haben. Informationen mit allen Details zum Online-Gespr&auml;ch erhalten Sie zeitgerecht vor dem Termin per E-Mail. <\/p>\n<p>Das Gespr&auml;ch wird in englischer Sprache durchgef&uuml;hrt. Erster Teil des Gesp&auml;chs ist ein klassisches Interview mit Vorstellung der Kandidatinnen und Kandidaten. Im Anschluss daran wird ein fachliches Gespr&auml;ch gef&uuml;hrt. Aus einem Fragenkatalog werden drei Fragen &ndash; je eine aus den Bereichen General, Umwelt und Management sowie zwei ausw&auml;hlbare Fragen aus den Berichen Energy oder Mobility &ndash; nach dem Zufallsprinzip bestimmt. <\/p>\n<p>Sie f&uuml;hren das Gespr&auml;ch mit der Aufnahmekommission des Studiengangs. Es dauert in etwa 50 Minuten.<\/p>\n\n            <\/div>\n        <\/div>\n            <\/div>\n<\/div>\n\n\n<div\n    id=\"\"\n    class=\"wp-block-tipp-box margin-bottom-normal\"\n>\n    <div class=\"container-lg\">\n        <div class=\"row\">\n            <div class=\"col\">\n                <div class=\"tipp-box border border-warning\">\n                    <div class=\"tipp-box-inner p-2 p-md-3\">\n                        <h4 class=\"\">Tipp<\/h4>\n                        <p>Im Gespr\u00e4ch haben Sie die M\u00f6glichkeit, Ihr Fachwissen sowie Ihre Motivation, Eignung und Begabung f\u00fcr das Studium und den Beruf darzulegen. \u00dcberzeugen Sie sie durch Ihren Lebenslauf, Ihr Interesse an den Studieninhalten und Ihre Pers\u00f6nlichkeit. <\/p>\n\n                    <\/div>\n                <\/div>\n            <\/div>\n        <\/div>\n    <\/div>\n<\/div>\n\n\n<div id=\"\" class=\"wp-block-text-content margin-bottom-normal\">\n    <div class=\"container-lg\">\n        <div class=\"row\">\n            <div class=\"col\">\n                <h4>Bewertung der vorangegangenen Ausbildung und der beruflichen Erfahrung<\/h4>\n<p>Als zus&auml;tzliche Kriterien f&uuml;r die Aufnahmeentscheidung werden berufliche Erfahrungen sowie die berufsqualifizierende Aus- und Weiterbildung ber&uuml;cksichtigt.<\/p>\n\n            <\/div>\n        <\/div>\n            <\/div>\n<\/div>\n","protected":false},"excerpt":{"rendered":"<p>Im Zuge des Aufnahmeverfahrens ermitteln wir Ihre pers\u00f6nlichen F\u00e4higkeiten und Potenziale f\u00fcr das Studium. Was Sie genau erwartet, und wie Sie sich darauf vorbereiten k\u00f6nnen.<\/p>\n","protected":false},"author":11,"featured_media":0,"parent":10000006,"menu_order":14,"comment_status":"closed","ping_status":"closed","template":"","meta":{"_acf_changed":false,"footnotes":""},"acf":[],"aioseo_notices":[],"_links":{"self":[{"href":"https:\/\/www.fh-joanneum.at\/mobility-technologies\/master\/wp-json\/wp\/v2\/pages\/10000052"}],"collection":[{"href":"https:\/\/www.fh-joanneum.at\/mobility-technologies\/master\/wp-json\/wp\/v2\/pages"}],"about":[{"href":"https:\/\/www.fh-joanneum.at\/mobility-technologies\/master\/wp-json\/wp\/v2\/types\/page"}],"author":[{"embeddable":true,"href":"https:\/\/www.fh-joanneum.at\/mobility-technologies\/master\/wp-json\/wp\/v2\/users\/11"}],"replies":[{"embeddable":true,"href":"https:\/\/www.fh-joanneum.at\/mobility-technologies\/master\/wp-json\/wp\/v2\/comments?post=10000052"}],"version-history":[{"count":1,"href":"https:\/\/www.fh-joanneum.at\/mobility-technologies\/master\/wp-json\/wp\/v2\/pages\/10000052\/revisions"}],"predecessor-version":[{"id":10000246,"href":"https:\/\/www.fh-joanneum.at\/mobility-technologies\/master\/wp-json\/wp\/v2\/pages\/10000052\/revisions\/10000246"}],"up":[{"embeddable":true,"href":"https:\/\/www.fh-joanneum.at\/mobility-technologies\/master\/wp-json\/wp\/v2\/pages\/10000006"}],"wp:attachment":[{"href":"https:\/\/www.fh-joanneum.at\/mobility-technologies\/master\/wp-json\/wp\/v2\/media?parent=10000052"}],"curies":[{"name":"wp","href":"https:\/\/api.w.org\/{rel}","templated":true}]}}