{"id":10000140,"date":"2023-08-28T13:48:10","date_gmt":"2023-08-28T11:48:10","guid":{"rendered":"https:\/\/www.fh-joanneum.at\/mobility-technologies\/master\/?page_id=140"},"modified":"2023-08-28T14:17:30","modified_gmt":"2023-08-28T12:17:30","slug":"jasper-van-riet-msc-martin-wieffering-msc","status":"publish","type":"page","link":"https:\/\/www.fh-joanneum.at\/mobility-technologies\/master\/nach-dem-studium\/absolventinnen-absolventen\/jasper-van-riet-msc-martin-wieffering-msc\/","title":{"rendered":"Jasper van Riet, MSc &amp; Martin Wieffering, MSc"},"content":{"rendered":"<div id=\"\" class=\"wp-block-text-content margin-bottom-normal\">\n    <div class=\"container-lg\">\n        <div class=\"row\">\n            <div class=\"col\">\n                <h4>Eckdaten<\/h4>\n<p>Jobbezeichnung: Projektingenieur   <br>\nUnternehmen: IVU Traffic Technologies Austria GmbH    <br>\nWir arbeiten in: &Ouml;sterreich  <br>\nIch arbeite hier seit: Martijn Wieffering( MW): 2021; Jasper van Riet (JR): 2022<\/p>\n<p><em>Bild v.l.n.r.: Jasper van Riet und Martin Wieffering<\/em><\/p>\n<h4>Was wir machen:<\/h4>\n<ul>\n<li>Projektmanagement<\/li>\n<li>Kundenbetreuung<\/li>\n<li>Accountant Manager f&uuml;r IVU Bus- &amp; Bahn-Kund:innen in der EU mit Schwerpunkt &Ouml;sterreich<\/li>\n<li>Technische Unterst&uuml;tzung bei Vertriebsveranstaltungen und Meetings<\/li>\n<\/ul>\n<h4>Warum wir unsere Jobs lieben:<\/h4>\n<ul>\n<li>Vielf&auml;ltige und unterschiedliche Aufgaben<\/li>\n<li>Kleines Team<\/li>\n<li>Kombination von Mobilit&auml;t und IT<\/li>\n<li>Kundenkontakte<\/li>\n<li>Internationale mehrsprachige Zusammenarbeit<\/li>\n<\/ul>\n<h4>Wichtige F&auml;higkeiten in unseren Jobs:<\/h4>\n<ul>\n<li>Analytisches Denken<\/li>\n<li>Lernf&auml;higkeit und -bereitschaft<\/li>\n<li>Mobilit&auml;tsgrundlagen<\/li>\n<li>IT-Grundlagen<\/li>\n<li>Kommunikationsf&auml;higkeit<\/li>\n<\/ul>\n<h4>Mein bisher gr&ouml;&szlig;ter Erfolg in meiner Karriere:<\/h4>\n<p>MW: Bis jetzt gab es f&uuml;r mich nicht ein gro&szlig;es Highlight. F&uuml;r mich ist es eher die starke Abwechslung zwischen den verschiedenen Aufgaben und die mehrsprachige Zusammenarbeit mit verschiedenen Abteilungen und Personen.<\/p>\n<p>JR: F&uuml;r mich ist Erfolg meine Entwicklung innerhalb des Unternehmens und die zunehmende Verantwortung, die ich &uuml;bernehme. Au&szlig;erdem bin ich stolz auf die internationalen Projekte in Irland, Belgien, der Schweiz und &Ouml;sterreich. Ein Erfolg war die Installation eines Lademanagementsystems bei einem Kunden in Irland.<\/p>\n<h4>So bin ich zu meinem Job gekommen:<\/h4>\n<p>MW: Ich bin auf LinkedIn zuf&auml;llig auf ein bereits geschlossenes Stellenangebot der IVU f&uuml;r den IVU-Standort in Wien gesto&szlig;en. Ich entschied mich dazu, die IVU zu kontaktieren, um mich trotzdem auf diese bereits geschlossene Stelle zu bewerben. Der Bewerbungsprozess bestand dann aus zwei Interviews per Online-Videoanruf und einem pers&ouml;nlichen Gespr&auml;ch im B&uuml;ro in Wien.<\/p>\n<p>JR: Martijn Wieffering, der bereits in dem Unternehmen arbeitete, erz&auml;hlte mir, dass es in dem Unternehmen freie Stellen g&auml;be, also bewarb ich mich auf der Website f&uuml;r diese Stelle.<\/p>\n<h4>Das habe ich im Studium f&uuml;rs Berufsleben gelernt:<\/h4>\n<p>MW: W&auml;hrend meines Studiums habe ich organisatorische F&auml;higkeiten und logisches Denken in einem breiteren (internationalen) Kontext f&uuml;r den &ouml;ffentlichen Verkehr und das Wissen &uuml;ber IT-Systeme f&uuml;r verschiedene Interessengruppen erworben.<\/p>\n<p>JF: F&uuml;r meine Jobs im Speziellen helfen mir die Grundlagen in der IT (Python und SQL) sehr, wenn ich mich mit Support-Themen besch&auml;ftige, bei denen ich mit Datenbanken arbeiten muss. Au&szlig;erdem hat mir das Projekt an der FH mit internationalen Studierenden viele zus&auml;tzliche Erfahrungen und Einblicke in die L&ouml;sung von Problemen gegeben. In meinem Job sehe ich, dass jedes &ouml;ffentliche Verkehrsunternehmen anders arbeitet und dass es je nach Region kleine und gro&szlig;e Unterschiede gibt.<\/p>\n<h4>Jobchancen in unserem Bereich:<\/h4>\n<p>Die IVU ist immer auf der Suche nach neuen, motivierten Mitarbeiter:innen. F&uuml;r unseren Standort Wien in &Ouml;sterreich, aber auch an anderen internationalen Standorten gibt es mehrere offene Stellen f&uuml;r verschiedene Funktionen innerhalb der IVU. Der Einstieg bei der IVU als Berufsanf&auml;nger:in und Absolvent:in ist ein sehr angenehmer Schritt (aus eigener Erfahrung). Ein gutes Onboarding-Programm erm&ouml;glicht einen guten Start bei der IVU im eigenen Verantwortungsbereich.<\/p>\n<h4>Ich bin:<\/h4>\n<p>MW:   <\/p>\n<ul>\n<li>organisiert<\/li>\n<li>strukturiert<\/li>\n<li>motiviert f&uuml;r internationale (mehrsprachig) Zusammenarbeit <\/li>\n<\/ul>\n<p>JR:    <\/p>\n<ul>\n<li>gut im Analysieren von Problemen <\/li>\n<li>gut in der Koordinierung von Projekten<\/li>\n<li>flie&szlig;end in drei Sprachen<\/li>\n<\/ul>\n<h4>Ich &uuml;ber meinen Job:<\/h4>\n<p>JR: Ich mochte &ouml;ffentliche Verkehrsmittel schon als kleiner Junge. Deshalb arbeite ich auch sehr gerne in dieser Branche. In meinem Job habe ich eine sch&ouml;ne Mischung aus IT und dem ganzen Paket des &ouml;ffentlichen Verkehrs. Im Moment m&ouml;chte ich noch in dieser Branche bleiben. F&uuml;r die Zukunft habe ich derzeit noch keine gro&szlig;en Pl&auml;ne, da ich mit meinem Job sehr zufrieden bin.<\/p>\n<p>MW: Mein Ziel f&uuml;r die Zukunft ist es, weiterhin in der Welt des (&ouml;ffentlichen) Verkehrs zu arbeiten. F&uuml;r mich ist es wichtig, dass meine Arbeit sinnvoll ist und zur Verbesserung der nachhaltigen Mobilit&auml;t in Europa beitr&auml;gt. Die Arbeit in einem sehr guten Team von Kolleg:innen auf nationaler und internationaler Ebene f&uuml;r viele verschiedene Kund:innen macht mir Freude und hilft mir, mich jeden Tag f&uuml;r die IVU und die anstehenden Herausforderungen zu engagieren.<\/p>\n\n            <\/div>\n        <\/div>\n            <\/div>\n<\/div>\n\n<div\n    id=\"\"\n    class=\"wp-block-tipp-box margin-bottom-normal\"\n>\n    <div class=\"container-lg\">\n        <div class=\"row\">\n            <div class=\"col\">\n                <div class=\"tipp-box border border-warning\">\n                    <div class=\"tipp-box-inner p-2 p-md-3\">\n                        <h4 class=\"\">Tipp<\/h4>\n                        <p>Ein Tipp f\u00fcr Studierende und zuk\u00fcnftige Absolvent:innen: Schauen Sie sich in der Branche um, um zu sehen, welche verschiedenen Unternehmen es gibt. Fragen Sie alle Leute, die in der Branche t\u00e4tig sind, ob sie Ihnen mehr Informationen \u00fcber den Bereich und ihre Arbeit geben k\u00f6nnen.<\/p>\n\n                    <\/div>\n                <\/div>\n            <\/div>\n        <\/div>\n    <\/div>\n<\/div>\n\n","protected":false},"excerpt":{"rendered":"<p>Jasper van Riet und Martijn Wieffering kamen aus den Niederlanden, um an der FH JOANNEUM Kapfenberg Mobility Technologies zu studieren. Jetzt arbeiten sie beide als Projektingenieure bei der IVU Traffic Technologies Austria GmbH. <\/p>\n","protected":false},"author":11,"featured_media":10000141,"parent":10000096,"menu_order":0,"comment_status":"closed","ping_status":"closed","template":"template-absolvent.blade.php","meta":{"_acf_changed":false,"footnotes":""},"acf":[],"aioseo_notices":[],"_links":{"self":[{"href":"https:\/\/www.fh-joanneum.at\/mobility-technologies\/master\/wp-json\/wp\/v2\/pages\/10000140"}],"collection":[{"href":"https:\/\/www.fh-joanneum.at\/mobility-technologies\/master\/wp-json\/wp\/v2\/pages"}],"about":[{"href":"https:\/\/www.fh-joanneum.at\/mobility-technologies\/master\/wp-json\/wp\/v2\/types\/page"}],"author":[{"embeddable":true,"href":"https:\/\/www.fh-joanneum.at\/mobility-technologies\/master\/wp-json\/wp\/v2\/users\/11"}],"replies":[{"embeddable":true,"href":"https:\/\/www.fh-joanneum.at\/mobility-technologies\/master\/wp-json\/wp\/v2\/comments?post=10000140"}],"version-history":[{"count":0,"href":"https:\/\/www.fh-joanneum.at\/mobility-technologies\/master\/wp-json\/wp\/v2\/pages\/10000140\/revisions"}],"up":[{"embeddable":true,"href":"https:\/\/www.fh-joanneum.at\/mobility-technologies\/master\/wp-json\/wp\/v2\/pages\/10000096"}],"wp:featuredmedia":[{"embeddable":true,"href":"https:\/\/www.fh-joanneum.at\/mobility-technologies\/master\/wp-json\/wp\/v2\/media\/10000141"}],"wp:attachment":[{"href":"https:\/\/www.fh-joanneum.at\/mobility-technologies\/master\/wp-json\/wp\/v2\/media?parent=10000140"}],"curies":[{"name":"wp","href":"https:\/\/api.w.org\/{rel}","templated":true}]}}