{"id":24,"date":"2025-02-04T12:58:03","date_gmt":"2025-02-04T11:58:03","guid":{"rendered":"https:\/\/www.fh-joanneum.at\/school-health-nursing\/certificate_programme\/?page_id=24"},"modified":"2025-10-06T08:33:36","modified_gmt":"2025-10-06T06:33:36","slug":"voraussetzungen","status":"publish","type":"page","link":"https:\/\/www.fh-joanneum.at\/school-health-nursing\/certificate_programme\/vor-dem-lehrgang\/voraussetzungen\/","title":{"rendered":"Voraussetzungen"},"content":{"rendered":"<div id=\"\" class=\"wp-block-text-content margin-bottom-normal\">\n    <div class=\"container-lg\">\n        <div class=\"row\">\n            <div class=\"col\">\n                <h3>Voraussetzungen f&uuml;r die Zulassung<\/h3>\n<p>Der berufsbegleitende Zertifikatslehrgang &bdquo;School Health Nursing&ldquo; (30 ECTS) richtet sich an erfahrene Fachkr&auml;fte im gehobenen Dienst f&uuml;r Gesundheits- und Krankenpflege, die ihre fachspezifische Expertise im Bereich Schule und\/oder Kindergarten einbringen m&ouml;chten.<\/p>\n<h4>Zugangsvoraussetzungen<\/h4>\n<ul>\n<li>ein abgeschlossenes Bachelorstudium (180 ECTS) mit Berufsberechtigung im gehobenen Dienst f&uuml;r Gesundheits- und Krankenpflege oder ein gleichwertiger beziehungsweise h&ouml;herwertiger Abschluss an einer inl&auml;ndischen oder ausl&auml;ndischen postsekund&auml;ren beziehungsweise terti&auml;ren Bildungseinrichtung<\/li>\n<\/ul>\n<p><em>ODER<\/em><\/p>\n<ul>\n<li>ein Diplom im gehobenen Dienst f&uuml;r &bdquo;Allgemeine Gesundheits- und Krankenpflege&ldquo;, &bdquo;Kinder- und Jugendlichenpflege&ldquo; oder &bdquo;Psychiatrische Gesundheits- und Krankenpflege&ldquo;.<\/li>\n<\/ul>\n<p>In allen F&auml;llen gilt zus&auml;tzlich als Zugangsvoraussetzung eine mindestens 2-j&auml;hrige facheinschl&auml;gige Berufserfahrung.<\/p>\n\n            <\/div>\n        <\/div>\n            <\/div>\n<\/div>\n","protected":false},"excerpt":{"rendered":"<p>Welche Voraussetzungen m\u00fcssen Sie f\u00fcr den Lehrgang erf\u00fcllen? Die Antworten auf diese Frage geben wir Ihnen hier.<\/p>\n","protected":false},"author":143,"featured_media":0,"parent":5,"menu_order":20,"comment_status":"closed","ping_status":"closed","template":"","meta":{"_acf_changed":false,"footnotes":""},"acf":[],"aioseo_notices":[],"_links":{"self":[{"href":"https:\/\/www.fh-joanneum.at\/school-health-nursing\/certificate_programme\/wp-json\/wp\/v2\/pages\/24"}],"collection":[{"href":"https:\/\/www.fh-joanneum.at\/school-health-nursing\/certificate_programme\/wp-json\/wp\/v2\/pages"}],"about":[{"href":"https:\/\/www.fh-joanneum.at\/school-health-nursing\/certificate_programme\/wp-json\/wp\/v2\/types\/page"}],"author":[{"embeddable":true,"href":"https:\/\/www.fh-joanneum.at\/school-health-nursing\/certificate_programme\/wp-json\/wp\/v2\/users\/143"}],"replies":[{"embeddable":true,"href":"https:\/\/www.fh-joanneum.at\/school-health-nursing\/certificate_programme\/wp-json\/wp\/v2\/comments?post=24"}],"version-history":[{"count":2,"href":"https:\/\/www.fh-joanneum.at\/school-health-nursing\/certificate_programme\/wp-json\/wp\/v2\/pages\/24\/revisions"}],"predecessor-version":[{"id":106,"href":"https:\/\/www.fh-joanneum.at\/school-health-nursing\/certificate_programme\/wp-json\/wp\/v2\/pages\/24\/revisions\/106"}],"up":[{"embeddable":true,"href":"https:\/\/www.fh-joanneum.at\/school-health-nursing\/certificate_programme\/wp-json\/wp\/v2\/pages\/5"}],"wp:attachment":[{"href":"https:\/\/www.fh-joanneum.at\/school-health-nursing\/certificate_programme\/wp-json\/wp\/v2\/media?parent=24"}],"curies":[{"name":"wp","href":"https:\/\/api.w.org\/{rel}","templated":true}]}}