{"id":10000093,"date":"2015-08-11T08:47:27","date_gmt":"2015-08-11T08:47:27","guid":{"rendered":"https:\/\/www.fh-joanneum.at\/soziale-arbeit\/master\/?page_id=93"},"modified":"2025-09-05T08:26:07","modified_gmt":"2025-09-05T06:26:07","slug":"das-studium","status":"publish","type":"page","link":"https:\/\/www.fh-joanneum.at\/soziale-arbeit\/master\/im-studium\/das-studium\/","title":{"rendered":"Das Studium"},"content":{"rendered":"<div id=\"\" class=\"wp-block-text-content margin-bottom-normal\">\n    <div class=\"container-lg\">\n        <div class=\"row\">\n            <div class=\"col\">\n                <div class=\"module-migration-headline\">\n<h3>Die Schwerpunkte des Masterstudiums<\/h3>\n<p>Das berufsbegleitende Masterstudium &bdquo;Soziale Arbeit&ldquo; besch&auml;ftigt sich mit nachhaltigen L&ouml;sungen f&uuml;r gesellschaftliche und individuelle Problemlagen und vermittelt Wege der Gestaltung professioneller psychosozialer Unterst&uuml;tzung mit dem Schwerpunkt gesellschaftlicher Transformation. Im Masterstudium &bdquo;Soziale Arbeit&ldquo; an der FH JOANNEUM bieten wir die beiden Themenschwerpunkte &bdquo;<em>Soziale Arbeit und gesellschaftliche Transformation&ldquo; <\/em>sowie <em>&bdquo;Sozialmanagement und gesellschaftliche Transformation&ldquo; an.<\/em><\/p>\n<h4><strong>Theorie und Sozialforschung als verbindende Lehrveranstaltungen in allen vier Semestern<\/strong><\/h4>\n<p>Theorielehrveranstaltungen aus dem Themenspektrum der Sozialen Arbeit decken vertiefend grundlegende und aktuelle Themen und Ans&auml;tze f&uuml;r die Makro-, Meso- und Mikroebene der Sozialen Arbeit ab.<\/p>\n<p>Forschungslehrveranstaltungen zur empirischen Sozial(arbeits)forschung sind so aufgebaut, dass sie unterschiedliche Erfahrungen in empirischer Sozialforschung ausgleichen und Studierende mit viel Forschungserfahrung ihre Kenntnisse und Fertigkeiten vertiefen k&ouml;nnen.<\/p>\n<h4><strong>Ma&szlig;geschneiderte Studieneingangsphase im ersten Semester<\/strong><\/h4>\n<p>Im ersten Semester gibt es, je nach Vorqualifikation, eine ma&szlig;geschneiderte Studieneingangsphase:<\/p>\n<p><strong>Zugang A:<\/strong> F&uuml;r Studierende, die ein anderes facheinschl&auml;giges Studium als jenes der Sozialen Arbeit abgeschlossen haben.<\/p>\n<p><strong>Zugang B:<\/strong> F&uuml;r Studierende, die Absolvent:innen des gleichnamigen Bachelorstudiengangs an der FH JOANNEUM oder an einer anderen Fachhochschule sind.<\/p>\n<p>&nbsp;<\/p>\n<h4><strong>Wahlmodule ab dem zweiten Semester<\/strong><\/h4>\n<p>Ab dem zweiten Semester gibt es pro Semester die M&ouml;glichkeit aus Wahlmodulen auszuw&auml;hlen. &bdquo;Soziale Arbeit und gesellschaftliche Transformation&ldquo; oder &bdquo;Sozialmanagement und gesellschaftliche Transformation&ldquo; bilden hier die beiden Vertiefungsrichtungen.<\/p>\n<p><strong><em>Wahlmodul 1: <\/em><\/strong><em><strong>Soziale Arbeit und gesellschaftliche Transformation<\/strong><\/em><\/p>\n<p>Im Themenschwerpunkt &bdquo;Soziale Arbeit und gesellschaftliche Transformation&ldquo; befassen Sie sich verst&auml;rkt mit s&auml;mtlichen Bereichen der klassischen Sozialarbeit mit Klient:innen. Zus&auml;tzlich arbeiten Sie an innovativen Projekten, um aktuellen gesellschaftlichen Themen wie der zunehmenden sozialen Ungleichheit, Armutsgef&auml;hrdung oder auch der verst&auml;rkten Migration aktiv und ad&auml;quat begegnen zu k&ouml;nnen. Die Arbeit mit der Dialoggruppe steht im Vordergrund. Sie reflektieren im Studium Ihr professionelles Denken und Handeln vor dem Hintergrund internationaler Wertehaltungen und moderner Erkenntnisse sowie der Anforderungen der Sozialen Arbeit.<\/p>\n<p><strong><em>Wahlmodul 2: Sozialmanagement und gesellschaftliche Transformation<\/em><\/strong><\/p>\n<p>Im Themenschwerpunkt &bdquo;Sozialmanagement&rdquo; fokussieren Sie sich auf sozial-politische und wirtschaftliche Themen. Zentrale Inhalte wie Management sozialer Organisationen, Recht, nachhaltiges Entrepreneurship, Qualit&auml;tsentwicklung, Personalmanagement und F&uuml;hrung bef&auml;higen Sie f&uuml;r anspruchsvolle T&auml;tigkeiten in der Leitung von sozialen Einrichtungen.<\/p>\n<p>Mehr Informationen und den Studienplan <a href=\"https:\/\/www.fh-joanneum.at\/soziale-arbeit\/master\/im-studium\/studienplan\/\">finden sie hier<\/a>.<\/p>\n<p>&nbsp;<\/p>\n<h4><strong>Das Forschungsprojekt &ndash; die Masterarbeit<\/strong><\/h4>\n<p>Ein Herzst&uuml;ck des Studiums ist Ihr Forschungsprojekt, die Masterarbeit. In Lehrveranstaltungen zu Methoden der Sozialforschung bereiten Sie sich darauf vor bzw. werden Sie durch Lehrveranstaltungen und Betreuer:innen beim Prozess der Masterarbeitserstellung begleitet.<\/p>\n<\/div>\n\n            <\/div>\n        <\/div>\n            <\/div>\n<\/div>\n\n\n<div\n    id=\"\"\n    class=\"wp-block-tipp-box margin-bottom-normal\"\n>\n    <div class=\"container-lg\">\n        <div class=\"row\">\n            <div class=\"col\">\n                <div class=\"tipp-box border border-warning\">\n                    <div class=\"tipp-box-inner p-2 p-md-3\">\n                        <h4 class=\"\">Tipp<\/h4>\n                        <p><strong>Professionalisierung Sozialer Arbeit und Fokus auf ausgew\u00e4hlte Handlungsfelder:<\/strong> Die Profession der Sozialen Arbeit wurde durch ihre Akademisierung und das Bezeichnungsschutzgesetz deutlich aufgewertet. Der Bezeichnungsschutz sorgt seit 2024 f\u00fcr Transparenz zur Fachkr\u00e4ftequalifikation und dient als Qualit\u00e4tsmerkmal der Ausbildung und der damit erworbenen Kompetenzen. Unser Bachelorstudium erm\u00f6glicht Ihnen, diese Grundqualifikation f\u00fcr die Berufsaus\u00fcbung der Sozialen Arbeit zu erwerben. Im Masterstudium vertiefen Sie sich in spezifische Handlungsfelder, setzen Ihre Ausbildung aus ausgew\u00e4hlten Modulen zusammen und spezialisieren Ihr Kompetenzportfolio. Zudem bereitet Sie das Masterstudium auf komplexe Herausforderungen und Entwicklungserfordernisse vor.<\/p>\n\n                    <\/div>\n                <\/div>\n            <\/div>\n        <\/div>\n    <\/div>\n<\/div>\n\n\n<div id=\"\" class=\"wp-block-text-content margin-bottom-normal\">\n    <div class=\"container-lg\">\n        <div class=\"row\">\n            <div class=\"col\">\n                <div class=\"module-migration-headline\">\n<p>&nbsp;<\/p>\n<h3>Warum das Masterstudium Soziale Arbeit an der FH JOANNEUM studieren?<\/h3>\n<p>Im Studium&hellip;<\/p>\n<ul>\n<li>&hellip; erwerben Sie ein tiefes Verst&auml;ndnis gesellschaftlicher Strukturen und k&ouml;nnen Handlungs-, Akteurs- und Sozialisationstheorien effektiv in der Sozialen Arbeit anwenden. Sie entwickeln die F&auml;higkeit, soziale Ph&auml;nomene und individuelle Verhaltensweisen kritisch zu analysieren und zu interpretieren, wobei Sie ein besonderes Augenmerk auf psychodynamische und unbewusste Prozesse legen.<\/li>\n<li>&hellip; werden Sie bef&auml;higt, traditionelle Methoden und Ans&auml;tze der Sozialen Arbeit kritisch zu hinterfragen und innovative sowie nachhaltige L&ouml;sungen f&uuml;r neue und sich wandelnde Bedarfe zu entwickeln. Sie lernen, &uuml;ber den Tellerrand zu blicken und zukunftsweisende Perspektiven zu integrieren.<\/li>\n<li>&hellip;. erlangen Sie die Kompetenz, interdisziplin&auml;r zu denken und zu handeln, indem Sie Theorien und Methoden aus verschiedenen wissenschaftlichen Bereichen in Ihre praktische Arbeit einflie&szlig;en lassen. Zus&auml;tzlich wird die F&auml;higkeit zur Selbstreflexion und zur kritischen Reflexion sozialer Praktiken gest&auml;rkt, was essenziell f&uuml;r eine effektive und ethische reflektierte Berufsaus&uuml;bung in der Sozialen Arbeit ist.<\/li>\n<li>&hellip; entwickeln Sie eine umfassende methodische Kompetenz sowohl in qualitativer als auch quantitativer Sozial(arbeits)forschung. Sie erlernen fortgeschrittene Techniken und Methoden, um empirische Daten zu sammeln, zu analysieren und zu interpretieren. Sollten Sie bisher wenig Forschungserfahrungen haben wird dies ausgeglichen und Ihre Kenntnisse je nach individuellem Erfahrungsstand vertieft. Sie nehmen an der Forschungswerkstatt und spezialisierten Kursen wie der Evaluations- und Biografieforschung teil und sind in der Lage, komplexe Forschungsprojekte eigenst&auml;ndig zu planen und durchzuf&uuml;hren.<\/li>\n<li>&hellip; gewinnen Sie die F&auml;higkeit, Forschung aktiv in partizipative Prozesse einzubinden und so die Stimmen der Beteiligten direkt in die Forschungsarbeit zu integrieren. Sie werden beim Prozess der Erstellung der Masterarbeit von erfahrenen Lehrpersonen des Instituts begleitet. Durch das Verfassen der Masterarbeit und die Vorbereitung auf die Masterpr&uuml;fung demonstrieren Sie Ihre F&auml;higkeit, unabh&auml;ngige Forschung auf hohem akademischem Niveau zu betreiben und Ihre Ergebnisse kritisch zu evaluieren und zu pr&auml;sentieren.<\/li>\n<li>&hellip; vertiefen Sie sich in einem der Wahlpflichtf&auml;cher und bauen Ihre Expertise aus.<\/li>\n<\/ul>\n<\/div>\n<p>&nbsp;<\/p>\n<h3>Das sagen Absolventinnen &uuml;ber das Studium<\/h3>\n\n            <\/div>\n        <\/div>\n            <\/div>\n<\/div>\n\n\n<div\n    id=\"\"\n    class=\"wp-block-blockquote margin-bottom-normal\"\n>\n    <div class=\"container-lg\">\n        <div class=\"row\">\n            <div class=\"col\">\n                <div class=\"d-block mb-2 fs-5 major-text-color\">\u201eEs zeigt, wie man mit Fachwissen und Mitgef\u00fchl positive Ver\u00e4nderungen bewirken kann \u2013 Schritt f\u00fcr Schritt, in kleinen wie in gro\u00dfen Momenten. Dabei geht es nicht nur darum, L\u00f6sungen zu finden, sondern auch darum, Menschen auf ihrem Weg zu begleiten und gemeinsam neue Perspektiven zu schaffen.&#8221;<\/div>\n                <span class=\"d-flex justify-content-end\">Julia Gumhold BA, MSc, MA<\/span>\n            <\/div>\n        <\/div>\n    <\/div>\n<\/div>\n\n\n<div\n    id=\"\"\n    class=\"wp-block-blockquote margin-bottom-normal\"\n>\n    <div class=\"container-lg\">\n        <div class=\"row\">\n            <div class=\"col\">\n                <div class=\"d-block mb-2 fs-5 major-text-color\">Das Masterstudium er\u00f6ffnet mir mehr berufliche M\u00f6glichkeiten bzw. werden dadurch meine beruflichen M\u00f6glichkeiten um einige T\u00e4tigkeitsfelder erweitert. Zus\u00e4tzlich war es f\u00fcr mich eine Erweiterung meiner Kompetenzen und erm\u00f6glichte pers\u00f6nliche Weiterentwicklung sowie fachliche Weiterbildung. Bonus: viele neue, liebe und interessante Leute.\u201c<\/div>\n                <span class=\"d-flex justify-content-end\">Breitler-Tobisch, Anneliese Bakk phil., MA<\/span>\n            <\/div>\n        <\/div>\n    <\/div>\n<\/div>\n\n\n<div id=\"\" class=\"wp-block-text-content margin-bottom-normal\">\n    <div class=\"container-lg\">\n        <div class=\"row\">\n            <div class=\"col\">\n                <h3>Sie studieren und arbeiten<\/h3>\n<p>Sie lernen kooperativ, reflexiv, kollaborativ, interdisziplin&auml;r, asynchron (mit Aufgaben) und synchron (in Pr&auml;senzlehrveranstaltungen). Sie erarbeiten die anwendungsorientierten Kompetenzen durch Lectures, Lesekreise, problem based learning, &uuml;ber Forschungswerkst&auml;tten, selbstreflexive &Uuml;bungseinheiten, vertiefende Theorielehrveranstaltungen und anwendungsorientierten Seminare und &Uuml;bungen.<\/p>\n<p><a href=\"https:\/\/www.fh-joanneum.at\/soziale-arbeit\/master\/im-studium\/beruf-und-studium-verbinden\/\">Hier finden Sie<\/a> weitere Informationen zum berufsbegleitenden Studieren.<\/p>\n<h4>Sie w&auml;hlen<\/h4>\n<p>Ab dem zweiten Semester w&auml;hlen Sie Ihre Wahlpflichtf&auml;cher. Die Module sind als Kombination der Vertiefungsrichtungen empfohlen und aufeinander abgestimmt.<\/p>\n\n            <\/div>\n        <\/div>\n            <\/div>\n<\/div>\n\n\n\n\n\n\n\n\n\n\n\n\n","protected":false},"excerpt":{"rendered":"<p>Durch eine inhaltlich umfangreiche und fachlich fundierte Ausbildung schaffen wir die Basis f\u00fcr Ihre berufliche Zukunft. Welche allgemeinen Inhalte, fachlichen Themen und spezifischen Schwerpunkte Sie im Studium erwarten, erfahren Sie hier.<\/p>\n","protected":false},"author":10,"featured_media":10000262,"parent":10000091,"menu_order":21,"comment_status":"closed","ping_status":"closed","template":"","meta":{"_acf_changed":false,"footnotes":""},"acf":[],"aioseo_notices":[],"_links":{"self":[{"href":"https:\/\/www.fh-joanneum.at\/soziale-arbeit\/master\/wp-json\/wp\/v2\/pages\/10000093"}],"collection":[{"href":"https:\/\/www.fh-joanneum.at\/soziale-arbeit\/master\/wp-json\/wp\/v2\/pages"}],"about":[{"href":"https:\/\/www.fh-joanneum.at\/soziale-arbeit\/master\/wp-json\/wp\/v2\/types\/page"}],"author":[{"embeddable":true,"href":"https:\/\/www.fh-joanneum.at\/soziale-arbeit\/master\/wp-json\/wp\/v2\/users\/10"}],"replies":[{"embeddable":true,"href":"https:\/\/www.fh-joanneum.at\/soziale-arbeit\/master\/wp-json\/wp\/v2\/comments?post=10000093"}],"version-history":[{"count":5,"href":"https:\/\/www.fh-joanneum.at\/soziale-arbeit\/master\/wp-json\/wp\/v2\/pages\/10000093\/revisions"}],"predecessor-version":[{"id":10000552,"href":"https:\/\/www.fh-joanneum.at\/soziale-arbeit\/master\/wp-json\/wp\/v2\/pages\/10000093\/revisions\/10000552"}],"up":[{"embeddable":true,"href":"https:\/\/www.fh-joanneum.at\/soziale-arbeit\/master\/wp-json\/wp\/v2\/pages\/10000091"}],"wp:featuredmedia":[{"embeddable":true,"href":"https:\/\/www.fh-joanneum.at\/soziale-arbeit\/master\/wp-json\/wp\/v2\/media\/10000262"}],"wp:attachment":[{"href":"https:\/\/www.fh-joanneum.at\/soziale-arbeit\/master\/wp-json\/wp\/v2\/media?parent=10000093"}],"curies":[{"name":"wp","href":"https:\/\/api.w.org\/{rel}","templated":true}]}}

<div id="" class="wp-block-text-content margin-bottom-normal">
    <div class="container-lg">
        <div class="row">
            <div class="col">
                <div class="module-migration-headline">
<h3>Die Schwerpunkte des Masterstudiums</h3>
<p>Das berufsbegleitende Masterstudium &bdquo;Soziale Arbeit&ldquo; besch&auml;ftigt sich mit nachhaltigen L&ouml;sungen f&uuml;r gesellschaftliche und individuelle Problemlagen und vermittelt Wege der Gestaltung professioneller psychosozialer Unterst&uuml;tzung mit dem Schwerpunkt gesellschaftlicher Transformation. Im Masterstudium &bdquo;Soziale Arbeit&ldquo; an der FH JOANNEUM bieten wir die beiden Themenschwerpunkte &bdquo;<em>Soziale Arbeit und gesellschaftliche Transformation&ldquo; </em>sowie <em>&bdquo;Sozialmanagement und gesellschaftliche Transformation&ldquo; an.</em></p>
<h4><strong>Theorie und Sozialforschung als verbindende Lehrveranstaltungen in allen vier Semestern</strong></h4>
<p>Theorielehrveranstaltungen aus dem Themenspektrum der Sozialen Arbeit decken vertiefend grundlegende und aktuelle Themen und Ans&auml;tze f&uuml;r die Makro-, Meso- und Mikroebene der Sozialen Arbeit ab.</p>
<p>Forschungslehrveranstaltungen zur empirischen Sozial(arbeits)forschung sind so aufgebaut, dass sie unterschiedliche Erfahrungen in empirischer Sozialforschung ausgleichen und Studierende mit viel Forschungserfahrung ihre Kenntnisse und Fertigkeiten vertiefen k&ouml;nnen.</p>
<h4><strong>Ma&szlig;geschneiderte Studieneingangsphase im ersten Semester</strong></h4>
<p>Im ersten Semester gibt es, je nach Vorqualifikation, eine ma&szlig;geschneiderte Studieneingangsphase:</p>
<p><strong>Zugang A:</strong> F&uuml;r Studierende, die ein anderes facheinschl&auml;giges Studium als jenes der Sozialen Arbeit abgeschlossen haben.</p>
<p><strong>Zugang B:</strong> F&uuml;r Studierende, die Absolvent:innen des gleichnamigen Bachelorstudiengangs an der FH JOANNEUM oder an einer anderen Fachhochschule sind.</p>
<p>&nbsp;</p>
<h4><strong>Wahlmodule ab dem zweiten Semester</strong></h4>
<p>Ab dem zweiten Semester gibt es pro Semester die M&ouml;glichkeit aus Wahlmodulen auszuw&auml;hlen. &bdquo;Soziale Arbeit und gesellschaftliche Transformation&ldquo; oder &bdquo;Sozialmanagement und gesellschaftliche Transformation&ldquo; bilden hier die beiden Vertiefungsrichtungen.</p>
<p><strong><em>Wahlmodul 1: </em></strong><em><strong>Soziale Arbeit und gesellschaftliche Transformation</strong></em></p>
<p>Im Themenschwerpunkt &bdquo;Soziale Arbeit und gesellschaftliche Transformation&ldquo; befassen Sie sich verst&auml;rkt mit s&auml;mtlichen Bereichen der klassischen Sozialarbeit mit Klient:innen. Zus&auml;tzlich arbeiten Sie an innovativen Projekten, um aktuellen gesellschaftlichen Themen wie der zunehmenden sozialen Ungleichheit, Armutsgef&auml;hrdung oder auch der verst&auml;rkten Migration aktiv und ad&auml;quat begegnen zu k&ouml;nnen. Die Arbeit mit der Dialoggruppe steht im Vordergrund. Sie reflektieren im Studium Ihr professionelles Denken und Handeln vor dem Hintergrund internationaler Wertehaltungen und moderner Erkenntnisse sowie der Anforderungen der Sozialen Arbeit.</p>
<p><strong><em>Wahlmodul 2: Sozialmanagement und gesellschaftliche Transformation</em></strong></p>
<p>Im Themenschwerpunkt &bdquo;Sozialmanagement&rdquo; fokussieren Sie sich auf sozial-politische und wirtschaftliche Themen. Zentrale Inhalte wie Management sozialer Organisationen, Recht, nachhaltiges Entrepreneurship, Qualit&auml;tsentwicklung, Personalmanagement und F&uuml;hrung bef&auml;higen Sie f&uuml;r anspruchsvolle T&auml;tigkeiten in der Leitung von sozialen Einrichtungen.</p>
<p>Mehr Informationen und den Studienplan <a href="https://www.fh-joanneum.at/soziale-arbeit/master/im-studium/studienplan/">finden sie hier</a>.</p>
<p>&nbsp;</p>
<h4><strong>Das Forschungsprojekt &ndash; die Masterarbeit</strong></h4>
<p>Ein Herzst&uuml;ck des Studiums ist Ihr Forschungsprojekt, die Masterarbeit. In Lehrveranstaltungen zu Methoden der Sozialforschung bereiten Sie sich darauf vor bzw. werden Sie durch Lehrveranstaltungen und Betreuer:innen beim Prozess der Masterarbeitserstellung begleitet.</p>
</div>

            </div>
        </div>
            </div>
</div>


<div
    id=""
    class="wp-block-tipp-box margin-bottom-normal"
>
    <div class="container-lg">
        <div class="row">
            <div class="col">
                <div class="tipp-box border border-warning">
                    <div class="tipp-box-inner p-2 p-md-3">
                        <h4 class="">Tipp</h4>
                        <p><strong>Professionalisierung Sozialer Arbeit und Fokus auf ausgewählte Handlungsfelder:</strong> Die Profession der Sozialen Arbeit wurde durch ihre Akademisierung und das Bezeichnungsschutzgesetz deutlich aufgewertet. Der Bezeichnungsschutz sorgt seit 2024 für Transparenz zur Fachkräftequalifikation und dient als Qualitätsmerkmal der Ausbildung und der damit erworbenen Kompetenzen. Unser Bachelorstudium ermöglicht Ihnen, diese Grundqualifikation für die Berufsausübung der Sozialen Arbeit zu erwerben. Im Masterstudium vertiefen Sie sich in spezifische Handlungsfelder, setzen Ihre Ausbildung aus ausgewählten Modulen zusammen und spezialisieren Ihr Kompetenzportfolio. Zudem bereitet Sie das Masterstudium auf komplexe Herausforderungen und Entwicklungserfordernisse vor.</p>

                    </div>
                </div>
            </div>
        </div>
    </div>
</div>


<div id="" class="wp-block-text-content margin-bottom-normal">
    <div class="container-lg">
        <div class="row">
            <div class="col">
                <div class="module-migration-headline">
<p>&nbsp;</p>
<h3>Warum das Masterstudium Soziale Arbeit an der FH JOANNEUM studieren?</h3>
<p>Im Studium&hellip;</p>
<ul>
<li>&hellip; erwerben Sie ein tiefes Verst&auml;ndnis gesellschaftlicher Strukturen und k&ouml;nnen Handlungs-, Akteurs- und Sozialisationstheorien effektiv in der Sozialen Arbeit anwenden. Sie entwickeln die F&auml;higkeit, soziale Ph&auml;nomene und individuelle Verhaltensweisen kritisch zu analysieren und zu interpretieren, wobei Sie ein besonderes Augenmerk auf psychodynamische und unbewusste Prozesse legen.</li>
<li>&hellip; werden Sie bef&auml;higt, traditionelle Methoden und Ans&auml;tze der Sozialen Arbeit kritisch zu hinterfragen und innovative sowie nachhaltige L&ouml;sungen f&uuml;r neue und sich wandelnde Bedarfe zu entwickeln. Sie lernen, &uuml;ber den Tellerrand zu blicken und zukunftsweisende Perspektiven zu integrieren.</li>
<li>&hellip;. erlangen Sie die Kompetenz, interdisziplin&auml;r zu denken und zu handeln, indem Sie Theorien und Methoden aus verschiedenen wissenschaftlichen Bereichen in Ihre praktische Arbeit einflie&szlig;en lassen. Zus&auml;tzlich wird die F&auml;higkeit zur Selbstreflexion und zur kritischen Reflexion sozialer Praktiken gest&auml;rkt, was essenziell f&uuml;r eine effektive und ethische reflektierte Berufsaus&uuml;bung in der Sozialen Arbeit ist.</li>
<li>&hellip; entwickeln Sie eine umfassende methodische Kompetenz sowohl in qualitativer als auch quantitativer Sozial(arbeits)forschung. Sie erlernen fortgeschrittene Techniken und Methoden, um empirische Daten zu sammeln, zu analysieren und zu interpretieren. Sollten Sie bisher wenig Forschungserfahrungen haben wird dies ausgeglichen und Ihre Kenntnisse je nach individuellem Erfahrungsstand vertieft. Sie nehmen an der Forschungswerkstatt und spezialisierten Kursen wie der Evaluations- und Biografieforschung teil und sind in der Lage, komplexe Forschungsprojekte eigenst&auml;ndig zu planen und durchzuf&uuml;hren.</li>
<li>&hellip; gewinnen Sie die F&auml;higkeit, Forschung aktiv in partizipative Prozesse einzubinden und so die Stimmen der Beteiligten direkt in die Forschungsarbeit zu integrieren. Sie werden beim Prozess der Erstellung der Masterarbeit von erfahrenen Lehrpersonen des Instituts begleitet. Durch das Verfassen der Masterarbeit und die Vorbereitung auf die Masterpr&uuml;fung demonstrieren Sie Ihre F&auml;higkeit, unabh&auml;ngige Forschung auf hohem akademischem Niveau zu betreiben und Ihre Ergebnisse kritisch zu evaluieren und zu pr&auml;sentieren.</li>
<li>&hellip; vertiefen Sie sich in einem der Wahlpflichtf&auml;cher und bauen Ihre Expertise aus.</li>
</ul>
</div>
<p>&nbsp;</p>
<h3>Das sagen Absolventinnen &uuml;ber das Studium</h3>

            </div>
        </div>
            </div>
</div>


<div
    id=""
    class="wp-block-blockquote margin-bottom-normal"
>
    <div class="container-lg">
        <div class="row">
            <div class="col">
                <div class="d-block mb-2 fs-5 major-text-color">„Es zeigt, wie man mit Fachwissen und Mitgefühl positive Veränderungen bewirken kann – Schritt für Schritt, in kleinen wie in großen Momenten. Dabei geht es nicht nur darum, Lösungen zu finden, sondern auch darum, Menschen auf ihrem Weg zu begleiten und gemeinsam neue Perspektiven zu schaffen.&#8221;</div>
                <span class="d-flex justify-content-end">Julia Gumhold BA, MSc, MA</span>
            </div>
        </div>
    </div>
</div>


<div
    id=""
    class="wp-block-blockquote margin-bottom-normal"
>
    <div class="container-lg">
        <div class="row">
            <div class="col">
                <div class="d-block mb-2 fs-5 major-text-color">Das Masterstudium eröffnet mir mehr berufliche Möglichkeiten bzw. werden dadurch meine beruflichen Möglichkeiten um einige Tätigkeitsfelder erweitert. Zusätzlich war es für mich eine Erweiterung meiner Kompetenzen und ermöglichte persönliche Weiterentwicklung sowie fachliche Weiterbildung. Bonus: viele neue, liebe und interessante Leute.“</div>
                <span class="d-flex justify-content-end">Breitler-Tobisch, Anneliese Bakk phil., MA</span>
            </div>
        </div>
    </div>
</div>


<div id="" class="wp-block-text-content margin-bottom-normal">
    <div class="container-lg">
        <div class="row">
            <div class="col">
                <h3>Sie studieren und arbeiten</h3>
<p>Sie lernen kooperativ, reflexiv, kollaborativ, interdisziplin&auml;r, asynchron (mit Aufgaben) und synchron (in Pr&auml;senzlehrveranstaltungen). Sie erarbeiten die anwendungsorientierten Kompetenzen durch Lectures, Lesekreise, problem based learning, &uuml;ber Forschungswerkst&auml;tten, selbstreflexive &Uuml;bungseinheiten, vertiefende Theorielehrveranstaltungen und anwendungsorientierten Seminare und &Uuml;bungen.</p>
<p><a href="https://www.fh-joanneum.at/soziale-arbeit/master/im-studium/beruf-und-studium-verbinden/">Hier finden Sie</a> weitere Informationen zum berufsbegleitenden Studieren.</p>
<h4>Sie w&auml;hlen</h4>
<p>Ab dem zweiten Semester w&auml;hlen Sie Ihre Wahlpflichtf&auml;cher. Die Module sind als Kombination der Vertiefungsrichtungen empfohlen und aufeinander abgestimmt.</p>

            </div>
        </div>
            </div>
</div>

<p>Durch eine inhaltlich umfangreiche und fachlich fundierte Ausbildung schaffen wir die Basis für Ihre berufliche Zukunft. Welche allgemeinen Inhalte, fachlichen Themen und spezifischen Schwerpunkte Sie im Studium erwarten, erfahren Sie hier.</p>
