{"id":10000399,"date":"2020-05-29T12:24:09","date_gmt":"2020-05-29T12:24:09","guid":{"rendered":"https:\/\/www.fh-joanneum.at\/soziale-arbeit\/master\/?page_id=399"},"modified":"2020-05-29T13:05:42","modified_gmt":"2020-05-29T13:05:42","slug":"tamara-mandl-ba-ma","status":"publish","type":"page","link":"https:\/\/www.fh-joanneum.at\/soziale-arbeit\/master\/nach-dem-studium\/absolventinnen-absolventen\/tamara-mandl-ba-ma\/","title":{"rendered":"Tamara Mandl, BA MA"},"content":{"rendered":"<div id=\"\" class=\"wp-block-text-content margin-bottom-normal\">\n    <div class=\"container-lg\">\n        <div class=\"row\">\n            <div class=\"col\">\n                <h4>Eckdaten<\/h4>\n<p><strong>Jobbezeichnung:<\/strong> Sozialarbeiterin Mobiles Palliativteam Graz  <br>\n<strong>Unternehmen:<\/strong> Rotes Kreuz <br>\n<strong>Ich arbeite in:<\/strong> Graz, &Ouml;sterreich<br>\n<strong>Ich arbeite hier seit:<\/strong> 2019 <br>\n<a href=\"mailto:Tamara.mandl@klinikum-graz.at\" title=\"E-Mail an Tamara Mandl senden\">Mein Kontakt<\/a>  <\/p>\n\n            <\/div>\n        <\/div>\n            <\/div>\n<\/div>\n\n<!-- TODO:\n      Short Code und Cookie Notice anpassen\n      Barrierefreiheit Texte\n-->\n<div\n    id=\"\"\n    class=\"wp-block-video margin-bottom-normal\"\n>\n    <div class=\"container-lg\">\n        <div class=\"row\">\n            <div class=\"col\">\n\n                                    <div class='embed-container'> <div class=\"brlbs-cmpnt-container brlbs-cmpnt-content-blocker\" data-borlabs-cookie-content-blocker-id=\"youtube-content-blocker\" data-borlabs-cookie-content=\"PGlmcmFtZSBpZD0ndmlkZW8nIHNyYz0nLy93d3cueW91dHViZS5jb20vZW1iZWQvdVdpVjNVX0MzREU\/cmVsPTAmY29udHJvbHM9MCZzaG93aW5mbz0wJmVuYWJsZWpzYXBpPTEmbW9kZXN0YnJhbmRpbmc9MScgZnJhbWVib3JkZXI9JzAnIGFsbG93ZnVsbHNjcmVlbj48L2lmcmFtZT4=\" ><div class=\"brlbs-cmpnt-cb-preset-b\"> <div class=\"brlbs-cmpnt-cb-thumbnail\" style=\"background-image: url('https:\/\/cdn.fh-joanneum.at\/media\/2021\/02\/conversory-fh-joanneum-video-overlay-bg.jpg')\"><\/div> <div class=\"brlbs-cmpnt-cb-main\"> <div class=\"brlbs-cmpnt-cb-content\"> <h4 class=\"brlbs-cmpnt-cb-description\">Mit dem Laden des Videos stimmen Sie der <a href=\"https:\/\/www.youtube.com\/intl\/ALL_at\/howyoutubeworks\/user-settings\/privacy\/\" target=\"_blank\">Datenschutzerkl\u00e4rung<\/a> von YouTube zu.<\/h4> <\/div> <div class=\"brlbs-cmpnt-cb-buttons\"> <a class=\"brlbs-cmpnt-cb-btn\" href=\"#\" data-borlabs-cookie-accept-service role=\"button\" style=\"display: inherit\">Video laden<\/a> <\/div> <\/div> <\/div><\/div><\/div>                            <\/div>\n        <\/div>\n    <\/div>\n<\/div>\n\n<div id=\"\" class=\"wp-block-text-content margin-bottom-normal\">\n    <div class=\"container-lg\">\n        <div class=\"row\">\n            <div class=\"col\">\n                <h4>Was ich mache:<\/h4>\n<ul>\n<li>Beratung von Patientinnen, Patienten und Angeh&ouml;rigen &uuml;ber sozialrechtliche Anspr&uuml;che und Betreuungsleistungen, existenzsichernde Ma&szlig;nahmen<\/li>\n<li>Entlastungs- und Trauergespr&auml;che<\/li>\n<li>Vernetzung mit anderen Einrichtungen wie Jugendamt, Sozialamt, Beratungsstelle zur Existenzsicherung, mobile Dienste etc.<\/li>\n<\/ul>\n<h4>Was ich an meinem Beruf liebe:<\/h4>\n<ul>\n<li>die Vielfalt der Patientinnen, Patienten und Angeh&ouml;rigen und Aufgaben<\/li>\n<li>Palliative Care als Thema<\/li>\n<li>das Team und meine Arbeitskolleginnen und Arbeitskollegen<\/li>\n<\/ul>\n<h4>Was ich an meinem Job nicht so mag:<\/h4>\n<p>Wir k&ouml;nnten besser bezahlt werden, aber das ist &uuml;berall im Sozialbereich so, das liegt in keiner Weise am Palliativbereich.<\/p>\n<h4>Wichtige F&auml;higkeiten in meinem Job:<\/h4>\n<ul>\n<li>Humor, man bekommt schon immer wieder mal kuriose Dinge zu sehen, da ist Humor wichtig und insgesamt ist es so oder so sch&ouml;ner, wenn es was zum Lachen gibt.<\/li>\n<li>F&auml;higkeit, die Ruhe auch in Krisen zu bewahren und wenn einmal alles schief zu gehen scheint.<\/li>\n<li>Empathie nat&uuml;rlich und die F&auml;higkeit, Verst&auml;ndnis f&uuml;r Patientinnen und Patienten, deren Lebenslagen und Schwierigkeiten zu haben.<\/li>\n<\/ul>\n<h4>Mein bisher gr&ouml;&szlig;ter Erfolg in meiner Karriere<\/h4>\n<p>Ich w&uuml;rde es als einen gro&szlig;en Erfolg bezeichnen, einen Job gefunden zu haben, der mir Spa&szlig; macht, meinen Berufsalltag erf&uuml;llt und den ich auch ganz<br>\ngut mache, da brauche ich gar keine besonderen Highlights.<\/p>\n<h4>So bin ich zu meinem Job gekommen<\/h4>\n<p>Ich habe meine &bdquo;Vorg&auml;ngerin&ldquo; f&uuml;r meine Masterarbeit interviewt. Sie war dann anscheinend ziemlich beeindruckt von mit. Mir wurde der Job angeboten beziehungsweise empfohlen mich zu bewerben.<\/p>\n<h4>Das habe ich im Studium f&uuml;rs Berufsleben gelernt<\/h4>\n<p>Im Studium habe ich vor allem Selbstreflexion gelernt. Das ist im Palliativbereich besonders wichtig, da man mit der eigenen Endlichkeit und mit der von geliebten Personen konfrontiert wird. Man darf keine Scheu vor dem Tod haben. Zudem sind auch die gelernten sozialrechtlichen Grundlagen und<br>\nBeratungskompetenzen wichtig sowie auch verschiedene sozialwissenschaftliche Theorien<\/p>\n<h4>Die Jobchancen in meinem Bereich<\/h4>\n<p>Der Palliativbereich ist nicht wahnsinnig gro&szlig;, deshalb sind nicht st&auml;ndig Stellen in diesem Bereich ausgeschrieben. Bei manchen Stellen werden Bewerberinnen und Bewerber mit etwas Berufserfahrung bevorzugt, es kommt aber immer auf den ersten Eindruck und das Interesse an.<\/p>\n<h4>Ich bin &hellip;<\/h4>\n<ul>\n<li>kommunikativ<\/li>\n<li>durchsetzungsf&auml;hig<\/li>\n<li>&bdquo;lebensfroh &bdquo; ( das Wort mag ich nicht wirklich, aber ich glaube, dass ich schon Freude ausstrahlen kann)<\/li>\n<\/ul>\n\n            <\/div>\n        <\/div>\n            <\/div>\n<\/div>\n\n<div\n    id=\"\"\n    class=\"wp-block-blockquote margin-bottom-normal\"\n>\n    <div class=\"container-lg\">\n        <div class=\"row\">\n            <div class=\"col\">\n                <div class=\"d-block mb-2 fs-5 major-text-color\">Meine zwei Studien auf der FH JOANNEUM waren eine absolute Bereicherung f\u00fcr mich. Durch sie habe ich einen Job, zu dem ich fast t\u00e4glich gerne hingehe, der mein Leben bereichert und der mich immer wieder vor neue Herausforderungen stellt. Dadurch kann ich mich st\u00e4ndig weiterentwickeln. <br><br \/>\r\n<br \/>\r\nIch w\u00fcrde nicht sagen, dass ich ein konkretes Ziel habe, einfach weil ich den Begriff Ziel nicht ben\u00fctzen m\u00f6chte, er suggeriert f\u00fcr mich ja ein Ende. Und ich will ja nicht stehen bleiben, sondern mich weiter bewegen. Was ich im Laufe meines Berufslebens als Sozialarbeiterin machen m\u00f6chte, ist Unterrichten, am liebsten in den Handlungsfeldern Gesundheit und Krankheit, alte Menschen oder im Praktikumsseminar. Ansonsten bin ich sehr zufrieden mit meinem Job.<br \/>\r\n<br \/>\r\n<\/div>\n                <span class=\"d-flex justify-content-end\">Tamara Mandl<\/span>\n            <\/div>\n        <\/div>\n    <\/div>\n<\/div>\n\n","protected":false},"excerpt":{"rendered":"<p>Sozialarbeiterin Tamara Mandl ist beim Mobilen Palliativteam Graz t\u00e4tig. Im Studium hat sie vor allem Selbstreflexion gelernt, die in ihrem Beruf neben Emphatie und der F\u00e4higkeit die Ruhe auch in Krisen zu bewahren besonders wichtig ist.   <\/p>\n","protected":false},"author":11,"featured_media":10000400,"parent":10000113,"menu_order":0,"comment_status":"closed","ping_status":"closed","template":"template-absolvent.blade.php","meta":{"_acf_changed":false,"footnotes":""},"acf":[],"aioseo_notices":[],"_links":{"self":[{"href":"https:\/\/www.fh-joanneum.at\/soziale-arbeit\/master\/wp-json\/wp\/v2\/pages\/10000399"}],"collection":[{"href":"https:\/\/www.fh-joanneum.at\/soziale-arbeit\/master\/wp-json\/wp\/v2\/pages"}],"about":[{"href":"https:\/\/www.fh-joanneum.at\/soziale-arbeit\/master\/wp-json\/wp\/v2\/types\/page"}],"author":[{"embeddable":true,"href":"https:\/\/www.fh-joanneum.at\/soziale-arbeit\/master\/wp-json\/wp\/v2\/users\/11"}],"replies":[{"embeddable":true,"href":"https:\/\/www.fh-joanneum.at\/soziale-arbeit\/master\/wp-json\/wp\/v2\/comments?post=10000399"}],"version-history":[{"count":0,"href":"https:\/\/www.fh-joanneum.at\/soziale-arbeit\/master\/wp-json\/wp\/v2\/pages\/10000399\/revisions"}],"up":[{"embeddable":true,"href":"https:\/\/www.fh-joanneum.at\/soziale-arbeit\/master\/wp-json\/wp\/v2\/pages\/10000113"}],"wp:featuredmedia":[{"embeddable":true,"href":"https:\/\/www.fh-joanneum.at\/soziale-arbeit\/master\/wp-json\/wp\/v2\/media\/10000400"}],"wp:attachment":[{"href":"https:\/\/www.fh-joanneum.at\/soziale-arbeit\/master\/wp-json\/wp\/v2\/media?parent=10000399"}],"curies":[{"name":"wp","href":"https:\/\/api.w.org\/{rel}","templated":true}]}}

<div id="" class="wp-block-text-content margin-bottom-normal">
    <div class="container-lg">
        <div class="row">
            <div class="col">
                <h4>Eckdaten</h4>
<p><strong>Jobbezeichnung:</strong> Sozialarbeiterin Mobiles Palliativteam Graz  <br>
<strong>Unternehmen:</strong> Rotes Kreuz <br>
<strong>Ich arbeite in:</strong> Graz, &Ouml;sterreich<br>
<strong>Ich arbeite hier seit:</strong> 2019 <br>
<a href="mailto:Tamara.mandl@klinikum-graz.at" title="E-Mail an Tamara Mandl senden">Mein Kontakt</a>  </p>

            </div>
        </div>
            </div>
</div>

<!-- TODO:
      Short Code und Cookie Notice anpassen
      Barrierefreiheit Texte
-->
<div
    id=""
    class="wp-block-video margin-bottom-normal"
>
    <div class="container-lg">
        <div class="row">
            <div class="col">

                                    <div class='embed-container'> <div class="brlbs-cmpnt-container brlbs-cmpnt-content-blocker" data-borlabs-cookie-content-blocker-id="youtube-content-blocker" data-borlabs-cookie-content="PGlmcmFtZSBpZD0ndmlkZW8nIHNyYz0nLy93d3cueW91dHViZS5jb20vZW1iZWQvdVdpVjNVX0MzREU/cmVsPTAmY29udHJvbHM9MCZzaG93aW5mbz0wJmVuYWJsZWpzYXBpPTEmbW9kZXN0YnJhbmRpbmc9MScgZnJhbWVib3JkZXI9JzAnIGFsbG93ZnVsbHNjcmVlbj48L2lmcmFtZT4=" ><div class="brlbs-cmpnt-cb-preset-b"> <div class="brlbs-cmpnt-cb-thumbnail" style="background-image: url('https://cdn.fh-joanneum.at/media/2021/02/conversory-fh-joanneum-video-overlay-bg.jpg')"></div> <div class="brlbs-cmpnt-cb-main"> <div class="brlbs-cmpnt-cb-content"> <h4 class="brlbs-cmpnt-cb-description">Mit dem Laden des Videos stimmen Sie der <a href="https://www.youtube.com/intl/ALL_at/howyoutubeworks/user-settings/privacy/" target="_blank">Datenschutzerklärung</a> von YouTube zu.</h4> </div> <div class="brlbs-cmpnt-cb-buttons"> <a class="brlbs-cmpnt-cb-btn" href="#" data-borlabs-cookie-accept-service role="button" style="display: inherit">Video laden</a> </div> </div> </div></div></div>                            </div>
        </div>
    </div>
</div>

<div id="" class="wp-block-text-content margin-bottom-normal">
    <div class="container-lg">
        <div class="row">
            <div class="col">
                <h4>Was ich mache:</h4>
<ul>
<li>Beratung von Patientinnen, Patienten und Angeh&ouml;rigen &uuml;ber sozialrechtliche Anspr&uuml;che und Betreuungsleistungen, existenzsichernde Ma&szlig;nahmen</li>
<li>Entlastungs- und Trauergespr&auml;che</li>
<li>Vernetzung mit anderen Einrichtungen wie Jugendamt, Sozialamt, Beratungsstelle zur Existenzsicherung, mobile Dienste etc.</li>
</ul>
<h4>Was ich an meinem Beruf liebe:</h4>
<ul>
<li>die Vielfalt der Patientinnen, Patienten und Angeh&ouml;rigen und Aufgaben</li>
<li>Palliative Care als Thema</li>
<li>das Team und meine Arbeitskolleginnen und Arbeitskollegen</li>
</ul>
<h4>Was ich an meinem Job nicht so mag:</h4>
<p>Wir k&ouml;nnten besser bezahlt werden, aber das ist &uuml;berall im Sozialbereich so, das liegt in keiner Weise am Palliativbereich.</p>
<h4>Wichtige F&auml;higkeiten in meinem Job:</h4>
<ul>
<li>Humor, man bekommt schon immer wieder mal kuriose Dinge zu sehen, da ist Humor wichtig und insgesamt ist es so oder so sch&ouml;ner, wenn es was zum Lachen gibt.</li>
<li>F&auml;higkeit, die Ruhe auch in Krisen zu bewahren und wenn einmal alles schief zu gehen scheint.</li>
<li>Empathie nat&uuml;rlich und die F&auml;higkeit, Verst&auml;ndnis f&uuml;r Patientinnen und Patienten, deren Lebenslagen und Schwierigkeiten zu haben.</li>
</ul>
<h4>Mein bisher gr&ouml;&szlig;ter Erfolg in meiner Karriere</h4>
<p>Ich w&uuml;rde es als einen gro&szlig;en Erfolg bezeichnen, einen Job gefunden zu haben, der mir Spa&szlig; macht, meinen Berufsalltag erf&uuml;llt und den ich auch ganz<br>
gut mache, da brauche ich gar keine besonderen Highlights.</p>
<h4>So bin ich zu meinem Job gekommen</h4>
<p>Ich habe meine &bdquo;Vorg&auml;ngerin&ldquo; f&uuml;r meine Masterarbeit interviewt. Sie war dann anscheinend ziemlich beeindruckt von mit. Mir wurde der Job angeboten beziehungsweise empfohlen mich zu bewerben.</p>
<h4>Das habe ich im Studium f&uuml;rs Berufsleben gelernt</h4>
<p>Im Studium habe ich vor allem Selbstreflexion gelernt. Das ist im Palliativbereich besonders wichtig, da man mit der eigenen Endlichkeit und mit der von geliebten Personen konfrontiert wird. Man darf keine Scheu vor dem Tod haben. Zudem sind auch die gelernten sozialrechtlichen Grundlagen und<br>
Beratungskompetenzen wichtig sowie auch verschiedene sozialwissenschaftliche Theorien</p>
<h4>Die Jobchancen in meinem Bereich</h4>
<p>Der Palliativbereich ist nicht wahnsinnig gro&szlig;, deshalb sind nicht st&auml;ndig Stellen in diesem Bereich ausgeschrieben. Bei manchen Stellen werden Bewerberinnen und Bewerber mit etwas Berufserfahrung bevorzugt, es kommt aber immer auf den ersten Eindruck und das Interesse an.</p>
<h4>Ich bin &hellip;</h4>
<ul>
<li>kommunikativ</li>
<li>durchsetzungsf&auml;hig</li>
<li>&bdquo;lebensfroh &bdquo; ( das Wort mag ich nicht wirklich, aber ich glaube, dass ich schon Freude ausstrahlen kann)</li>
</ul>

            </div>
        </div>
            </div>
</div>

<div
    id=""
    class="wp-block-blockquote margin-bottom-normal"
>
    <div class="container-lg">
        <div class="row">
            <div class="col">
                <div class="d-block mb-2 fs-5 major-text-color">Meine zwei Studien auf der FH JOANNEUM waren eine absolute Bereicherung für mich. Durch sie habe ich einen Job, zu dem ich fast täglich gerne hingehe, der mein Leben bereichert und der mich immer wieder vor neue Herausforderungen stellt. Dadurch kann ich mich ständig weiterentwickeln. <br><br />
<br />
Ich würde nicht sagen, dass ich ein konkretes Ziel habe, einfach weil ich den Begriff Ziel nicht benützen möchte, er suggeriert für mich ja ein Ende. Und ich will ja nicht stehen bleiben, sondern mich weiter bewegen. Was ich im Laufe meines Berufslebens als Sozialarbeiterin machen möchte, ist Unterrichten, am liebsten in den Handlungsfeldern Gesundheit und Krankheit, alte Menschen oder im Praktikumsseminar. Ansonsten bin ich sehr zufrieden mit meinem Job.<br />
<br />
</div>
                <span class="d-flex justify-content-end">Tamara Mandl</span>
            </div>
        </div>
    </div>
</div>

<p>Sozialarbeiterin Tamara Mandl ist beim Mobilen Palliativteam Graz tätig. Im Studium hat sie vor allem Selbstreflexion gelernt, die in ihrem Beruf neben Emphatie und der Fähigkeit die Ruhe auch in Krisen zu bewahren besonders wichtig ist.   </p>
