{"id":10000020,"date":"2017-10-19T17:07:10","date_gmt":"2017-10-19T15:07:10","guid":{"rendered":"https:\/\/www.fh-joanneum.at\/sport-und-eventmanagement\/master\/?page_id=20"},"modified":"2023-11-29T11:35:11","modified_gmt":"2023-11-29T10:35:11","slug":"praxisprojekte","status":"publish","type":"page","link":"https:\/\/www.fh-joanneum.at\/sport-und-eventmanagement\/master\/im-studium\/praxisprojekte\/","title":{"rendered":"Praxisprojekte"},"content":{"rendered":"<div id=\"\" class=\"wp-block-text-content margin-bottom-none\">\n    <div class=\"container-lg\">\n        <div class=\"row\">\n            <div class=\"col\">\n                <div class=\"module-migration-headline\">\n<h3>Praxisprojekte im Studium<\/h3>\n<\/div>\n\n            <\/div>\n        <\/div>\n            <\/div>\n<\/div>\n\n<div id=\"\" class=\"wp-block-text-content margin-bottom-normal\">\n    <div class=\"container-lg\">\n        <div class=\"row\">\n            <div class=\"col\">\n                <p>Neben den theoretischen Inhalten stehen im Masterstudium &bdquo;Sport- und Eventmanagement&ldquo; die praxisbezogenen Erfahrungen im Vordergrund. In den Lehrveranstaltungen &bdquo;Forschungs- und Projektarbeit I und II&ldquo; entwickeln Sie im Team ein Projekt Ihrer Wahl, das von einem realen Kunden beauftragt wurde. Sie arbeiten mit Bachelorstudierenden zusammen und realisieren gemeinsam das Projektvorhaben. Diese Erfahrung gibt Ihnen den ersten Kickstart in das Berufsleben: Sie kommunizieren mit Auftraggebern beispielsweise &uuml;ber Anforderungen an das Projekt, stellen bisherigen Arbeitsfortschritte dar oder beweisen sich auch in der Teamleitung sowie in ihrer Kommunikations- und Organisationsf&auml;higkeit.<\/p>\n\n            <\/div>\n        <\/div>\n            <\/div>\n<\/div>\n\n<div id=\"\" class=\"wp-block-text-content margin-bottom-none\">\n    <div class=\"container-lg\">\n        <div class=\"row\">\n            <div class=\"col\">\n                <div class=\"module-migration-headline\">\n<h3>Aktuelle Projekte von Studierenden<\/h3>\n<\/div>\n\n            <\/div>\n        <\/div>\n            <\/div>\n<\/div>\n\n<div id=\"\" class=\"wp-block-text-content margin-bottom-none\">\n    <div class=\"container-lg\">\n        <div class=\"row\">\n            <div class=\"col\">\n                <div class=\"module-migration-headline\">\n<h4>CHARITY-Wasserkrug-Challenge<\/h4>\n<\/div>\n\n            <\/div>\n        <\/div>\n            <\/div>\n<\/div>\n\n<div id=\"\" class=\"wp-block-text-content margin-bottom-normal\">\n    <div class=\"container-lg\">\n        <div class=\"row\">\n            <div class=\"col\">\n                <p>Die CHARITY-Wasserkrug-Challenge ist &uuml;ber die letzten Jahre hinweg zum festen Bestandteil des Eventkalenders der Region um Bad Gleichenberg geworden. Organisiert von den Studierenden der FH JOANNEUM finden sich j&auml;hrlich Sportbegeisterte aus der Umgebung zusammen, um am Lauf durch den Kurpark mit verschiedenen Challenges teilzunehmen. Von der theoretischen Planung &uuml;ber die Sponsorensuche bis hin zum eigentlichen Durchf&uuml;hren des Events obliegt die Verantwortung nicht nur bei den Masterstudierenden, die als Projektleiterinnen und Projektleiter fungieren, sondern auch bei den Studierenden des Bachelorstudiengangs. <\/p>\n<ul>\n<li>Dauer: zwei Semester  <\/li>\n<li>Semester: erstes und zweites beziehungsweise f&uuml;nftes und sechstes Semester <\/li>\n<li>Links: <a href=\"https:\/\/www.fh-joanneum.at\/blog\/gruppenskifahren-fuer-den-guten-zweck\/\">Blogbeitrag<\/a><\/li>\n<\/ul>\n\n            <\/div>\n        <\/div>\n            <\/div>\n<\/div>\n\n<div\n    id=\"\"\n    class=\"wp-block-project-cards margin-bottom-normal\"\n>\n    <div class=\"container-lg\">\n        <div class=\"row\">\n                                                            <div class=\"col-12 col-sm-6 col-md-6 col-lg-6 col-xl-4 mb-4\">\n                        <a href=\"https:\/\/www.fh-joanneum.at\/projekt\/milestones-our-projects-your-future\/\"\n      class=\"project-card\">\n      <div class=\"border border-light h-100\">\n\n          <div class=\"image-wrapper\">\n              <picture>\n                        <source\n                media=\"(max-width: 576px)\"\n                srcset=\"https:\/\/cdn3.fh-joanneum.at\/media\/2020\/06\/milestones-our-projects-your-future-4.jpeg, https:\/\/cdn3.fh-joanneum.at\/media\/2020\/06\/milestones-our-projects-your-future-4-768x576.jpeg 2x\"\n            \/>\n                    <source\n                media=\"(max-width: 768px)\"\n                srcset=\"https:\/\/cdn3.fh-joanneum.at\/media\/2020\/06\/milestones-our-projects-your-future-4-768x576.jpeg, https:\/\/cdn3.fh-joanneum.at\/media\/2020\/06\/milestones-our-projects-your-future-4-1024x768.jpeg 2x\"\n            \/>\n                    <source\n                media=\"(max-width: 1024px)\"\n                srcset=\"https:\/\/cdn3.fh-joanneum.at\/media\/2020\/06\/milestones-our-projects-your-future-4-1024x768.jpeg, https:\/\/cdn3.fh-joanneum.at\/media\/2020\/06\/milestones-our-projects-your-future-4.jpeg 2x\"\n            \/>\n                    <source\n                media=\"(max-width: 1536px)\"\n                srcset=\"https:\/\/cdn3.fh-joanneum.at\/media\/2020\/06\/milestones-our-projects-your-future-4.jpeg, https:\/\/cdn3.fh-joanneum.at\/media\/2020\/06\/milestones-our-projects-your-future-4.jpeg 2x\"\n            \/>\n                    <source\n                media=\"(max-width: 2048px)\"\n                srcset=\"https:\/\/cdn3.fh-joanneum.at\/media\/2020\/06\/milestones-our-projects-your-future-4.jpeg, https:\/\/cdn3.fh-joanneum.at\/media\/2020\/06\/milestones-our-projects-your-future-4.jpeg 2x\"\n            \/>\n                <img decoding=\"async\"\n        class=\"img-fluid\"\n        src=\"https:\/\/cdn3.fh-joanneum.at\/media\/2020\/06\/milestones-our-projects-your-future-4.jpeg\"\n        alt=\"Milestones \u2013 our Projects, your Future 3\"\n        title=\"\"\n         loading=\"lazy\"             >\n<\/picture>\n\n          <\/div>\n          <div class=\"p-2 p-xl-3\">\n                                    <p class=\"mb-1\">Projekt<\/p>\n                                <h6 class=\"\">Milestones \u2013 our projects, your future<\/h6>\n                                    <p class=\"mb-0\">Studierende des Studiengangs \u201eSport- und Eventmanagement\u201c geben im Zuge ihrer Forschungs- und Projektarbeit allen Masterstudierenden die M\u00f6glichkeit, die Inhalte und Ergebnisse ihrer Projekte 2019\/2020 in einem virtuellen Rahmen der \u00d6ffentlichkeit zu pr\u00e4sentieren.<\/p>\n                          <\/div>\n      <\/div>\n  <\/a>\n                    <\/div>\n                                    <div class=\"col-12 col-sm-6 col-md-6 col-lg-6 col-xl-4 mb-4\">\n                        <a href=\"https:\/\/www.fh-joanneum.at\/projekt\/sonnenkollektiv\/\"\n      class=\"project-card\">\n      <div class=\"border border-light h-100\">\n\n          <div class=\"image-wrapper\">\n              <picture>\n                        <source\n                media=\"(max-width: 505px)\"\n                srcset=\"https:\/\/cdn3.fh-joanneum.at\/media\/2020\/06\/sonnenkollektiv-4.jpg, https:\/\/cdn3.fh-joanneum.at\/media\/2020\/06\/sonnenkollektiv-4.jpg 2x\"\n            \/>\n                    <source\n                media=\"(max-width: 528px)\"\n                srcset=\"https:\/\/cdn3.fh-joanneum.at\/media\/2020\/06\/sonnenkollektiv-4.jpg, https:\/\/cdn3.fh-joanneum.at\/media\/2020\/06\/sonnenkollektiv-4.jpg 2x\"\n            \/>\n                    <source\n                media=\"(max-width: 528px)\"\n                srcset=\"https:\/\/cdn3.fh-joanneum.at\/media\/2020\/06\/sonnenkollektiv-4.jpg, https:\/\/cdn3.fh-joanneum.at\/media\/2020\/06\/sonnenkollektiv-4.jpg 2x\"\n            \/>\n                    <source\n                media=\"(max-width: 528px)\"\n                srcset=\"https:\/\/cdn3.fh-joanneum.at\/media\/2020\/06\/sonnenkollektiv-4.jpg, https:\/\/cdn3.fh-joanneum.at\/media\/2020\/06\/sonnenkollektiv-4.jpg 2x\"\n            \/>\n                    <source\n                media=\"(max-width: 528px)\"\n                srcset=\"https:\/\/cdn3.fh-joanneum.at\/media\/2020\/06\/sonnenkollektiv-4.jpg, https:\/\/cdn3.fh-joanneum.at\/media\/2020\/06\/sonnenkollektiv-4.jpg 2x\"\n            \/>\n                <img decoding=\"async\"\n        class=\"img-fluid\"\n        src=\"https:\/\/cdn3.fh-joanneum.at\/media\/2020\/06\/sonnenkollektiv-4.jpg\"\n        alt=\"Sonnenkollektiv 3\"\n        title=\"\"\n         loading=\"lazy\"             >\n<\/picture>\n\n          <\/div>\n          <div class=\"p-2 p-xl-3\">\n                                    <p class=\"mb-1\">Projekt<\/p>\n                                <h6 class=\"\">Sonnenkollektiv<\/h6>\n                                    <p class=\"mb-0\">Zukunftsorientierung, Zusammenhalt und innovative Forschung \u2212 mit der Errichtung einer Photovoltaikanlage am Standort der FH JOANNEUM in Bad Gleichenberg setzen sich Studierende aktiv f\u00fcr den Klimaschutz ein.<\/p>\n                          <\/div>\n      <\/div>\n  <\/a>\n                    <\/div>\n                                    <div class=\"col-12 col-sm-6 col-md-6 col-lg-6 col-xl-4 mb-4\">\n                        <a href=\"https:\/\/www.fh-joanneum.at\/projekt\/oesterreichische-konferenz-fuer-athletiktraining-im-fussball\/\"\n      class=\"project-card\">\n      <div class=\"border border-light h-100\">\n\n          <div class=\"image-wrapper\">\n              <picture>\n                        <source\n                media=\"(max-width: 576px)\"\n                srcset=\"https:\/\/cdn3.fh-joanneum.at\/media\/2019\/06\/evaluierung-der-genusscard-copy.jpg, https:\/\/cdn3.fh-joanneum.at\/media\/2019\/06\/evaluierung-der-genusscard-copy-768x384.jpg 2x\"\n            \/>\n                    <source\n                media=\"(max-width: 768px)\"\n                srcset=\"https:\/\/cdn3.fh-joanneum.at\/media\/2019\/06\/evaluierung-der-genusscard-copy-768x384.jpg, https:\/\/cdn3.fh-joanneum.at\/media\/2019\/06\/evaluierung-der-genusscard-copy-1024x512.jpg 2x\"\n            \/>\n                    <source\n                media=\"(max-width: 1024px)\"\n                srcset=\"https:\/\/cdn3.fh-joanneum.at\/media\/2019\/06\/evaluierung-der-genusscard-copy-1024x512.jpg, https:\/\/cdn3.fh-joanneum.at\/media\/2019\/06\/evaluierung-der-genusscard-copy.jpg 2x\"\n            \/>\n                    <source\n                media=\"(max-width: 1200px)\"\n                srcset=\"https:\/\/cdn3.fh-joanneum.at\/media\/2019\/06\/evaluierung-der-genusscard-copy.jpg, https:\/\/cdn3.fh-joanneum.at\/media\/2019\/06\/evaluierung-der-genusscard-copy.jpg 2x\"\n            \/>\n                    <source\n                media=\"(max-width: 1200px)\"\n                srcset=\"https:\/\/cdn3.fh-joanneum.at\/media\/2019\/06\/evaluierung-der-genusscard-copy.jpg, https:\/\/cdn3.fh-joanneum.at\/media\/2019\/06\/evaluierung-der-genusscard-copy.jpg 2x\"\n            \/>\n                <img decoding=\"async\"\n        class=\"img-fluid\"\n        src=\"https:\/\/cdn3.fh-joanneum.at\/media\/2019\/06\/evaluierung-der-genusscard-copy.jpg\"\n        alt=\"Evaluierung der GenussCard (Copy)\"\n        title=\"\"\n         loading=\"lazy\"             >\n<\/picture>\n\n          <\/div>\n          <div class=\"p-2 p-xl-3\">\n                                    <p class=\"mb-1\">Projekt<\/p>\n                                <h6 class=\"\">\u00d6sterreichische Konferenz f\u00fcr Athletiktraining im Fu\u00dfball<\/h6>\n                                    <p class=\"mb-0\">Am 15. Mai 2019 fand die von Studierenden des Instituts Gesundheits- und Tourismusmanagement organisierte 1. \u00d6sterreichische Konferenz f\u00fcr Athletiktraining im Fu\u00dfball an der FH JOANNEUM in Graz statt. <\/p>\n                          <\/div>\n      <\/div>\n  <\/a>\n                    <\/div>\n                                    <div class=\"col-12 col-sm-6 col-md-6 col-lg-6 col-xl-4 mb-4\">\n                        <a href=\"https:\/\/www.fh-joanneum.at\/projekt\/eingangsuntersuchung-im-sportwissenschaftlichen-labor\/\"\n      class=\"project-card\">\n      <div class=\"border border-light h-100\">\n\n          <div class=\"image-wrapper\">\n              <picture>\n                        <source\n                media=\"(max-width: 550px)\"\n                srcset=\"https:\/\/cdn3.fh-joanneum.at\/media\/2019\/05\/fachkraeftemangel-im-tourismus-copy-2.png, https:\/\/cdn3.fh-joanneum.at\/media\/2019\/05\/fachkraeftemangel-im-tourismus-copy-2.png 2x\"\n            \/>\n                    <source\n                media=\"(max-width: 550px)\"\n                srcset=\"https:\/\/cdn3.fh-joanneum.at\/media\/2019\/05\/fachkraeftemangel-im-tourismus-copy-2.png, https:\/\/cdn3.fh-joanneum.at\/media\/2019\/05\/fachkraeftemangel-im-tourismus-copy-2.png 2x\"\n            \/>\n                    <source\n                media=\"(max-width: 550px)\"\n                srcset=\"https:\/\/cdn3.fh-joanneum.at\/media\/2019\/05\/fachkraeftemangel-im-tourismus-copy-2.png, https:\/\/cdn3.fh-joanneum.at\/media\/2019\/05\/fachkraeftemangel-im-tourismus-copy-2.png 2x\"\n            \/>\n                    <source\n                media=\"(max-width: 550px)\"\n                srcset=\"https:\/\/cdn3.fh-joanneum.at\/media\/2019\/05\/fachkraeftemangel-im-tourismus-copy-2.png, https:\/\/cdn3.fh-joanneum.at\/media\/2019\/05\/fachkraeftemangel-im-tourismus-copy-2.png 2x\"\n            \/>\n                    <source\n                media=\"(max-width: 550px)\"\n                srcset=\"https:\/\/cdn3.fh-joanneum.at\/media\/2019\/05\/fachkraeftemangel-im-tourismus-copy-2.png, https:\/\/cdn3.fh-joanneum.at\/media\/2019\/05\/fachkraeftemangel-im-tourismus-copy-2.png 2x\"\n            \/>\n                <img decoding=\"async\"\n        class=\"img-fluid\"\n        src=\"https:\/\/cdn3.fh-joanneum.at\/media\/2019\/05\/fachkraeftemangel-im-tourismus-copy-2.png\"\n        alt=\"Fachkr\u00e4ftemangel im Tourismus (Copy) 1\"\n        title=\"\"\n         loading=\"lazy\"             >\n<\/picture>\n\n          <\/div>\n          <div class=\"p-2 p-xl-3\">\n                                    <p class=\"mb-1\">Projekt<\/p>\n                                <h6 class=\"\">Eingangsuntersuchung im Sportwissenschaftlichen Labor<\/h6>\n                                    <p class=\"mb-0\">Studierende des Masterstudiums \u201eSport- und Eventmanagement&#8221; der FH JOANNEUM Bad Gleichenberg f\u00fchrten im Rahmen eines Projekts eine Eingangsuntersuchung im Sportwissenschaftlichen Labor durch.<\/p>\n                          <\/div>\n      <\/div>\n  <\/a>\n                    <\/div>\n                                    <\/div>\n    <\/div>\n<\/div>\n\n\n\n\n\n\n\n","protected":false},"excerpt":{"rendered":"<p>Die vielseitige Ausbildung erm\u00f6glicht Ihnen, im Studium an verschiedenen Projekten zu arbeiten. Hier erfahren Sie mehr dar\u00fcber.<\/p>\n","protected":false},"author":11,"featured_media":0,"parent":10000016,"menu_order":25,"comment_status":"closed","ping_status":"closed","template":"","meta":{"_acf_changed":false,"footnotes":""},"acf":[],"aioseo_notices":[],"_links":{"self":[{"href":"https:\/\/www.fh-joanneum.at\/sport-und-eventmanagement\/master\/wp-json\/wp\/v2\/pages\/10000020"}],"collection":[{"href":"https:\/\/www.fh-joanneum.at\/sport-und-eventmanagement\/master\/wp-json\/wp\/v2\/pages"}],"about":[{"href":"https:\/\/www.fh-joanneum.at\/sport-und-eventmanagement\/master\/wp-json\/wp\/v2\/types\/page"}],"author":[{"embeddable":true,"href":"https:\/\/www.fh-joanneum.at\/sport-und-eventmanagement\/master\/wp-json\/wp\/v2\/users\/11"}],"replies":[{"embeddable":true,"href":"https:\/\/www.fh-joanneum.at\/sport-und-eventmanagement\/master\/wp-json\/wp\/v2\/comments?post=10000020"}],"version-history":[{"count":0,"href":"https:\/\/www.fh-joanneum.at\/sport-und-eventmanagement\/master\/wp-json\/wp\/v2\/pages\/10000020\/revisions"}],"up":[{"embeddable":true,"href":"https:\/\/www.fh-joanneum.at\/sport-und-eventmanagement\/master\/wp-json\/wp\/v2\/pages\/10000016"}],"wp:attachment":[{"href":"https:\/\/www.fh-joanneum.at\/sport-und-eventmanagement\/master\/wp-json\/wp\/v2\/media?parent=10000020"}],"curies":[{"name":"wp","href":"https:\/\/api.w.org\/{rel}","templated":true}]}}