{"id":192,"date":"2024-09-02T06:18:06","date_gmt":"2024-09-02T06:18:06","guid":{"rendered":"https:\/\/www.fh-joanneum.at\/umweltmanagement\/bachelor\/?page_id=192"},"modified":"2025-06-23T08:42:31","modified_gmt":"2025-06-23T08:42:31","slug":"beruf-und-studium-verbinden","status":"publish","type":"page","link":"https:\/\/www.fh-joanneum.at\/umweltmanagement\/bachelor\/im-studium\/beruf-und-studium-verbinden\/","title":{"rendered":"Beruf und Studium verbinden"},"content":{"rendered":"<div id=\"\" class=\"wp-block-text-content margin-bottom-normal\">\n    <div class=\"container-lg\">\n        <div class=\"row\">\n            <div class=\"col\">\n                <h3>Berufsbegleitend studieren<\/h3>\n<h4>Studienzeiten<\/h4>\n<p>Unser berufsbegleitendes Bachelorstudium ist gut mit Beruf und Familie vereinbar. Der hohe E-Learning-Anteil und die damit verbundene Ortsunabh&auml;ngigkeit sind dabei wesentliche Vorteile. Die Vorlesungen finden w&ouml;chentlich am Freitagnachmittag und -abend sowie am Samstag ganzt&auml;gig in Pr&auml;senz statt. Zudem werden ausgew&auml;hlte Online-Lehrveranstaltungen am Donnerstagabend abgehalten und die Lehre durch asynchrone (eigenst&auml;ndige) Elemente erg&auml;nzt. Im 3. und 4. Semester wird au&szlig;erdem eine Exkursionswoche organisiert.<\/p>\n<h4>Aufwand Selbststudium<\/h4>\n<p>Das Selbststudium h&auml;ngt immer von dem Engagement und den Ambitionen unserer Studierenden ab.<\/p>\n<h4>Anwesenheit<\/h4>\n<p>W&auml;hrend den Pr&auml;senzzeiten gilt Anwesenheitspflicht. Im Krankheitsfall werden die Studierenden nach Vorlage einer &auml;rztlichen Best&auml;tigung entschuldigt. In letzter Instanz entscheidet die Institutsleitung &uuml;ber die Konsequenzen von Abwesenheiten sowie &uuml;ber Ausnahmen von der Anwesenheitspflicht.<\/p>\n\n            <\/div>\n        <\/div>\n            <\/div>\n<\/div>\n\n\n<div\n    id=\"\"\n    class=\"wp-block-tipp-box margin-bottom-normal\"\n>\n    <div class=\"container-lg\">\n        <div class=\"row\">\n            <div class=\"col\">\n                <div class=\"tipp-box border border-info\">\n                    <div class=\"tipp-box-inner p-2 p-md-3\">\n                        <h4 class=\"\">Hinweis<\/h4>\n                        <p>Falls es aufgrund Ihrer beruflichen Verpflichtungen nicht m\u00f6glich ist, das Studium innerhalb von 6 Semestern abzuschlie\u00dfen, k\u00f6nnen Sie Ihr Studium auch \u201everl\u00e4ngert berufsbegleitend\u201c absolvieren. Ihr Studium dauert in der Organisationsform \u201everl\u00e4ngert berufsbegleitend\u201c 8 Semester.<\/p>\n\n                    <\/div>\n                <\/div>\n            <\/div>\n        <\/div>\n    <\/div>\n<\/div>\n","protected":false},"excerpt":{"rendered":"<p>Hier erfahren Sie alles zur berufsbegleitenden Organisationsform des Studiums.<\/p>\n","protected":false},"author":143,"featured_media":0,"parent":8,"menu_order":25,"comment_status":"closed","ping_status":"closed","template":"","meta":{"_acf_changed":false,"footnotes":""},"acf":[],"aioseo_notices":[],"_links":{"self":[{"href":"https:\/\/www.fh-joanneum.at\/umweltmanagement\/bachelor\/wp-json\/wp\/v2\/pages\/192"}],"collection":[{"href":"https:\/\/www.fh-joanneum.at\/umweltmanagement\/bachelor\/wp-json\/wp\/v2\/pages"}],"about":[{"href":"https:\/\/www.fh-joanneum.at\/umweltmanagement\/bachelor\/wp-json\/wp\/v2\/types\/page"}],"author":[{"embeddable":true,"href":"https:\/\/www.fh-joanneum.at\/umweltmanagement\/bachelor\/wp-json\/wp\/v2\/users\/143"}],"replies":[{"embeddable":true,"href":"https:\/\/www.fh-joanneum.at\/umweltmanagement\/bachelor\/wp-json\/wp\/v2\/comments?post=192"}],"version-history":[{"count":4,"href":"https:\/\/www.fh-joanneum.at\/umweltmanagement\/bachelor\/wp-json\/wp\/v2\/pages\/192\/revisions"}],"predecessor-version":[{"id":312,"href":"https:\/\/www.fh-joanneum.at\/umweltmanagement\/bachelor\/wp-json\/wp\/v2\/pages\/192\/revisions\/312"}],"up":[{"embeddable":true,"href":"https:\/\/www.fh-joanneum.at\/umweltmanagement\/bachelor\/wp-json\/wp\/v2\/pages\/8"}],"wp:attachment":[{"href":"https:\/\/www.fh-joanneum.at\/umweltmanagement\/bachelor\/wp-json\/wp\/v2\/media?parent=192"}],"curies":[{"name":"wp","href":"https:\/\/api.w.org\/{rel}","templated":true}]}}