{"id":10000026,"date":"2023-11-17T09:41:16","date_gmt":"2023-11-17T08:41:16","guid":{"rendered":"https:\/\/www.fh-joanneum.at\/visuelle-kommunikation-und-bildmanagement\/academic_certificate_programme\/?page_id=26"},"modified":"2024-09-09T13:45:53","modified_gmt":"2024-09-09T11:45:53","slug":"der-lehrgang","status":"publish","type":"page","link":"https:\/\/www.fh-joanneum.at\/visuelle-kommunikation-und-bildmanagement\/academic_certificate_programme\/im-lehrgang\/der-lehrgang\/","title":{"rendered":"Der Lehrgang"},"content":{"rendered":"<div\n    id=\"\"\n    class=\"wp-block-blockquote margin-bottom-normal\"\n>\n    <div class=\"container-lg\">\n        <div class=\"row\">\n            <div class=\"col\">\n                <div class=\"d-block mb-2 fs-5 major-text-color\">Die fundierte Vermittlung von Bildkompetenz schl\u00e4gt eine Br\u00fccke zwischen Theorie und Praxis und schafft damit die Basis f\u00fcr die experimentelle Kreation von visuellen Bilderwelten.<br \/>\r\n<br \/>\r\n<br \/>\r\n<br \/>\r\n<\/div>\n                <span class=\"d-flex justify-content-end\">Lehrgangsleiter FH-Doz. Dietmar Mosbacher, MSc.<\/span>\n            <\/div>\n        <\/div>\n    <\/div>\n<\/div>\n\n\n<div id=\"\" class=\"wp-block-text-content margin-bottom-normal\">\n    <div class=\"container-lg\">\n        <div class=\"row\">\n            <div class=\"col\">\n                <p>Der Hochschullehrgang &bdquo;Visuelle Kommunikation und Bildmanagement&ldquo; stellt das Bild in den Mittelpunkt und erm&ouml;glicht den Studierenden eine pers&ouml;nlich-kreative Auseinandersetzung mit gesellschaftlich relevanten Themen mittels bildfokussierter Gestaltung. Unter Einbeziehung kultureller, sozialer und &ouml;kologischer Entwicklungen werden in experimenteller Weise generierte Ideen und Konzepte in visueller Form umgesetzt. Visuelle Kommunikation macht dabei die Botschaft verst&auml;ndlicher, &uuml;berzeugender und wirksamer.<\/p>\n<p>Der berufsbegleitende Lehrgang vermittelt in einem kreativen Umfeld sowohl konzeptionelles wie auch produzierendes Gestaltungs-Know-how und und f&uuml;hrt in zwei Semestern zum Titel &bdquo;Akademische:r Experte:in in Visueller Kommunikation&ldquo;.<\/p>\n<h5>Schwerpunkte des Lehrgangs<\/h5>\n<ul>\n<li>Visual Studies<\/li>\n<li>Grafikdesign<\/li>\n<li>Fotografie und Bewegtbild<\/li>\n<li>Experimentielle Konzeption<\/li>\n<li>Infografik und Datenvisualisierung<\/li>\n<li>Visual Culture und Ethics<\/li>\n<li>Social Media und Campaigning<\/li>\n<li>Visuelle Content-Strategien<\/li>\n<li>Individuelle Vertiefungsm&ouml;glichkeit<\/li>\n<\/ul>\n<p>Der kreative Schaffungsprozess wie auch die experimentelle Umsetzung der visuellen Strategien stehen im Mittelpunkt des Lehrgangs.<\/p>\n\n            <\/div>\n        <\/div>\n            <\/div>\n<\/div>\n\n\n<div\n    id=\"\"\n    class=\"wp-block-blockquote margin-bottom-normal\"\n>\n    <div class=\"container-lg\">\n        <div class=\"row\">\n            <div class=\"col\">\n                <div class=\"d-block mb-2 fs-5 major-text-color\">Wir experimentieren, diskutieren, konzipieren und gestalten gemeinsam. Das f\u00f6rdert den Erfahrungsaustausch innerhalb der Gruppe der Studierenden.<br \/>\r\n<\/div>\n                <span class=\"d-flex justify-content-end\">Studierende arbeiten gemeinsam an innovativen Visuals<\/span>\n            <\/div>\n        <\/div>\n    <\/div>\n<\/div>\n\n\n<div id=\"\" class=\"wp-block-text-content margin-bottom-normal\">\n    <div class=\"container-lg\">\n        <div class=\"row\">\n            <div class=\"col\">\n                <h5>Visuelle Bilderwelten<\/h5>\n<p>Unternehmen brauchen strategische Bilderwelten, um im Wettbewerb bestehen zu k&ouml;nnen. Der Hochullehrgang vermittelt Ihnen die Kompetenzen, wie man visuelle Kommunikationsstrategien plant, visuellen Content optimiert und in den sozialen Medien umsetzt. Sie befassen sich zudem mit Visual Branding, Bild&auml;sthetik oder Bildsprache und diskutieren ethische Aspekte der visuellen Kommunikation. Sie visualisieren Daten mittels Infografiken, fotografieren und arbeiten mit Bewegtbildern. In den Projektarbeiten haben Sie die M&ouml;glichkeit, Ihr theoretisches Wissen der visuellen Kommunikation praxisnah anzuwenden.<\/p>\n\n            <\/div>\n        <\/div>\n            <\/div>\n<\/div>\n\n\n<div\n    id=\"\"\n    class=\"wp-block-blockquote margin-bottom-normal\"\n>\n    <div class=\"container-lg\">\n        <div class=\"row\">\n            <div class=\"col\">\n                <div class=\"d-block mb-2 fs-5 major-text-color\">Bilder lassen bei wichtigen Bezugsgruppen ein einzigartiges, lebendiges inneres Bild der Organisation entstehen. Gerade f\u00fcr KMU ist es <br \/>\r\nessenziell, sich durch einen starken visuellen Auftritt von Wettbewerbern abzuheben. Dabei gilt: Nicht noch mehr Bilder zeigen, sondern andere. Nicht lauter rufen, sondern Bedeutendes bieten.\u201c<br \/>\r\n<\/div>\n                <span class=\"d-flex justify-content-end\">Prof. Dr. Dieter Georg Adlmaier-Herbst<\/span>\n            <\/div>\n        <\/div>\n    <\/div>\n<\/div>\n\n\n<div id=\"\" class=\"wp-block-text-content margin-bottom-normal\">\n    <div class=\"container-lg\">\n        <div class=\"row\">\n            <div class=\"col\">\n                <h5>Integrierte Visuelle Kommunikation<\/h5>\n<p>Die fundierte Vermittlung von Bildkompetenz in diesem Lehrgang schl&auml;gt eine Br&uuml;cke zwischen Theorie und Praxis. Expert:innen der visuellen Kommunikation und des Bildmanagements vermitteln Ihnen mit dem R&uuml;ckgriff auf Bildtheorien in praxisbezogenen, angewandten Lehrveranstaltungen das n&ouml;tige Know-how, um sich in diesem Bereich weiter zu qualifizieren. <\/p>\n<p>Die Besonderheit ist dabei der innovative Ansatz des Lehrgangs. Integrierte Visuelle Kommunikation nennt sich das wissenschaftliche Modell, das an der FH JOANNEUM entwickelt wurde und den Teilnehmer:innen von &bdquo;Visuelle Kommunikation und Bildmanagement&ldquo; exklusiv vermittelt wird. Das Entscheidende: Der Hochschullehrgang setzt nicht wie &uuml;blich separate Schwerpunkte, sondern stimmt die einzelnen visuellen Komponenten &minus; Fotos, Videos, Infografiken und mehr &minus; miteinander zu einem wirkungsvollen, ganzheitlichen Erscheinungsbild ab. Dadurch bieten sich neue Chancen f&uuml;r effizientze visuelle Kommunikation, um mehr Aufmerksamkeit f&uuml;r die eigenen Inhalte zu erzeugen. <\/p>\n\n            <\/div>\n        <\/div>\n            <\/div>\n<\/div>\n\n\n<div\n    id=\"\"\n    class=\"wp-block-downloads margin-bottom-normal\"\n>\n    <div class=\"container-lg\">\n        <div class=\"row\">\n                                                                        <div class=\"col-12 col-md-6 mb-4\">\n                            <a\n                                download\n                                href=\"https:\/\/cdn3.fh-joanneum.at\/media\/sites\/105\/2024\/09\/VISUELLE-KOMMUNIKATION-BILDMANAGEMENT.pdf\"\n                                target=\"_blank\"\n                                class=\"d-block text-decoration-none major-text-color-hover border p-2\"\n                            >\n                                <div class=\"d-flex align-items-center\">\n                                    <?xml version=\"1.0\" encoding=\"UTF-8\"?>\n<svg class=\"me-2 flex-shrink-0\" xmlns=\"http:\/\/www.w3.org\/2000\/svg\"  width=\"44\" height=\"48\" viewBox=\"0 0 512 512\">\n      <path d=\"m21 53l0 406c0 29 24 53 54 53l170 0c6 0 11-5 11-11 0-6-5-10-11-10l-170 0c-18 0-32-15-32-32l0-363c9 7 20 11 32 11l352 0 0 128c0 6 4 10 10 10 6 0 11-4 11-10l0-150-373 0c-18 0-32-14-32-32 0-17 14-32 32-32l362 0c6 0 11-4 11-10 0-6-5-11-11-11l-362 0c-30 0-54 24-54 53z m342 459c-71 0-128-57-128-128 0-71 57-128 128-128 70 0 128 57 128 128 0 71-58 128-128 128z m-8-67c0 0 0 0 0 0l-43-43c-4-4-4-11 0-15 5-4 11-4 16 0l24 25 0-81c0-6 5-11 11-11 6 0 10 5 10 11l0 81 25-25c4-4 11-4 15 0 4 4 4 11 0 15l-43 43c0 0 0 0 0 0l-7 7z m8-168c-59 0-107 48-107 107 0 59 48 107 107 107 58 0 106-48 106-107 0-59-48-107-106-107z m-288-234l0 21 352 0 0-21z\"\/>\n<\/svg>                                    <div class=\"download-info\">\n                                        <span class=\"download-title fw-bold\">\n                                            Informationsfolder\n                                        <\/span>\n\n                                        <div class=\"download-meta\">\n                                            <span class=\"download-size\">665 kB<\/span>\n                                            <span class=\"download-cta\">PDF<\/span>\n                                        <\/div>\n                                    <\/div>\n                                <\/div>\n                            <\/a>\n                        <\/div>\n                                                        <\/div>\n    <\/div>\n<\/div>\n\n\n","protected":false},"excerpt":{"rendered":"<p>Hier erfahren Sie alles zu den Themen und Schwerpunkten der Weiterbildung.<\/p>\n","protected":false},"author":11,"featured_media":0,"parent":10000021,"menu_order":12,"comment_status":"closed","ping_status":"closed","template":"","meta":{"_acf_changed":false,"footnotes":""},"acf":[],"aioseo_notices":[],"_links":{"self":[{"href":"https:\/\/www.fh-joanneum.at\/visuelle-kommunikation-und-bildmanagement\/academic_certificate_programme\/wp-json\/wp\/v2\/pages\/10000026"}],"collection":[{"href":"https:\/\/www.fh-joanneum.at\/visuelle-kommunikation-und-bildmanagement\/academic_certificate_programme\/wp-json\/wp\/v2\/pages"}],"about":[{"href":"https:\/\/www.fh-joanneum.at\/visuelle-kommunikation-und-bildmanagement\/academic_certificate_programme\/wp-json\/wp\/v2\/types\/page"}],"author":[{"embeddable":true,"href":"https:\/\/www.fh-joanneum.at\/visuelle-kommunikation-und-bildmanagement\/academic_certificate_programme\/wp-json\/wp\/v2\/users\/11"}],"replies":[{"embeddable":true,"href":"https:\/\/www.fh-joanneum.at\/visuelle-kommunikation-und-bildmanagement\/academic_certificate_programme\/wp-json\/wp\/v2\/comments?post=10000026"}],"version-history":[{"count":2,"href":"https:\/\/www.fh-joanneum.at\/visuelle-kommunikation-und-bildmanagement\/academic_certificate_programme\/wp-json\/wp\/v2\/pages\/10000026\/revisions"}],"predecessor-version":[{"id":10000053,"href":"https:\/\/www.fh-joanneum.at\/visuelle-kommunikation-und-bildmanagement\/academic_certificate_programme\/wp-json\/wp\/v2\/pages\/10000026\/revisions\/10000053"}],"up":[{"embeddable":true,"href":"https:\/\/www.fh-joanneum.at\/visuelle-kommunikation-und-bildmanagement\/academic_certificate_programme\/wp-json\/wp\/v2\/pages\/10000021"}],"wp:attachment":[{"href":"https:\/\/www.fh-joanneum.at\/visuelle-kommunikation-und-bildmanagement\/academic_certificate_programme\/wp-json\/wp\/v2\/media?parent=10000026"}],"curies":[{"name":"wp","href":"https:\/\/api.w.org\/{rel}","templated":true}]}}